{"id":10003,"date":"2025-12-15T21:53:52","date_gmt":"2025-12-15T21:53:52","guid":{"rendered":"https:\/\/hubertpietka.bialystok.pl\/?page_id=10003"},"modified":"2025-12-15T21:53:52","modified_gmt":"2025-12-15T21:53:52","slug":"chory-przypadki-podlug-bestii-wszelkiej-psychopatii-lajdackiej","status":"publish","type":"page","link":"https:\/\/hubertpietka.bialystok.pl\/?page_id=10003","title":{"rendered":"Chory przypadki \/ pod\u0142ug bestii &#8211; wszelkiej psychopatii \u0142ajdackiej"},"content":{"rendered":"\n<p>1.<br><em>Co oni zrobili z t\u0105<br>Polsk\u0105 ziemi\u0105 z tym \u015bwiatem<br>Te szatany bestie i \u0142ajdaki<br>\u017be ob\u0142uda ku najgorszym zbrodniom<br>Ma by\u0107 wiod\u0105ca przewodnia<br>Ma mie\u0107 rol\u0119 bezwarunkowo sprawcz\u0105<br>Co oni zrobili z lud\u017ami<br>Te szatany \u017ce temu si\u0119<br>Poddaj\u0105 w tym bezkrytycznie wsp\u00f3\u0142uczestnicz\u0105<br>A mo\u017ce i to chwal\u0105<br>Jak oni ludzi zepsuli moralnie<br>\u017be nie wyczuwaj\u0105 ju\u017c tego<br>\u017be wsp\u00f3\u0142uczestnictwo w ob\u0142udzie<br>Ku zbrodniom czyni wsp\u00f3\u0142winnym zbrodni<br>Jak\u017cesz ludzk\u0105 wra\u017cliwo\u015b\u0107 zniszczyli zwyk\u0142\u0105<br>Szatany bestie i \u0142ajdaki<br>Zawodowi s\u0142u\u017cbowi i prywatni<br>Wszelcy wsp\u00f3lnicy dzie\u0142 szata\u0144skich bestii<br>W \u015bmierci zniewoleniu gwa\u0142cie zniszczeniu<br>Wobec nas naszych i naszego<br>I innych Bo\u017cych dzieci<br>Jak\u017ce\u017c tego nie zauwa\u017caj\u0105<br>Wszyscy tacy \u017ce to s\u0105<br>Wszystko dzie\u0142a szatana pod\u0142ug bestii<br>I z nimi kolaboruj\u0105cego \u0142ajdactwa<\/em><\/p>\n\n\n\n<p>2.<br>Trzeba to nazwa\u0107 jak nale\u017cy<br>Ludzie \u0142ajdaccy ca\u0142kowicie ju\u017c chyba<br>Pod\u0142ug tych bestii zdebileli<br>Bo taki mianowicie obrazek rodzajowy<\/p>\n\n\n\n<p>Do Mi\u0142osierdzia wchodz\u0119 patrz\u0119 zmar\u0142y<br>To se my\u015bl\u0119 si\u0119 pomodl\u0119<br>A rodzinka jego skretyniali ca\u0142kowicie<br>Chyba patrz\u0105 tak na mnie<br>Jak bym chcia\u0142 ukra\u015b\u0107 trupa<br>Podzi\u0119kuje kiedy\u015b tej durnej rodzince<br>Ten zmar\u0142y jak oni tam<br>Gdzie on jest teraz trafi\u0105<br>\u017be go pozbawili odpustu zupe\u0142nego<br>A siebie modlitwy o pocieszenie<br>No chyba \u017ce tak s\u0105<br>Doskonali w Bogu \u017ce sami<br>Mu zapewni\u0105 odpust zupe\u0142ny<br>Ale pod\u0142ug wsp\u00f3\u0142pracy z ob\u0142ud\u0105<br>Tych bestii jest to jednak<br>Raczej ca\u0142kowicie niemo\u017cliwe<br>Bo nie ma nic wsp\u00f3lnego<br>Szata\u0144stwo wszelakie z Bo\u017cymi dzie\u0142ami<\/p>\n\n\n\n<p>Tak\u017ce nale\u017cy tu powiedzie\u0107 raczej<br>Ca\u0142kowicie ju\u017c zdebileli \u0142ajdacy niekt\u00f3rzy<br>Pod\u0142ug szata\u0144stwa tych bestii<br>Nawet w obliczu \u015bmierci bliskiego<br>S\u0142u\u017c\u0105 szata\u0144stwom bestii wszelkim<br>Wr\u00f3ci to do nich kiedy\u015b<br>Totalnie ju\u017c chyba niekt\u00f3rzy z\u0142ajdaczeni<br>Pod\u0142ug bestii zg\u0142upieli ob\u0142ud\u0105 tamtych<br>Nie wiedz\u0105 co czyni\u0105<br>No ale dobra te\u017c tam<br>B\u0119d\u0105 gdzie bestie kt\u00f3rym s\u0142u\u017c\u0105<br>Je\u015bli si\u0119 pokornie nie nawr\u00f3c\u0105<br>Pod\u0142ug prawdy nie k\u0142amstw bestii<br>A tymczasem dzi\u0119ki nim zmar\u0142y<br>B\u0119dzie gdzie ma by\u0107<br>Zw\u0142aszcza je\u015bli sam s\u0142u\u017cy\u0142<br>K\u0142amstwom szata\u0144skim bestii tych<\/p>\n\n\n\n<p>3.<br>Ju\u017c mnie i czasem troch\u0119<br>Roz\u015bmieszaj\u0105 te ob\u0142udniki \u0142ajdackie wszelakie<br>Cho\u0107by ze schematyczno\u015bci\u0105 ob\u0142udy pod\u0142ej<br>Kt\u00f3r\u0105 realizuj\u0105 na ka\u017cdym kroku<br>Wszelacy zepsuci z\u0142em bestii \u0142ajdacy<br>I to jest zdrowy odruch<br>Raczej tu chyba a mo\u017ce<br>Tej bydlackiej podwiji cho\u0107by<br>Trzeba si\u0119 w twarz roze\u015bmia\u0107<br>\u017be my co\u015b niby<br>Nie tak do tych bydlak\u00f3w<br>Jeszcze si\u0119 \u0142ajdak no zobacz<br>Nie nachodzi\u0142 po naszym hahaha<br>Podobnie tym misiom bandyckim zreszt\u0105<br>Wiedz\u0105 dobrze bydlaki ile zrobi\u0142em<br>Cho\u0107by kilometr\u00f3w przez te lata<br>Nie mog\u0105 mnie na niczym<br>Bezpo\u015brednio z\u0142apa\u0107 cho\u0107 skrupulatnie pr\u00f3buj\u0105<br>To pod\u0142ug bestii bezczelnie trzeba<br>\u0141ajdaczy\u0107 roze\u015bmia\u0107 si\u0119 mo\u017ce im<br>Te\u017c w twarz i innym<br>Bydlakom s\u0142u\u017cbowym pod\u0142ug bestii podobnie<br>Hahaha obro\u0144cy wszelkich bestii zbrodni<br>Byleby tylko szatani\u0107 ech hahaha<br>Ju\u017c mnie tym roz\u015bmieszaj\u0105 wszelkie<br>Te pod\u0142ug tych bestii bydlaki<br>Dusz\u0119 swoj\u0105 ju\u017c chyba szatanowi<br>Te\u017c sprzedaliby\u015bcie jak mo\u017cna hahaha<br>Chore totalnie ob\u0142ud\u0105 perfidn\u0105 bydlactwo<br>Zawodowe prywatne s\u0142u\u017cbowe zreszt\u0105 wszelakie<br>W twarz si\u0119 roze\u015bmia\u0107 \u0142ajdakom<br>Mo\u017ce trzeba tak i w\u0142a\u015bnie<br>Byleby tylko \u0142ajdaczy\u0107 pod\u0142ug bestii<br>Ob\u0142udnymi k\u0142amstwami bo nie ma<br>To \u017cadnych podstaw jakiejkolwiek prawdy<br>Poza sfingowaniem ku bestii zbrodniom<br>W twarz si\u0119 \u015bmia\u0107 \u0142ajdakom<br>Tak mo\u017ce trzeba tu w\u0142a\u015bnie<\/p>\n\n\n\n<figure class=\"wp-block-image size-large\"><a href=\"https:\/\/hubertpietka.bialystok.pl\/wp-content\/uploads\/2025\/12\/1000039931.jpg\"><img loading=\"lazy\" decoding=\"async\" width=\"1024\" height=\"771\" src=\"https:\/\/hubertpietka.bialystok.pl\/wp-content\/uploads\/2025\/12\/1000039931-1024x771.jpg\" alt=\"\" class=\"wp-image-10004\" srcset=\"https:\/\/hubertpietka.bialystok.pl\/wp-content\/uploads\/2025\/12\/1000039931-1024x771.jpg 1024w, https:\/\/hubertpietka.bialystok.pl\/wp-content\/uploads\/2025\/12\/1000039931-300x226.jpg 300w, https:\/\/hubertpietka.bialystok.pl\/wp-content\/uploads\/2025\/12\/1000039931-768x578.jpg 768w, https:\/\/hubertpietka.bialystok.pl\/wp-content\/uploads\/2025\/12\/1000039931-1536x1156.jpg 1536w, https:\/\/hubertpietka.bialystok.pl\/wp-content\/uploads\/2025\/12\/1000039931.jpg 1600w\" sizes=\"auto, (max-width: 1024px) 100vw, 1024px\" \/><\/a><\/figure>\n\n\n\n<p>4.<br><strong>Nie wiadomo czasem czy<br>\u015amia\u0107 si\u0119 czy p\u0142aka\u0107<br>Wobec wszelkiego tych bestii \u0142ajdactwa<br>I ich ob\u0142\u0119dnej ob\u0142udy zepsutej<br>Nie wiadomo \u015bmia\u0107 si\u0119<br>Czy p\u0142aka\u0107 a mo\u017ce rozpacza\u0107<br>Nad tym wszelkim \u0142ajdactwem zepsutym<br>Bo je\u015bli si\u0119 nie nawr\u00f3c\u0105<br>Oni wszyscy prywatni s\u0142u\u017cbowi zawodowi<br>Zgin\u0105 w piekle marnie<br>Z tymi bestiami zreszt\u0105<br>Kt\u00f3rym ka\u017cdym z\u0142em perfidnym s\u0142u\u017c\u0105<br>Ku im zbrodniom totalnie chorym<br>Degeneruj\u0105c jednocze\u015bnie \u015bwiat ten<br>By ob\u0142uda pod\u0142a zepsuta<br>Stawa\u0142a si\u0119 pod\u0142ug bestii<br>Racj\u0105 czyjego\u015b bytu przeciwko tym<br>Dzieciom Bo\u017cym i innym maluczkim<br>Pewn\u0105 norm\u0105 wszelkich chorych zbrodni<\/strong><\/p>\n","protected":false},"excerpt":{"rendered":"<p>1.Co oni zrobili z t\u0105Polsk\u0105 ziemi\u0105 z tym \u015bwiatemTe szatany bestie i \u0142ajdaki\u017be ob\u0142uda ku najgorszym zbrodniomMa by\u0107 wiod\u0105ca przewodniaMa mie\u0107 rol\u0119 bezwarunkowo sprawcz\u0105Co oni&hellip; <\/p>\n","protected":false},"author":1,"featured_media":0,"parent":0,"menu_order":0,"comment_status":"closed","ping_status":"closed","template":"","meta":{"footnotes":""},"class_list":["post-10003","page","type-page","status-publish","hentry"],"_links":{"self":[{"href":"https:\/\/hubertpietka.bialystok.pl\/index.php?rest_route=\/wp\/v2\/pages\/10003","targetHints":{"allow":["GET"]}}],"collection":[{"href":"https:\/\/hubertpietka.bialystok.pl\/index.php?rest_route=\/wp\/v2\/pages"}],"about":[{"href":"https:\/\/hubertpietka.bialystok.pl\/index.php?rest_route=\/wp\/v2\/types\/page"}],"author":[{"embeddable":true,"href":"https:\/\/hubertpietka.bialystok.pl\/index.php?rest_route=\/wp\/v2\/users\/1"}],"replies":[{"embeddable":true,"href":"https:\/\/hubertpietka.bialystok.pl\/index.php?rest_route=%2Fwp%2Fv2%2Fcomments&post=10003"}],"version-history":[{"count":1,"href":"https:\/\/hubertpietka.bialystok.pl\/index.php?rest_route=\/wp\/v2\/pages\/10003\/revisions"}],"predecessor-version":[{"id":10005,"href":"https:\/\/hubertpietka.bialystok.pl\/index.php?rest_route=\/wp\/v2\/pages\/10003\/revisions\/10005"}],"wp:attachment":[{"href":"https:\/\/hubertpietka.bialystok.pl\/index.php?rest_route=%2Fwp%2Fv2%2Fmedia&parent=10003"}],"curies":[{"name":"wp","href":"https:\/\/api.w.org\/{rel}","templated":true}]}}