{"id":10032,"date":"2025-12-20T23:28:39","date_gmt":"2025-12-20T23:28:39","guid":{"rendered":"https:\/\/hubertpietka.bialystok.pl\/?page_id=10032"},"modified":"2025-12-20T23:28:39","modified_gmt":"2025-12-20T23:28:39","slug":"jak-mi-przykro-bestyjki-lajdaczki-przyjmijcie-przeprosiny-moje-kornego-serca","status":"publish","type":"page","link":"https:\/\/hubertpietka.bialystok.pl\/?page_id=10032","title":{"rendered":"Jak mi przykro &#8211; bestyjki \u0142ajdaczki \/ przyjmijcie przeprosiny moje &#8211; kornego serca"},"content":{"rendered":"\n<p>Sugeruj\u0105c si\u0119 s\u0142owami mojej \u017cony<br>\u017be jestem egoistycznym do\u015b\u0107 narcyzem<br>Zdecydowa\u0142em si\u0119 przeprosi\u0107 niniejszym \u017con\u0119<br>Moj\u0105 najpierwej oczywi\u015bcie za wszystko<\/p>\n\n\n\n<p>A dalej id\u0105c tym torem<br>Przepraszam was bestyjki moje kochane<br>Drogie szatanki nasze \u017ce jeszcze<br>Nas nie zabili\u015bcie nie wyko\u0144czyli\u015bcie<br>Przepraszam \u017ce tak bardzo w tym<br>Waszym planie zbawiania \u015bwiata oczywi\u015bcie<br>Bez Boga wam przeszkadzam o<br>Sorry przecie\u017c to z jakim\u015b nowym<br>Ideologicznym poj\u0119ciem Boga ale przecie\u017c<br>To nie wa\u017cne fakt faktem<br>Przepraszam was \u017ce jeszcze<br>Nie zniszczyli\u015bcie nas naszych naszego<br>Nie zabrali\u015bcie nie ukradli\u015bcie<br>\u017be jeszcze nas nie zniewolili\u015bcie<br>Przez r\u00f3\u017cnych swoich \u0142ajdaczk\u00f3w bydlaczk\u00f3w<br>&#8222;Bij\u0119 si\u0119 w piersi<br>Po trzykro\u0107&#8221; jak oni lubi\u0105<br>Si\u0119 bi\u0107 w ko\u015bcio\u0142ach<br>Na pokaz ale to przecie\u017c<br>Nie jest wa\u017cne przepraszam was<br>\u017be wasza ob\u0142udka \u0142ajdeczeni\u0105ca troszk\u0119<br>Nas te\u017c nie po\u017car\u0142a jeszcze<br>\u017be tak si\u0119 musicie trudzi\u0107<br>Udawa\u0107 g\u0142upk\u00f3w \u017ceby wygl\u0105da\u0142o<br>\u017be wy niby nic przypadkiem<br>Bardzo was przepraszam \u017ce jako\u015b<br>Nie mo\u017cecie nas po\u017cre\u0107 powiesi\u0107<br>Rozszarpa\u0107 samos\u0105dem tak po prostu<br>Przepraszam was wampirki moje wilko\u0142aczki<br>\u017be tak przeszkadzam w oczyszczaniu<br>Tego \u015bwiata z element\u00f3w niepo\u017c\u0105danych<br>Przecie\u017c trzeba wyrwa\u0107 wszystkie zb\u0119dne<br>Ludzkie chwasty by mog\u0142a si\u0119<br>Wreszcie spokojnie cieszy\u0107 \u017cyciem przeyjemno\u015bciami<br>Elitka tak pi\u0119kna jak wasza<br>Bestyjek i \u0142ajdaczk\u00f3w zreszt\u0105 wszelakich<br>Oczywi\u015bcie jest to jedynie s\u0142uszne<br>Przepraszam was \u017ce jeszcze mo\u017ce<br>Nie przeprowadzili\u015bcie ca\u0142ego tego ludob\u00f3jstwa<br>&#8222;Moja wina moja bardzo wielka&#8221;<br>Przepraszam \u017ce was tak nazywam<\/p>\n\n\n\n<p>Ale naprawd\u0119 nie wiem jak inaczej mia\u0142bym <br>Chcia\u0142bym wam tu to wynagrodzi\u0107<br>Dlatego m\u00f3wi\u0119 pieszczotliwie mam nadziej\u0119<br>\u017be \u0142echc\u0105c wasze s\u0142uszne jak\u017ce<br>Wysokie o sobie samych mniemanie<br>Przepraszam was \u017ce si\u0119 broni\u0119<br>Swojego i swoich \u017ce staj\u0119<br>Tak zwanym okrakiem we wszelkich<br>Waszych planach a \u017ce zbrodnie<br>C\u00f3\u017c tak trzeba przecie\u017c zupe\u0142nie<br>Dla zbawienie tego \u015bwiata g\u0142upiego<br>Przez zbawiciel\u00f3w \u015blicznych lewaczk\u00f3w komunist\u00f3w<br>I \u017ce tyle biedaczki si\u0119<br>Musicie nak\u0142ama\u0107 by realizowa\u0107 swoje<br>Wszelkie zbrodnie spokojnie za ten<br>Trud niewymowny przepraszam was bardzo<br>\u017be tak cierpicie nad tym<br>\u017be my \u017cyjemy c\u00f3\u017c przepraszam<br>Was wszystkich szatank\u00f3w za to<br>\u017be \u017cyjemy jeszcze \u017ce trwamy<br>Wiem \u017ce to bardzo bolesne<br>Dla was pod\u0142ug w\u0142a\u015bnie szatanka<br>Przemocki te\u017c waszej kt\u00f3r\u0105 dysponujecie<br>I nie mo\u017cecie skonsumowa\u0107 jej<br>Jeszcze totalnie przepraszam was bardzo<\/p>\n\n\n\n<figure class=\"wp-block-gallery has-nested-images columns-default is-cropped wp-block-gallery-1 is-layout-flex wp-block-gallery-is-layout-flex\">\n<figure class=\"wp-block-image size-large\"><a href=\"https:\/\/hubertpietka.bialystok.pl\/wp-content\/uploads\/2025\/12\/1000041241-scaled.jpg\"><img loading=\"lazy\" decoding=\"async\" width=\"771\" height=\"1024\" data-id=\"10033\" src=\"https:\/\/hubertpietka.bialystok.pl\/wp-content\/uploads\/2025\/12\/1000041241-771x1024.jpg\" alt=\"\" class=\"wp-image-10033\" srcset=\"https:\/\/hubertpietka.bialystok.pl\/wp-content\/uploads\/2025\/12\/1000041241-771x1024.jpg 771w, https:\/\/hubertpietka.bialystok.pl\/wp-content\/uploads\/2025\/12\/1000041241-226x300.jpg 226w, https:\/\/hubertpietka.bialystok.pl\/wp-content\/uploads\/2025\/12\/1000041241-768x1020.jpg 768w, https:\/\/hubertpietka.bialystok.pl\/wp-content\/uploads\/2025\/12\/1000041241-1157x1536.jpg 1157w, https:\/\/hubertpietka.bialystok.pl\/wp-content\/uploads\/2025\/12\/1000041241-1542x2048.jpg 1542w, https:\/\/hubertpietka.bialystok.pl\/wp-content\/uploads\/2025\/12\/1000041241-scaled.jpg 1928w\" sizes=\"auto, (max-width: 771px) 100vw, 771px\" \/><\/a><\/figure>\n<\/figure>\n\n\n\n<p><em>Na zdj. Mo\u017ce to was pocieszy<br>\u017be jestem przecie\u017c ba\u0142wanek straszny<br>G\u0142upie dzieci\u0119 czy &#8222;p\u0142\u00f3d poroniony&#8221;<br>Tylko ba\u0142wanek ten niestety tu<br>Nie ma miot\u0142y czy \u0142opaty<br>Jak by si\u0119 mo\u017ce nale\u017ca\u0142o<br>I za to was przepraszam<br>Ale jest tam taki trzonek<br>Mo\u017ce uda si\u0119 go przysposobi\u0107<br>Przepraszam was i za to<br>Za ka\u017cde s\u0142owo moje<br>Ale c\u00f3\u017c to jest przecie\u017c<br>Na przeciw waszej przemocki k\u0142amstewek<br>Poradzicie sobie pewnie bestyjki bydlaczki<br>Z nami jeszcze zgrzebnie zgrabnie<br>Zbrodniczki wasze ze\u0142ka szatanka zapewne<br>Jeszcze sobie porealizujecie jak chcecie<br>Z perfidejk\u0105 ob\u0142udk\u0105 wszystkie wasze<br>Te z wszelk\u0105 pode\u0142k\u0105 premedytacj\u0105<\/em><\/p>\n\n\n\n<p><strong>Bardzo was przepraszam<br>Nie tra\u0107cie nadziei szatanek przecie\u017c<br>Pod\u0142ug waszych k\u0142amstewek ob\u0142udki zbrodniczek<br>Na pewno ma zwyci\u0119\u017cy\u0107 przecie\u017c<br>Te strasznie niedobre Bo\u017ce dzieci<br>To znienawidzone ma\u0142\u017ce\u0144stwo te rodziny<br>I te ichnie i ichnich<br>I wszystkich kt\u00f3rzy stoj\u0105<br>Na drodze i zawadzie szatankowi<br>Jego s\u0142odkim bestyjkom krwawym troszk\u0119<br>Ale co tam i \u0142ajdaczkom<br>Wszelakim sorzedawczyczkom wspania\u0142ym kt\u00f3rym przecie\u017c<br>Wszystko nale\u017cy si\u0119 kosztem cho\u0107by<br>Tych niepo\u017c\u0105danych nigdzie chwast\u00f3w ludzko\u015bci<br><em>Serwus trzymajcie si\u0119 skruszony mi\u015b<\/em><\/strong><\/p>\n\n\n\n<hr class=\"wp-block-separator has-alpha-channel-opacity\"\/>\n\n\n\n<p><strong><em><a href=\"https:\/\/youtu.be\/aWmkuH1k7uA\">Nirvana &#8211; All apologies <\/a><\/em><\/strong> <\/p>\n\n\n\n<p class=\"has-text-align-center\">\/<\/p>\n\n\n\n<p class=\"has-text-align-center\"><strong><em><a href=\"https:\/\/youtu.be\/VRUWtag5EFk\">Apologize &#8211; One Republic <\/a><\/em><\/strong><\/p>\n\n\n\n<p class=\"has-text-align-right\"><strong><em><a href=\"https:\/\/youtu.be\/fregObNcHC8\">Nirvana &#8211; The Man who sold The world <\/a><\/em><\/strong><\/p>\n","protected":false},"excerpt":{"rendered":"<p>Sugeruj\u0105c si\u0119 s\u0142owami mojej \u017cony\u017be jestem egoistycznym do\u015b\u0107 narcyzemZdecydowa\u0142em si\u0119 przeprosi\u0107 niniejszym \u017con\u0119Moj\u0105 najpierwej oczywi\u015bcie za wszystko A dalej id\u0105c tym toremPrzepraszam was bestyjki moje&hellip; <\/p>\n","protected":false},"author":1,"featured_media":0,"parent":0,"menu_order":0,"comment_status":"closed","ping_status":"closed","template":"","meta":{"footnotes":""},"class_list":["post-10032","page","type-page","status-publish","hentry"],"_links":{"self":[{"href":"https:\/\/hubertpietka.bialystok.pl\/index.php?rest_route=\/wp\/v2\/pages\/10032","targetHints":{"allow":["GET"]}}],"collection":[{"href":"https:\/\/hubertpietka.bialystok.pl\/index.php?rest_route=\/wp\/v2\/pages"}],"about":[{"href":"https:\/\/hubertpietka.bialystok.pl\/index.php?rest_route=\/wp\/v2\/types\/page"}],"author":[{"embeddable":true,"href":"https:\/\/hubertpietka.bialystok.pl\/index.php?rest_route=\/wp\/v2\/users\/1"}],"replies":[{"embeddable":true,"href":"https:\/\/hubertpietka.bialystok.pl\/index.php?rest_route=%2Fwp%2Fv2%2Fcomments&post=10032"}],"version-history":[{"count":1,"href":"https:\/\/hubertpietka.bialystok.pl\/index.php?rest_route=\/wp\/v2\/pages\/10032\/revisions"}],"predecessor-version":[{"id":10034,"href":"https:\/\/hubertpietka.bialystok.pl\/index.php?rest_route=\/wp\/v2\/pages\/10032\/revisions\/10034"}],"wp:attachment":[{"href":"https:\/\/hubertpietka.bialystok.pl\/index.php?rest_route=%2Fwp%2Fv2%2Fmedia&parent=10032"}],"curies":[{"name":"wp","href":"https:\/\/api.w.org\/{rel}","templated":true}]}}