{"id":10053,"date":"2025-12-26T21:45:39","date_gmt":"2025-12-26T21:45:39","guid":{"rendered":"https:\/\/hubertpietka.bialystok.pl\/?page_id=10053"},"modified":"2025-12-26T21:45:39","modified_gmt":"2025-12-26T21:45:39","slug":"zepsucie-zdegenerowane-w-obludzie-bez-chyba-juz-zadnych-granic","status":"publish","type":"page","link":"https:\/\/hubertpietka.bialystok.pl\/?page_id=10053","title":{"rendered":"Zepsucie zdegenerowane \/ w ob\u0142udzie &#8211; bez chyba ju\u017c \u017cadnych granic"},"content":{"rendered":"\n<p>\u015awi\u0119ta \u015bwi\u0119tami ale szatani\u0107 mo\u017cna<br>Przecie\u017c zawsze a mo\u017ce<br>W \u015bwi\u0119ta i nawet zw\u0142aszcza<br>Podobnie \u0142ajdaczy\u0107 zreszt\u0105 ju\u017c to<br>Przecie\u017c wielokrotnie zauwa\u017cono \u017ce wtedy<br>Wzmaga si\u0119 z\u0142o tych bestii<br>I r\u00f3wnie \u0142ajdactwa zepsutego<\/p>\n\n\n\n<p>A teraz szatany mam gdzie\u015b<br>Wasze samochodowe ustawki chore pod\u0142ug<br>Waszych wierutnych k\u0142amstw ob\u0142udy sromotnej<br>Ku wszelkim chyba najgorszym zbrodniom<br>Zepsute szatany ju\u017c tak<br>&#8222;W pi\u0119tk\u0119 gonicie&#8221; \u017ce\u015bcie g\u0142owy<br>Zagubili te\u017c chyba w po\u017c\u0105daniach<br>Ob\u0142\u0119dnych zbrodni wszelkich a teraz<\/p>\n\n\n\n<p>Interpretacja debilizm\u00f3w tych bestii chorych<br>I r\u00f3wnie krety\u0144skiego \u0142ajdactwa<br>&#8222;M\u00f3j samoch\u00f3d z prawej strony<br>Torpeduje inny m\u00f3j samoch\u00f3d<br>I przy okazji \u017cony&#8221;<br>Bestie wierutnie chore na ob\u0142ud\u0119<br>Chyba najgorsz\u0105 &#8222;a zwr\u00f3\u0107cie te\u017c<br>Uwag\u0119 na ten niebieski w oddali<br>Ten jedynie s\u0142uszny&#8221; jak to<br>Te szatany w ob\u0142udzie swej<br>Chorej sromotnie zinterpretuj\u0105 znowu sobie<\/p>\n\n\n\n<p>A tak czy inaczej szatany<br>Na wskro\u015b zepsute mo\u017cna przecie\u017c<br>Mi wlepi\u0107 mandacik maj\u0105 ob\u0142udnicy<br>Na to odpowiednich \u0142ajdak\u00f3w<br>To nic \u017ce przecie\u017c wsz\u0119dzie<br>W ko\u0142o budowy i brak<br>W centrum miasta miejsc parkingowych<br>Szata\u0144stwa bestii trzeba bezwarunkowo spe\u0142nia\u0107<br>Zawsze od czego maj\u0105 przecie\u017c<br>R\u00f3\u017cnych s\u0142u\u017cbowych bydlak\u00f3w pos\u0142usznych bestiom<br>Jak nie tak to inaczej<br>Byleby tylko uderza\u0107 totalnie szata\u0144sko<\/p>\n\n\n\n<p>I przy okazji no zobacz<br>Szatany jakie nie by\u0142o<br>Na tej stacji gdzie tankowa\u0142em<br>Wiader z szczotkami do szyb<br>Przy okazji umycia szybko si\u0119<br>Musieli zwin\u0105\u0107 na tej stacji<br>By by\u0142o pod\u0142ug szata\u0144skich bestii<br>Zreszt\u0105 tej samej kt\u00f3ra<br>Ze mn\u0105 z \u0142ajdackim misiami<br>Prowokacjami paragonowymi mia\u0142a sobie rozgrywa\u0107<br>Wida\u0107 to stacja bardzo us\u0142u\u017cna<br>Jest tym bestiom ale jak<br>Ju\u017c jednak samoch\u00f3d sobie umy\u0142em<br>To mo\u017cna zapewne zapieprzy\u0107 mrozem<br>Cho\u0107 mia\u0142a by\u0107 przecie\u017c odwil\u017c<\/p>\n\n\n\n<p>Tak\u017ce widzicie sami przy tej<br>Ma\u0142ej okazji jakie to zepsute<br>Szata\u0144stwo bestie z \u0142ajdactwem zawsze<br>Do swej pary ku zbrodniom<br>Byleby tylko szatani\u0107 jak<br>Nie tak to inaczej<br>&#8222;Jak nie kijem to kamieniem&#8221;<\/p>\n\n\n\n<p>A i jeszcze jedna rzecze<br>Zobacz jakie pacyny pod\u0142ug bestii<br>S\u0105 rezolutne &#8222;my im bestiom<br>Przebaczajmy&#8221; a oni niech nas<br>Zabijaj\u0105 w najlepsze sobie dalej<br>Ale my im przebaczajmy<br>Niech nas wyko\u0144cz\u0105 najlepiej wszystkich<br>Pieprzone pacyny nie wiedz\u0105 oczywi\u015bcie<br>Pod\u0142ug szata\u0144stw tych bestii<br>\u017be przebaczenie zak\u0142ada skruch\u0119 nawr\u00f3cenie<br>Z\u0142oczy\u0144c\u00f3w i ich przeprosiny<br>Czyli o przebaczenie pro\u015bb\u0119<br>Tego oczywi\u015bcie pod\u0142ug bestii<br>Nie wiedz\u0105 zepsute szata\u0144stwem pacyny<\/p>\n\n\n\n<p>A poza tym &#8222;\u015bwiat jest<br>Przecie\u017c bardzo cukierkowy&#8221; mimo \u017ce<br>Nas naszych i nasze<br>I innych niewinnych zabija\u0107 chc\u0105<br>Wsz\u0119dzie i zawsze ale przecie\u017c<br>Lepiej wiedz\u0105 zepsute szata\u0144stwem bestii<br>Tak\u017ce te pacyny wierutnie ob\u0142udne<br>A poza tym &#8222;bestie kochajmy&#8221;<br>A one niech nas sobie<br>Najlepiej wszystkich wyko\u0144cz\u0105 dalej zabijaj\u0105<\/p>\n\n\n\n<figure class=\"wp-block-image size-large\"><a href=\"https:\/\/hubertpietka.bialystok.pl\/wp-content\/uploads\/2025\/12\/1000042104-scaled.jpg\"><img loading=\"lazy\" decoding=\"async\" width=\"1024\" height=\"771\" src=\"https:\/\/hubertpietka.bialystok.pl\/wp-content\/uploads\/2025\/12\/1000042104-1024x771.jpg\" alt=\"\" class=\"wp-image-10054\" srcset=\"https:\/\/hubertpietka.bialystok.pl\/wp-content\/uploads\/2025\/12\/1000042104-1024x771.jpg 1024w, https:\/\/hubertpietka.bialystok.pl\/wp-content\/uploads\/2025\/12\/1000042104-300x226.jpg 300w, https:\/\/hubertpietka.bialystok.pl\/wp-content\/uploads\/2025\/12\/1000042104-768x578.jpg 768w, https:\/\/hubertpietka.bialystok.pl\/wp-content\/uploads\/2025\/12\/1000042104-1536x1157.jpg 1536w, https:\/\/hubertpietka.bialystok.pl\/wp-content\/uploads\/2025\/12\/1000042104-2048x1542.jpg 2048w\" sizes=\"auto, (max-width: 1024px) 100vw, 1024px\" \/><\/a><\/figure>\n\n\n\n<p>Tak\u017ce <em>dictum<\/em> takie z ma\u0142ego<br>Jednostkowego parkowania tak te szatany<br>A ty jak zinterpretujesz szata\u0144stwa<br>Tych bestii i \u0142ajdak\u00f3w zar\u00f3wno<br>I ob\u0142udne k\u0142amstwa pacyn paplaj\u0105cych<br>Zawsze na korzy\u015b\u0107 zepsucia bestii<br>&#8222;Ale przecie\u017c jest fajnie&#8221;<br>Niech sobie nas zabijaj\u0105<br>Mo\u017ce dobr\u0105 zabaw\u0119 z tego<br>Ci psychopaci sady\u015bci chocia\u017c maj\u0105 <\/p>\n\n\n\n<p class=\"has-text-align-center\"><strong><em><a href=\"https:\/\/youtu.be\/f3QWgiT-K4I\">Zenek Kupatasa &#8211; Bla bla bla <\/a><\/em><\/strong><\/p>\n\n\n\n<p class=\"has-text-align-right\">(&#8230; <em>apropos te\u017c r\u00f3\u017cnych gwiazd pindziowych<\/em>) <\/p>\n","protected":false},"excerpt":{"rendered":"<p>\u015awi\u0119ta \u015bwi\u0119tami ale szatani\u0107 mo\u017cnaPrzecie\u017c zawsze a mo\u017ceW \u015bwi\u0119ta i nawet zw\u0142aszczaPodobnie \u0142ajdaczy\u0107 zreszt\u0105 ju\u017c toPrzecie\u017c wielokrotnie zauwa\u017cono \u017ce wtedyWzmaga si\u0119 z\u0142o tych bestiiI r\u00f3wnie&hellip; <\/p>\n","protected":false},"author":1,"featured_media":0,"parent":0,"menu_order":0,"comment_status":"closed","ping_status":"closed","template":"","meta":{"footnotes":""},"class_list":["post-10053","page","type-page","status-publish","hentry"],"_links":{"self":[{"href":"https:\/\/hubertpietka.bialystok.pl\/index.php?rest_route=\/wp\/v2\/pages\/10053","targetHints":{"allow":["GET"]}}],"collection":[{"href":"https:\/\/hubertpietka.bialystok.pl\/index.php?rest_route=\/wp\/v2\/pages"}],"about":[{"href":"https:\/\/hubertpietka.bialystok.pl\/index.php?rest_route=\/wp\/v2\/types\/page"}],"author":[{"embeddable":true,"href":"https:\/\/hubertpietka.bialystok.pl\/index.php?rest_route=\/wp\/v2\/users\/1"}],"replies":[{"embeddable":true,"href":"https:\/\/hubertpietka.bialystok.pl\/index.php?rest_route=%2Fwp%2Fv2%2Fcomments&post=10053"}],"version-history":[{"count":1,"href":"https:\/\/hubertpietka.bialystok.pl\/index.php?rest_route=\/wp\/v2\/pages\/10053\/revisions"}],"predecessor-version":[{"id":10055,"href":"https:\/\/hubertpietka.bialystok.pl\/index.php?rest_route=\/wp\/v2\/pages\/10053\/revisions\/10055"}],"wp:attachment":[{"href":"https:\/\/hubertpietka.bialystok.pl\/index.php?rest_route=%2Fwp%2Fv2%2Fmedia&parent=10053"}],"curies":[{"name":"wp","href":"https:\/\/api.w.org\/{rel}","templated":true}]}}