{"id":10102,"date":"2026-01-03T11:17:04","date_gmt":"2026-01-03T11:17:04","guid":{"rendered":"https:\/\/hubertpietka.bialystok.pl\/?page_id=10102"},"modified":"2026-01-03T11:17:04","modified_gmt":"2026-01-03T11:17:04","slug":"10102-2","status":"publish","type":"page","link":"https:\/\/hubertpietka.bialystok.pl\/?page_id=10102","title":{"rendered":"\u2026?!"},"content":{"rendered":"\n<p>1.<br>Te mi\u015bki bandyckie niestety zas\u0142uguj\u0105<br>Ju\u017c pod\u0142ug uczestnictwa w z\u0142u<br>Tych bestii ich wsp\u00f3\u0142dzia\u0142ania we<br>Wszelkich ukartowaniach tych szatan\u00f3w \u015bciemach<br>Sromotnych na tytu\u0142 im podobny<br>Przynale\u017cny wszelkim \u0142ajdakom w zbrodniach<br>Bestii maj\u0105cych udzia\u0142 ob\u0142udnie wierutny<\/p>\n\n\n\n<p>Zepsute szatany trzeba tego psa<br>Zabi\u0107 tak on przeszkadza bestiom<br>I \u0142ajdakom wszelkim bo jest<br>Wspania\u0142ym naszym obro\u0144c\u0105 ca\u0142kowicie wiernym<br>Kt\u00f3ry stoi na przeszkodzie zbrodniom<br>Na nas wi\u0119c zbrodniom na<br>Tym piesku trzeba utorowa\u0107 drog\u0119<br>Innym zbrodniom tego zepsutego \u0142ajdactwa<br>A najlepiej pod pretekstem \u017ce<br>Dla otoczenia jest niebezpieczny przecie\u017c<br>To samo chcia\u0142y zrobi\u0107 te<br>Szatany z Dumk\u0105 jak by\u0142a<br>Jeszcze w sile wieku a<br>Teraz utorowa\u0107 drog\u0119 zbrodniom bestii<br>I \u0142ajdactwa wszelkiego zabijaj\u0105c S\u0142awika<br>Takie to szatany ca\u0142kowicie zepsute<\/p>\n\n\n\n<p>I te \u0142ajdackie mi\u015bki maj\u0105<br>Mie\u0107 w tym swe wsp\u00f3\u0142uczestnictwo<br>Dzisiaj cho\u0107by tak to ukartowali<br>Puszczaj\u0105c bydlaka z owczarkiem a<br>W tle tych mi\u015bk\u00f3w \u0142ajdackich<br>Po to w\u0142a\u015bnie by go<br>U\u015bpi\u0107 zabi\u0107 \u017ce niby niebezpieczny<br>Wszystkie psy przecie\u017c mog\u0105 reagowa\u0107<br>Na inne ale nasze nie<br>Zepsute szatany ob\u0142ud\u0105 pod\u0142\u0105 wierutn\u0105<br>Tak to sobie ukartowali dzisiaj<br>Tu\u017c przed domem na osiedlu<br>Mi\u015bki \u0142ajdackie z bydlakiem pod\u0142ug<br>Tych szatan\u00f3w wi\u0119c zas\u0142uguj\u0105 ju\u017c<br>One zreszt\u0105 nie tylko tym<br>Na tytu\u0142 to\u017csamy bo przecie\u017c<br>Te \u0142ajdaki i inni s\u0142u\u017calcy<br>Z\u0142a zbrodni bestii ukartowuj\u0105 ci\u0105gle<br>R\u00f3\u017cne ustawki prowokacje r\u00f3\u017cne \u015bciemy<br>Byleby tylko pod\u0142ug szata\u0144stw bestii<br>Ku zbrodni na nas wszelakich<br>Od zatrzymania nas mnie cho\u0107by<br>Po w\u0142a\u015bnie takie usuni\u0119cie zapory<br>Bestii i \u0142ajdactwa zabicie pieska<br>Te zepsute bydlaki r\u00f3\u017cne przecie\u017c<br>Ci\u0105gle chc\u0105 mie\u0107 w bestii<br>Zbrodni sw\u00f3j wsp\u00f3\u0142udzia\u0142 zar\u00f3wno szata\u0144ski<br>Ca\u0142y czas to podle sobie<br>Z perfidi\u0105 szata\u0144sk\u0105 tak rozgrywaj\u0105<br>Cho\u0107by te\u017c r\u00f3\u017cnymi pr\u00f3bami na<br>Nas naszych nasze nak\u0142adania mandat\u00f3w<br>Co lubi\u0105 te bestie przecie\u017c<br>\u017be niby my niedostosowani spo\u0142ecznie<\/p>\n\n\n\n<p>2.<br>A teraz szatany wszelkie wierutne<br>Je\u015bli ta moja strona internetowa<br>Na by\u0107 poddana os\u0105dowi jakiemu\u015b<br>S\u0119dzi\u00f3w czy prokurator\u00f3w z poduszczenia<br>Zreszt\u0105 jakiegokolwiek \u0142ajdackiego i ob\u0142udy<br>Szata\u0144stw wierutnych bo przecie\u017c jest<br>Ona znana temu ca\u0142emu \u015bwiatu<br>To pami\u0119tajcie papugi r\u00f3\u017cne to<br>O czym si\u0119 ucz\u0105 studenci<br>Polonistyki ju\u017c na roku pierwszym<br>\u017be analiza dzie\u0142a literackiego musi<br>Si\u0119 odbywa\u0107 pod\u0142ug wyznacznik\u00f3w poezji<br>Podobnie jak analogicznie w spos\u00f3b<br>Wyznaczony si\u0119 czyta teksty prawnicze<br>Pami\u0119tajcie szatany \u017ce podmiot literacki<br>Nie jest z autorem to\u017csamy<br>\u015aci\u015ble i zasadniczo jak cho\u0107by<br>W tekstach prawniczych czy dokumentach<br>Pami\u0119tajcie te\u017c zepsute wszelkie szatany<br>\u017be pos\u0142uguje si\u0119 poezja w\u0142a\u015bnie<br>R\u00f3\u017cnymi tropami literackimi cho\u0107by przeno\u015bni\u0105<br>Wyolbrzymieniem oksymoronem paradoksem itp kt\u00f3rych<br>Nie mo\u017cna traktowa\u0107 dos\u0142ownie ale<br>Tego oczywi\u015bcie szatany nie wiecie<br>Tak jak to pasuje bestiom<br>I \u017ce dzie\u0142o literackie mo\u017ce<br>Miesza\u0107 fikcj\u0119 z prawd\u0105 wed\u0142ug<br>Zamys\u0142y autorskiego i upodobania tego\u017c<\/p>\n\n\n\n<p>A teraz szatany wszelkie zepsute<br>Mi\u0142ej lektury te\u017c wszelkie papugi<br>Tylko nie zapominajcie czasem o<br>Wyznacznikach analizy interpretacji dzie\u0142a literackiego<br>Kt\u00f3ra ma jak teksty prawne<br>Swoje \u015bcis\u0142e te\u017c wymogi formalne<br>I czym wspomnia\u0142em te\u017c wcze\u015bniej<br>A jest ju\u017c tego troch\u0119<br>Nagromadzi\u0142o si\u0119 przez lat tyle<br>Dobrej lektury papugi inni ob\u0142udnicy<br>Ale oczywi\u015bcie lepiej o tym<br>Co tu pisz\u0119 jest<br>Nie wiedzie\u0107 r\u00f3\u017cnym debilom i<br>Pozostawa\u0107 sobie permanentnym perfidnym impertynentem<br>Na sprawy wa\u017ckie dzie\u0142a literackiego<br>Cho\u0107by jak to pasuje bestiom<br>I temu wszelkiemu zepsutemu \u0142ajdactwu<br>Pod\u0142ug ob\u0142udy a ja szatany<br>Tu jednak nieprzypadkowo tak w\u0142a\u015bnie<br>Pisz\u0119 poezj\u0119 \u015bci\u015ble pod\u0142ug Boga<\/p>\n\n\n\n<p>3.<br>I jeszcze obraz tu taki<br>Poetycki a jak\u017ce bestie bydlaki<br>Cz\u0119sto si\u0119 czuj\u0119 tak w\u0142a\u015bnie<br>Jak bym pod ostrza\u0142em pocisk\u00f3w<br>Ob\u0142udy z ka\u017cdej zreszt\u0105 strony<br>Si\u0119 czo\u0142ga\u0142 stara\u0142 si\u0119 czo\u0142ga\u0107<br>Do przodu a te szatany<br>Zreszt\u0105 wszelakie tak\u017ce ob\u0142udnicy niewini\u0105tka<br>Pr\u00f3buj\u0105 mnie trafi\u0107 pociskiem ob\u0142udy<br>Z ka\u017cdej mo\u017cliwej chyba strony<br>Byleby tylko zrealizowa\u0107 szata\u0144skie zbrodnie<br>Czasem mo\u017ce uda si\u0119 te\u017c<br>Troch\u0119 podbiec ale zaraz potem<br>Trzeba znowu si\u0119 tarza\u0107<br>W pyle z\u0142a i b\u0142ota<br>Zreszt\u0105 wszelkich zepsutych z\u0142em bestii<\/p>\n\n\n\n<p>I dalej kiedy pr\u00f3buj\u0119 nakry\u0107<br>Cia\u0142o mojej \u017cony biegn\u0105ce razem<br>Ze mn\u0105 to oni koniecznie<br>Chc\u0105 mnie z niej zrzuci\u0107<br>By m\u00f3c j\u0105 szata\u0144stwami rozszarpa\u0107<br>A pr\u00f3buje j\u0105 tylko chroni\u0107<br>Przed pociskami wszelkiej sromotnej ob\u0142udy<br>Ku zbrodniom szatan\u00f3w tych najgorszych<br>Pod\u0142ug mocy nieustaj\u0105cej sakramentu ma\u0142\u017ce\u0144stwa<br>I innych gdzie\u015b z nami<br>Jako\u015b cho\u0107by p\u0142aszczem Bo\u017cym nakry\u0107<br>Cho\u0107by na chwil\u0119 ale byle<br>A te szatany ci\u0105gle strzelaj\u0105<br>Pociskami ob\u0142udy ku zbrodniom z\u0142a<br>Najgorszym z mo\u017cliwych pod\u0142ug bestii<\/p>\n\n\n\n<p>I maj\u0105 w tym sw\u00f3j<br>Udzia\u0142 wszelkie pindzie kt\u00f3re uzurpuj\u0105<br>Sobie niby jakie\u015b prawo do<br>Zaj\u0119cia miejsca po mojej \u017conie<br>Nawet jakby to by\u0142o mo\u017cliwe<br>To tak by nie by\u0142o<br>Bo ja wbrew temu \u015bwiatowemu<br>Ju\u017c zepsuciu pod\u0142ug tych bestii<br>Nigdy nie zaakceptuje takiej drogi<br>Do celu po trupie \u017cony<br>Nawet je\u015bli by co\u015b by\u0107<br>Dalej mog\u0142o a nie b\u0119dzie<br>Pod\u0142ug wyroku Opatrzno\u015bci Bo\u017cej<br>Je\u015bli te szatany zreszt\u0105 jakiekolwiek<br>Spe\u0142ni\u0105 swe szata\u0144stwa po\u017c\u0105dania zbrodni<br>Na niej na nas naszym<br>Naszych bo B\u00f3g tak chce<br>Wbrew ich wszelkim szata\u0144skim k\u0142amstwom<br>\u017be niby mog\u0142o by by\u0107<br>Co\u015b jako\u015b inaczej w zgodzie<br>Z wszelkimi szata\u0144skimi zbrodniami bestii<br>To tak nigdy nie b\u0119dzie<br>Bo moja nasza droga jest<br>Tylko i wy\u0142\u0105cznie pod\u0142ug Boga<br>Nie tego \u015bwiata kogokolwiek zreszt\u0105<br>Zepsutego ob\u0142ud\u0105 wierutn\u0105 sromotn\u0105 bestii<br>Ku ich zbrodniom najgorszym wszelkim<br>Taka jest konsekwencja pod\u0105\u017cania wiernego<br>Za wszelkimi prawdziwymi Bo\u017cymi sprawami<\/p>\n\n\n\n<figure class=\"wp-block-gallery has-nested-images columns-default is-cropped wp-block-gallery-1 is-layout-flex wp-block-gallery-is-layout-flex\">\n<figure class=\"wp-block-image size-large\"><a href=\"https:\/\/hubertpietka.bialystok.pl\/wp-content\/uploads\/2026\/01\/1000042863.jpg\"><img loading=\"lazy\" decoding=\"async\" width=\"1024\" height=\"771\" data-id=\"10103\" src=\"https:\/\/hubertpietka.bialystok.pl\/wp-content\/uploads\/2026\/01\/1000042863-1024x771.jpg\" alt=\"\" class=\"wp-image-10103\" srcset=\"https:\/\/hubertpietka.bialystok.pl\/wp-content\/uploads\/2026\/01\/1000042863-1024x771.jpg 1024w, https:\/\/hubertpietka.bialystok.pl\/wp-content\/uploads\/2026\/01\/1000042863-300x226.jpg 300w, https:\/\/hubertpietka.bialystok.pl\/wp-content\/uploads\/2026\/01\/1000042863-768x578.jpg 768w, https:\/\/hubertpietka.bialystok.pl\/wp-content\/uploads\/2026\/01\/1000042863-1536x1156.jpg 1536w, https:\/\/hubertpietka.bialystok.pl\/wp-content\/uploads\/2026\/01\/1000042863.jpg 1600w\" sizes=\"auto, (max-width: 1024px) 100vw, 1024px\" \/><\/a><\/figure>\n<\/figure>\n\n\n\n<p><em>I co do pacyn sromotnych<br>Ich szerzenia wsz\u0119dzie &#8222;ohydy spustoszenia&#8221;<br>To zastan\u00f3wcie si\u0119 dobrze wszelcy<br>Ob\u0142udnicy kt\u00f3rzy to popieracie gdzie<br>Wy b\u0119dziecie kiedy\u015b je\u015bli ja<br>Rzeczywi\u015bcie pod\u0142ug Boga m\u00f3wi\u0119 prawd\u0119<br>O tym wszystkim cho\u0107by zgodnie<br>Ze S\u0142owem Bo\u017cym zw\u0142aszcza Apokalips\u0105<br>A to wszystko jest wierutn\u0105<br>Profanacj\u0105 cho\u0107by Naj\u015bwi\u0119tszych Bo\u017cych Sakrament\u00f3w<br>Je\u015bli ja m\u00f3wi\u0119 w Bogu<br>Tu prawd\u0119 gdzie kiedy\u015b b\u0119dziecie<br>Popieraj\u0105cy profanacje i jad \u017cmijowy<br>Z tego wszystkiego odpowiednio p\u0142yn\u0105cy<\/em><\/p>\n","protected":false},"excerpt":{"rendered":"<p>1.Te mi\u015bki bandyckie niestety zas\u0142uguj\u0105Ju\u017c pod\u0142ug uczestnictwa w z\u0142uTych bestii ich wsp\u00f3\u0142dzia\u0142ania weWszelkich ukartowaniach tych szatan\u00f3w \u015bciemachSromotnych na tytu\u0142 im podobnyPrzynale\u017cny wszelkim \u0142ajdakom w zbrodniachBestii&hellip; <\/p>\n","protected":false},"author":1,"featured_media":0,"parent":0,"menu_order":0,"comment_status":"closed","ping_status":"closed","template":"","meta":{"footnotes":""},"class_list":["post-10102","page","type-page","status-publish","hentry"],"_links":{"self":[{"href":"https:\/\/hubertpietka.bialystok.pl\/index.php?rest_route=\/wp\/v2\/pages\/10102","targetHints":{"allow":["GET"]}}],"collection":[{"href":"https:\/\/hubertpietka.bialystok.pl\/index.php?rest_route=\/wp\/v2\/pages"}],"about":[{"href":"https:\/\/hubertpietka.bialystok.pl\/index.php?rest_route=\/wp\/v2\/types\/page"}],"author":[{"embeddable":true,"href":"https:\/\/hubertpietka.bialystok.pl\/index.php?rest_route=\/wp\/v2\/users\/1"}],"replies":[{"embeddable":true,"href":"https:\/\/hubertpietka.bialystok.pl\/index.php?rest_route=%2Fwp%2Fv2%2Fcomments&post=10102"}],"version-history":[{"count":1,"href":"https:\/\/hubertpietka.bialystok.pl\/index.php?rest_route=\/wp\/v2\/pages\/10102\/revisions"}],"predecessor-version":[{"id":10104,"href":"https:\/\/hubertpietka.bialystok.pl\/index.php?rest_route=\/wp\/v2\/pages\/10102\/revisions\/10104"}],"wp:attachment":[{"href":"https:\/\/hubertpietka.bialystok.pl\/index.php?rest_route=%2Fwp%2Fv2%2Fmedia&parent=10102"}],"curies":[{"name":"wp","href":"https:\/\/api.w.org\/{rel}","templated":true}]}}