{"id":10152,"date":"2026-01-12T21:43:06","date_gmt":"2026-01-12T21:43:06","guid":{"rendered":"https:\/\/hubertpietka.bialystok.pl\/?page_id=10152"},"modified":"2026-01-12T21:43:06","modified_gmt":"2026-01-12T21:43:06","slug":"zepsuty-swiat-bestii-i-lajdactwa-ma-niszczyc-sumienia-ludzi-by-nie-rozrozniali-prawdy-od-obludy","status":"publish","type":"page","link":"https:\/\/hubertpietka.bialystok.pl\/?page_id=10152","title":{"rendered":"Zepsuty \u015bwiat bestii i \u0142ajdactwa \/ ma niszczy\u0107 sumienia ludzi &#8211; by nie rozr\u00f3\u017cniali prawdy od ob\u0142udy"},"content":{"rendered":"\n<p>1.<br>A teraz czyj\u0105 domen\u0105 w\u0142a\u015bnie<br>Jest gazowanie injektowanie napa\u015bci prowokacje agresja<br>Wobec nas naszych i naszego<br>Jak nie szatan\u00f3w czyj\u0105 domen\u0105<br>Jest z\u0142o jak nie szatana<br>I czyi s\u0105 tak dzia\u0142aj\u0105cy<br>Najlepiej pod\u0142ug ob\u0142udy wierutnej sromotnej<br>Tak te bestie i \u0142ajdacy<br>Wszelkimi \u015brodkami d\u0105\u017cenia zepsute do<br>Swych wszelkich zbrodni realizuj\u0105 dok\u0142adnie<br>Pod\u0142ug r\u00f3wnie szata\u0144skiej nienawi\u015bci z\u0142owrogiej<\/p>\n\n\n\n<p>2.<br>A teraz ta podwija \u0142ajdacka<br>Wierutny k\u0142amca wybiera \u015bmier\u0107 dziecka<br>Byleby tylko \u0142ajdaczy\u0107 pod\u0142ug bestii<br>Bo si\u0119 nie chce nawr\u00f3ci\u0107<\/p>\n\n\n\n<p>A teraz wzory \u015bwietlane w<br>Totalitarnym pa\u0144stwie bestii jakie mamy<br>Cho\u0107by te mi\u015bki bandyckie gwa\u0142c\u0105ce<br>Z pozycji komendandanta sw\u0105 sta\u017cystk\u0119<br>Czy str\u00f3\u017c prawa w drog\u00f3wce<br>Kt\u00f3ry nie ma prawa jazdy<br>Nie m\u00f3wi\u0119 \u017ce oni wszyscy<br>Ale takie wzory \u015bwietlane przedstawia<br>Totalitaryzm bestii w jemu s\u0142u\u017c\u0105cym<br>Aparacie bezpiecze\u0144stwa zreszt\u0105 s\u0142u\u017cb wszelkich<br>Na mod\u0142\u0119 przecie\u017c komuny zepsutej<br>Bo tacy pod\u0142ug bestii mog\u0105<br>Przecie\u017c niemal wszystko z tymi<br>I innymi ma\u0142ymi kt\u00f3rzy podpadli<br>Bestiom zepsutym szata\u0144stem zreszt\u0105 wszelkim<\/p>\n\n\n\n<p>I takie s\u0142u\u017cby bezpiecze\u0144stwa i<br>S\u0105dy przecie\u017c te szatany wykorzystuj\u0105<br>Do rozprawy z niewinnymi kt\u00f3rzy<br>Nie chc\u0105 wsp\u00f3\u0142pracowa\u0107 z ich<br>Szata\u0144stwem z\u0142a zreszt\u0105 wszelkim<br>Jak cho\u0107by z ks. Olszewskim<br>Za co go znowu \u015bcigaj\u0105<br>Te szatany \u017ce nie wyst\u0119puje<br>Przeciwko dzieciom Bo\u017cym w s\u0142u\u017cbie<br>Kt\u00f3rym przecie\u017c B\u00f3g go pos\u0142a\u0142<br>\u017be nie zaprzeczy\u0142 powo\u0142aniu kap\u0142a\u0144skiemu<br>Za to mszcz\u0105 si\u0119 tu<br>Na nim te zepsute szatany<br>Wykorzystuj\u0105c znamiona prawa do rozprawy<br>Totalitarnego pa\u0144stwa z wszelkimi niewinnymi<br>Jak na Bia\u0142orusi z karmelitanami<br>Czy my ju\u017c tu mo\u017ce<br>Co\u015b podobnego w\u0142a\u015bnie mamy<br>I jakby ten ksi\u0105dz Olszewski<br>Nie wycierpia\u0142 si\u0119 ju\u017c niewinnie<br>Bo te szatany chc\u0105 niszczy\u0107<br>Ludzi kt\u00f3rzy nie wsp\u00f3\u0142pracuj\u0105<br>Z ich zepsutymi zbrodniami k\u0142amstwami<\/p>\n\n\n\n<p>3.<br>A teraz dalej powiedz dlaczego<br>Ten \u015bwiat nie staje raczej<br>W obronie wszelkich niewinnych chocia\u017cby<br>Przed tak\u0105 przemoc\u0105 totalitarnego pa\u0144stwa<br>Lecz cho\u0107by broni eutanazji aborcji<br>Zgodnie z zamys\u0142em tych bestii<br>I wszelkiego \u0142ajdactwa zepsutego d\u0105\u017ceniem<br>Do cywilizacji \u015bmierci ale oczywi\u015bcie<br>Nie dla nich oni przecie\u017c<br>S\u0105 ci lepsi kt\u00f3rzy mog\u0105<br>Niby decydowa\u0107 o \u017cyciu czyim\u015b<br>Czemu ten \u015bwiat nie broni<br>Warto\u015bci ka\u017cdego \u017cycia jego godno\u015bci<br>Niezbywalnej nigdy lecz wsp\u00f3\u0142pracuje z<br>K\u0142amstwami szatana i bestii cho\u0107by<br>W tym m\u0119cze\u0144stwie ludob\u00f3jstwa wsp\u00f3\u0142czesnego<\/p>\n\n\n\n<p>I dalej czemu ten \u015bwiat<br>Nie broni czysto\u015bci wierno\u015bci ma\u0142\u017ce\u0144stw<br>Lecz sromotny wszelkich nieuporz\u0105dkowanych akt\u00f3w<br>Czemu to propaguje a nie<br>Bo\u017ce warto\u015bci mi\u0142o\u015bci w prawdzie<br>Czemu szerzy r\u00f3\u017cne ideologie maj\u0105ce<br>S\u0142u\u017cy\u0107 zepsuciu moralnemu ludzi niszczeniu<br>Ich naturalnej wra\u017cliwo\u015bci i sumienia<br>A nie strze\u017ce Przykaza\u0144 Bo\u017cych<br>Kt\u00f3re przecie\u017c przek\u0142adaj\u0105 si\u0119 na<br>Wszelkie w\u0142a\u015bciwie rozumiane warto\u015bci i<br>Z tego powinny wynika\u0107 prawa<br>Cz\u0142owieka a nie z ich przeciwno\u015bci<br>R\u00f3\u017cnych zepsutych antywarto\u015bci kt\u00f3re si\u0119<br>Przedstawia pod\u0142ug relatywizacji jako co\u015b<br>Niby lepszego czemu tak jest<br>Bo zepsuty jest ten \u015bwiat<br>Walczy o prawa cywilizacji \u015bmierci<br>I wszelkiego zepsucia r\u00f3\u017cnych ideologii<br>Kt\u00f3re swoje \u017ar\u00f3d\u0142a maj\u0105 w<br>Komunie sromotnej i w szatanie<br>A nie walczy o \u017cycie<br>Godne ka\u017cdego cz\u0142owieka o w\u0142a\u015bciwe<br>Ukszta\u0142towanie swego sumienia i dzia\u0142ania<br>Na rzecz ludzi swych braci<br>W prawdzie Bo\u017cej kt\u00f3ra jest<br>Jedynym wyznacznikiem rzeczywistego niezafa\u0142szowanego dobra<\/p>\n\n\n\n<p>I powiedz czemu wykorzystuj\u0105 zepsute<br>Struktury nibyprawa has\u0142a mowy nienawi\u015bci<br>Przede wszystkim do walki<br>Z dzie\u0107mi Bo\u017cymi i warto\u015bciami<br>Przez nich wyznawanymi a kt\u00f3re<br>S\u0105 tak naprawd\u0119 wpisane w<br>Cz\u0142owieka niezepsutego kategori\u0105 sumienia<br>Czemu to ma wszystko s\u0142u\u017cy\u0107<br>Sam odpowiedz sobie co oni<br>Wszyscy chc\u0105 zrobi\u0107 z ludzi<br>Wsp\u00f3\u0142czesnych zepsutych z\u0142em zniewolenia<br>Bo takimi jest sterowa\u0107 \u0142atwo<br>Na bazie cho\u0107by nieuporz\u0105dkowania antagonizm\u00f3w<br>Do r\u00f3\u017cnych im jako\u015b przeciwnych<br>Totalizm z\u0142a w s\u0142u\u017cbie totalitaryzmowi<br>Kt\u00f3ry ma produkowa\u0107 ludzi kt\u00f3rzy<br>Nie s\u0105 zdolni do krytycznego<br>My\u015blenia kt\u00f3rymi mo\u017cna sterowa\u0107 wed\u0142ug<br>Wszelkiego zepsutego upodobania in\u017cynier\u00f3w dusz<\/p>\n\n\n\n<p>4.<br>I jeszcze jedno zepsute pacyny<br>Wida\u0107 zdominowa\u0142y rzeczywisto\u015b\u0107 wieczornych spotka\u0144<br>W ko\u015bcio\u0142ach pod\u0142ug bestii sromotnie<br>Bo wsz\u0119dzie wok\u00f3\u0142 tak w\u0142a\u015bnie<br>Wykorzystuj\u0105 przecie\u017c szatany kol\u0119d\u0119 duszpastersk\u0105<br>W\u0142a\u015bnie do tego by szerzy\u0107<br>&#8222;Ohyd\u0119 spostrze\u017cenia&#8221; kt\u00f3r\u0105 niech sobie<br>Wsadz\u0105 za przeproszeniem gdzie\u015b<br>Bo tam jest jej miejsce<br>Szatany nie wiem chyba my\u015bl\u0105<br>\u017be ja w Bogu m\u00f3g\u0142bym<br>Zaakceptowa\u0107 t\u0105 rzeczywisto\u015b\u0107 mistyfikacji szata\u0144skiej<br>I wszelkiego jadu pod\u0142ug bestii<br>I \u017ce b\u0119d\u0119 si\u0119 karmi\u0142<br>Czym\u015b co jest zepsute<br>Jak te pacyny wierutne<br>Kt\u00f3re przecie\u017c to pod\u0142ug bestii<br>I o ile mi \u015bwiadomo\u015bci<br>Tu gdzie\u015b nie braknie<br>Nigdy to si\u0119 nie stanie<\/p>\n\n\n\n<figure class=\"wp-block-gallery has-nested-images columns-default is-cropped wp-block-gallery-1 is-layout-flex wp-block-gallery-is-layout-flex\">\n<figure class=\"wp-block-image size-large\"><a href=\"https:\/\/hubertpietka.bialystok.pl\/wp-content\/uploads\/2026\/01\/1000044050.jpg\"><img loading=\"lazy\" decoding=\"async\" width=\"1024\" height=\"771\" data-id=\"10153\" src=\"https:\/\/hubertpietka.bialystok.pl\/wp-content\/uploads\/2026\/01\/1000044050-1024x771.jpg\" alt=\"\" class=\"wp-image-10153\" srcset=\"https:\/\/hubertpietka.bialystok.pl\/wp-content\/uploads\/2026\/01\/1000044050-1024x771.jpg 1024w, https:\/\/hubertpietka.bialystok.pl\/wp-content\/uploads\/2026\/01\/1000044050-300x226.jpg 300w, https:\/\/hubertpietka.bialystok.pl\/wp-content\/uploads\/2026\/01\/1000044050-768x578.jpg 768w, https:\/\/hubertpietka.bialystok.pl\/wp-content\/uploads\/2026\/01\/1000044050-1536x1156.jpg 1536w, https:\/\/hubertpietka.bialystok.pl\/wp-content\/uploads\/2026\/01\/1000044050.jpg 1600w\" sizes=\"auto, (max-width: 1024px) 100vw, 1024px\" \/><\/a><\/figure>\n<\/figure>\n\n\n\n<p>5.<br>Taki to jest \u015bwiat zepsuty<br>Bestii i wszelkiego \u0142ajdactwa odpowiednio<br>D\u0105\u017c\u0105cego do zbrodni pod\u0142ug ob\u0142udy<br>Zawsze pod\u0142ej nawet je\u015bli oni<br>Wszyscy udaj\u0105 niewini\u0105tka se r\u00f3\u017cne<br>To przecie\u017c to mo\u017cna weryfikowa\u0107<br>Pod\u0142ug intencji takich zapsutych bydlak\u00f3w<br>Ca\u0142kowicie zgodnych z tymi szatanami<br>W z\u0142u dla nas naszego<br>I naszych i innych niewinnych<br>Cho\u0107by rykoszetem nas zachaczy\u0107 sromotnicy<\/p>\n\n\n\n<p>( <strong><em><a href=\"https:\/\/youtu.be\/qYyBDvGE5YQ?si=o5vOuVEqgq5s232x\">Bracie m\u00f3j \/ S\u0142owia\u0144ski Rap<\/a><\/em><\/strong><\/p>\n\n\n\n<p class=\"has-text-align-center\"><strong><em><a href=\"https:\/\/youtu.be\/sssM_l3RGTI?si=4wn8WSsybpFDsj2R\">Bij\u0105 b\u0119bny ziemi \/ S\u0142owia\u0144ski Rap <\/a><\/em><\/strong><\/p>\n\n\n\n<p class=\"has-text-align-right\"><strong><em><a href=\"https:\/\/youtu.be\/RwCr1C8D8uc?si=T908Sg_nFTOZKqxh\">Krew przodk\u00f3w \/ S\u0142owia\u0144ski Rap <\/a><\/em><\/strong> )<\/p>\n\n\n\n<p><strong><em><a href=\"https:\/\/youtu.be\/Q7PMP715ukA?si=XkOUTBqpXb1_505w\">Stra\u017c Ciszy \/ Gdy \u015bwiat milknie, my trwamy<\/a><\/em><\/strong><\/p>\n\n\n\n<p><\/p>\n","protected":false},"excerpt":{"rendered":"<p>1.A teraz czyj\u0105 domen\u0105 w\u0142a\u015bnieJest gazowanie injektowanie napa\u015bci prowokacje agresjaWobec nas naszych i naszegoJak nie szatan\u00f3w czyj\u0105 domen\u0105Jest z\u0142o jak nie szatanaI czyi s\u0105 tak&hellip; <\/p>\n","protected":false},"author":1,"featured_media":0,"parent":0,"menu_order":0,"comment_status":"closed","ping_status":"closed","template":"","meta":{"footnotes":""},"class_list":["post-10152","page","type-page","status-publish","hentry"],"_links":{"self":[{"href":"https:\/\/hubertpietka.bialystok.pl\/index.php?rest_route=\/wp\/v2\/pages\/10152","targetHints":{"allow":["GET"]}}],"collection":[{"href":"https:\/\/hubertpietka.bialystok.pl\/index.php?rest_route=\/wp\/v2\/pages"}],"about":[{"href":"https:\/\/hubertpietka.bialystok.pl\/index.php?rest_route=\/wp\/v2\/types\/page"}],"author":[{"embeddable":true,"href":"https:\/\/hubertpietka.bialystok.pl\/index.php?rest_route=\/wp\/v2\/users\/1"}],"replies":[{"embeddable":true,"href":"https:\/\/hubertpietka.bialystok.pl\/index.php?rest_route=%2Fwp%2Fv2%2Fcomments&post=10152"}],"version-history":[{"count":1,"href":"https:\/\/hubertpietka.bialystok.pl\/index.php?rest_route=\/wp\/v2\/pages\/10152\/revisions"}],"predecessor-version":[{"id":10154,"href":"https:\/\/hubertpietka.bialystok.pl\/index.php?rest_route=\/wp\/v2\/pages\/10152\/revisions\/10154"}],"wp:attachment":[{"href":"https:\/\/hubertpietka.bialystok.pl\/index.php?rest_route=%2Fwp%2Fv2%2Fmedia&parent=10152"}],"curies":[{"name":"wp","href":"https:\/\/api.w.org\/{rel}","templated":true}]}}