{"id":10158,"date":"2026-01-14T10:12:23","date_gmt":"2026-01-14T10:12:23","guid":{"rendered":"https:\/\/hubertpietka.bialystok.pl\/?page_id=10158"},"modified":"2026-01-14T10:12:23","modified_gmt":"2026-01-14T10:12:23","slug":"bog-mnie-juz-osadzil-i-trop-mi-wyznaczyl-wiernosci-w-milosci-ostatecznej","status":"publish","type":"page","link":"https:\/\/hubertpietka.bialystok.pl\/?page_id=10158","title":{"rendered":"B\u00f3g mnie ju\u017c os\u0105dzi\u0142 i trop mi wyznaczy\u0142 \/ wierno\u015bci w mi\u0142o\u015bci ostatecznej"},"content":{"rendered":"\n<p>Zepsute wierutne szatany sromotne ob\u0142udnie<br>W zbrodniach wszelkich predyspozycji szata\u0144skiej<br>Jak maj\u0105 r\u00f3\u017cnych \u0142ajdak\u00f3w i<br>\u015arodki mordercze wszelkie czy zniewolenia<br>I sami mog\u0105 te\u017c szatani\u0107<br>Ob\u0142ud\u0105 ku zbrodniom zawsze odpowiednim<br>To mog\u0105 udawa\u0107 zepsuci totalnie<br>\u017be co\u015b niby jest inaczej<br>\u017be inny poz\u00f3r czy nibyprzypadek<br>Byleby tylko spe\u0142nia\u0107 swe zbrodnie<br>Tak te szatany mog\u0105 z<br>\u017bon\u0105 tymi zwierz\u0119tami z nami<br>Naszymi i naszym innymi niewinnymi<br>Ob\u0142uda pod\u0142a ku zbrodniom ich<br>\u0141ajdak\u00f3w i bestii zawsze<br>Nas przecie\u017c o krok wyprzedza<br>Zepsutych szata\u0144stwem zawodowych prywatnych s\u0142u\u017cbowych<br>Spo\u015br\u00f3d r\u00f3wnie zepsutego bestialstwem \u0142ajdactwa<br>Ale wasze intencje szatany B\u00f3g<br>Ocenia odpowiednio wbrew pozorom <em>srom-otnym<\/em><br>Bo one stamt\u0105d pochodz\u0105 wszelkie<br>Pozory niewinno\u015bci zepsutych szata\u0144stwem bydlak\u00f3w<br>\u017be o tych bestiach ju\u017c<br>Nie wspomn\u0119 nawet jako w<br>Z\u0142u wszelkim zdeklarowanych i zajad\u0142ych<br>I wy bydlactwo macie przecie\u017c<br>W tym sw\u00f3j szata\u0144ski wsp\u00f3\u0142udzia\u0142<br>Kim by\u015bcie zreszt\u0105 nie byli<br>To zepsucie wasze was ocenia<br>Nie stanowisko wiek rola spo\u0142eczna<\/p>\n\n\n\n<figure class=\"wp-block-gallery has-nested-images columns-default is-cropped wp-block-gallery-1 is-layout-flex wp-block-gallery-is-layout-flex\">\n<figure class=\"wp-block-image size-large\"><a href=\"https:\/\/hubertpietka.bialystok.pl\/wp-content\/uploads\/2026\/01\/1000044300.jpg\"><img loading=\"lazy\" decoding=\"async\" width=\"771\" height=\"1024\" data-id=\"10159\" src=\"https:\/\/hubertpietka.bialystok.pl\/wp-content\/uploads\/2026\/01\/1000044300-771x1024.jpg\" alt=\"\" class=\"wp-image-10159\" srcset=\"https:\/\/hubertpietka.bialystok.pl\/wp-content\/uploads\/2026\/01\/1000044300-771x1024.jpg 771w, https:\/\/hubertpietka.bialystok.pl\/wp-content\/uploads\/2026\/01\/1000044300-226x300.jpg 226w, https:\/\/hubertpietka.bialystok.pl\/wp-content\/uploads\/2026\/01\/1000044300-768x1021.jpg 768w, https:\/\/hubertpietka.bialystok.pl\/wp-content\/uploads\/2026\/01\/1000044300-1156x1536.jpg 1156w, https:\/\/hubertpietka.bialystok.pl\/wp-content\/uploads\/2026\/01\/1000044300.jpg 1204w\" sizes=\"auto, (max-width: 771px) 100vw, 771px\" \/><\/a><\/figure>\n<\/figure>\n\n\n\n<p>A ja osobi\u015bcie jak<br>\u015aw. Pawe\u0142 &#8222;nie obawiam si\u0119<br>\u017badnego trybuna\u0142u ludzkiego&#8221; wy mo\u017cecie<br>Mnie co ponajwy\u017cej zabi\u0107 ale<br>Wtedy to w\u0142a\u015bnie szatany odziedziczycie<br>Czyli \u015bmier\u0107 ca\u0142ego \u015bwiata tego<br>Pod\u0142ug sromornego wierutnego ob\u0142udy zepsucia<br>Ku zbrodniom perfidnym wiaro\u0142omnym wszelkim<br>A ja tylko mam by\u0107<br>Tak w\u0142a\u015bnie w przeciwie\u0144stwie<br>Do was wierny w przeciwie\u0144stwie<br>Do wszelkiego bydlactwa zaprzedanego bestiom<br>I jak oni z\u0142oczynieniu nienawi\u015bci<br>Ja mam by\u0107 tylko wierny<br>B\u00f3g ju\u017c mnie szatany os\u0105dzi\u0142<br>I tak\u0105 rol\u0119 mi wyznaczy\u0142<br>Wbrew ob\u0142udzie ku zbrodniom bestii<br>\u0141ajdactwa i odpowiednio zepsutego \u015bwiata<br>Dlatego ka\u017cde moje s\u0142owo szatany<br>Wbrew waszym k\u0142amstwom jest \u015bwi\u0119te<br>Powiedziane tu raz na zawsze<br>Te zw\u0142aszcza zepsuci totalnie ob\u0142ud\u0105<br>Ku zbrodniom kt\u00f3re s\u0105 fundamentem<br>Trwania i wierno\u015bci Bo\u017cym warto\u015bciom<br>\u017badne z nich nie zostanie<br>Przez wasz\u0105 ob\u0142ud\u0119 sromotn\u0105 przek\u0142amane<br>W predyspozycji mego \u017cycia wiary<\/p>\n\n\n\n<p><strong><em><a href=\"https:\/\/youtu.be\/rps6ovH1CQo\">Belweder &#8211; Tylko B\u00f3g mnie os\u0105dzi<\/a><\/em><\/strong><\/p>\n\n\n\n<p class=\"has-text-align-right\"><strong><em><a href=\"http:\/\/B\u00f3g mnie ju\u017c os\u0105dzi\u0142 i trop mi wyznaczy\u0142 \/ wierno\u015bci w mi\u0142o\u015bci ostatecznej  Zepsute wierutne szatany sromotne ob\u0142udnie  W zbrodniach wszelkich predyspozycji szata\u0144skiej  Jak maj\u0105 r\u00f3\u017cnych \u0142ajdak\u00f3w i \u015arodki mordercze wszelkie czy zniewolenia  I sami mog\u0105 te\u017c szatani\u0107  Ob\u0142ud\u0105 ku zbrodniom zawsze odpowiednim  To mog\u0105 udawa\u0107 zepsuci totalnie  \u017be co\u015b niby jest inaczej  \u017be inny poz\u00f3r czy nibyprzypadek  Byleby tylko spe\u0142nia\u0107 swe zbrodnie  Tak te szatany mog\u0105 z \u017bon\u0105 tymi zwierz\u0119tami z nami Naszymi i naszym innymi niewinnymi  Ob\u0142uda pod\u0142a ku zbrodniom ich \u0141ajdak\u00f3w i bestii zawsze  Nas przecie\u017c o krok wyprzedza  Zepsutych szata\u0144stwem zawodowych prywatnych s\u0142u\u017cbowych  Spo\u015br\u00f3d r\u00f3wnie zepsutego bestialstwem \u0142ajdactwa  Ale wasze intencje szatany B\u00f3g  Ocenia odpowiednio wbrew pozorom *srom-otnym* Bo one stamt\u0105d pochodz\u0105 wszelkie  Pozory niewinno\u015bci zepsutych szata\u0144stwem bydlak\u00f3w  \u017be o tych bestiach ju\u017c  Nie wspomn\u0119 nawet jako w Z\u0142u wszelkim zdeklarowanych i zajad\u0142ych  I wy bydlactwo macie przecie\u017c  W tym sw\u00f3j szata\u0144ski wsp\u00f3\u0142udzia\u0142  Kim by\u015bcie zreszt\u0105 nie byli  To zepsucie wasze was ocenia  Nie stanowisko wiek rola spo\u0142eczna   A ja osobi\u015bcie jak \u015aw. Pawe\u0142 &quot;nie obawiam si\u0119  \u017badnego trybuna\u0142u ludzkiego&quot; wy mo\u017cecie  Mnie co ponajwy\u017cej zabi\u0107 ale Wtedy to w\u0142a\u015bnie szatany odziedziczycie  Czyli \u015bmier\u0107 ca\u0142ego \u015bwiata tego Pod\u0142ug sromornego wierutnego ob\u0142udy zepsucia  Ku zbrodniom perfidnym wiaro\u0142omnym wszelkim  A ja tylko mam by\u0107  Tak w\u0142a\u015bnie w przeciwie\u0144stwie  Do was wierny w przeciwie\u0144stwie  Do wszelkiego bydlactwa zaprzedanego bestiom  I jak oni z\u0142oczynieniu nienawi\u015bci  Ja mam by\u0107 tylko wierny  B\u00f3g ju\u017c mnie szatany os\u0105dzi\u0142  I tak\u0105 rol\u0119 mi wyznaczy\u0142  Wbrew ob\u0142udzie ku zbrodniom bestii  \u0141ajdactwa i odpowiednio zepsutego \u015bwiata  Dlatego ka\u017cde moje s\u0142owo szatany  Wbrew waszym k\u0142amstwom jest \u015bwi\u0119te  Powiedziane tu raz na zawsze  Te zw\u0142aszcza zepsuci totalnie ob\u0142ud\u0105  Ku zbrodniom kt\u00f3re s\u0105 fundamentem Trwania i wierno\u015bci Bo\u017cym warto\u015bciom  \u017badne z nich nie zostanie Przez wasz\u0105 ob\u0142ud\u0119 sromotn\u0105 przek\u0142amane  W predyspozycji mego \u017cycia wiary   I jeszcze s\u0142owo o pindziach \u017beby to wybrzmia\u0142o tu odpowiednio  To s\u0105 wasze kandydatki zepsuci  Dla mnie nie ma takich  Bo ja ju\u017c z Bogiem  Wybra\u0142em sw\u0105 \u017con\u0119 a te  Wasze niby kandydatki to ja  Mam gdzie\u015b za przeproszeniem oczywi\u015bcie  Nie jestem im przeciwko ale Lepiej niech si\u0119 odpieprz\u0105 zreszt\u0105  Jak te bestie i \u0142ajdactwo  Odpowiednio ku z\u0142u jakiemukolwiek zniewoleniu Bo ta ich parodia kandydowania Jest na m\u0142yn zepsucia bestii Ku zbrodniom i oby te\u017c  Nie odwr\u00f3ci\u0142o si\u0119 to  Na was odpowiednio jak zreszt\u0105 Chc\u0105 przecie\u017c te zepsute bestie  Szata\u0144stwem wszelkim ku zbrodni ob\u0142udzie  Dla mnie nie ma \u017cadnych  Kandydatek powt\u00f3rz\u0119 to raz jeszcze  Poza t\u0105 moj\u0105 \u017con\u0105 \u015blubn\u0105  Kt\u00f3ra w przeciwie\u0144stwie do was  Pindzie i wszelcy zepsuci ma Bo\u017c\u0105 piecze\u0144 wierno\u015bci i sta\u0142o\u015bci  Kt\u00f3rej nic nie mo\u017ce nada\u0107  Poza wybraniem wierno\u015bci sakramentu ma\u0142\u017ce\u0144stwa\">Micha\u0142 Kili\u0144ski &#8211; Tylko B\u00f3g mnie s\u0105dzi<\/a><\/em><\/strong><\/p>\n\n\n\n<p>I jeszcze s\u0142owo o pindziach<br>\u017beby to wybrzmia\u0142o tu odpowiednio<br>To s\u0105 wasze kandydatki zepsuci<br>Dla mnie nie ma takich<br>Bo ja ju\u017c z Bogiem<br>Wybra\u0142em sw\u0105 \u017con\u0119 a te<br>Wasze niby kandydatki to ja<br>Mam gdzie\u015b za przeproszeniem oczywi\u015bcie<br>Nie jestem im przeciwko ale<br>Lepiej niech si\u0119 odpieprz\u0105 zreszt\u0105<br>Jak te bestie i \u0142ajdactwo<br>Odpowiednio ku z\u0142u jakiemukolwiek zniewoleniu<br>Bo ta ich parodia kandydowania<br>Jest na m\u0142yn zepsucia bestii<br>Ku zbrodniom i oby te\u017c<br>Nie odwr\u00f3ci\u0142o si\u0119 to<br>Na was odpowiednio jak zreszt\u0105<br>Chc\u0105 przecie\u017c te zepsute bestie<br>Szata\u0144stwem wszelkim ku zbrodni ob\u0142udzie<br>Dla mnie nie ma \u017cadnych<br>Kandydatek powt\u00f3rz\u0119 to raz jeszcze<br>Poza t\u0105 moj\u0105 \u017con\u0105 \u015blubn\u0105<br>Kt\u00f3ra w przeciwie\u0144stwie do was<br>Pindzie i wszelcy zepsuci ma<br>Bo\u017c\u0105 piecze\u0144 wierno\u015bci i sta\u0142o\u015bci<br>Kt\u00f3rej nic nie mo\u017ce nada\u0107<br>Poza wybraniem wierno\u015bci sakramentu ma\u0142\u017ce\u0144stwa<\/p>\n\n\n\n<p class=\"has-text-align-center\"><strong><em><a href=\"https:\/\/youtu.be\/6pA14oEb8Ys\">Universe &#8211; Zosta\u0144 ze mn\u0105 <\/a><\/em><\/strong><\/p>\n","protected":false},"excerpt":{"rendered":"<p>Zepsute wierutne szatany sromotne ob\u0142udnieW zbrodniach wszelkich predyspozycji szata\u0144skiejJak maj\u0105 r\u00f3\u017cnych \u0142ajdak\u00f3w i\u015arodki mordercze wszelkie czy zniewoleniaI sami mog\u0105 te\u017c szatani\u0107Ob\u0142ud\u0105 ku zbrodniom zawsze odpowiednimTo&hellip; <\/p>\n","protected":false},"author":1,"featured_media":0,"parent":0,"menu_order":0,"comment_status":"closed","ping_status":"closed","template":"","meta":{"footnotes":""},"class_list":["post-10158","page","type-page","status-publish","hentry"],"_links":{"self":[{"href":"https:\/\/hubertpietka.bialystok.pl\/index.php?rest_route=\/wp\/v2\/pages\/10158","targetHints":{"allow":["GET"]}}],"collection":[{"href":"https:\/\/hubertpietka.bialystok.pl\/index.php?rest_route=\/wp\/v2\/pages"}],"about":[{"href":"https:\/\/hubertpietka.bialystok.pl\/index.php?rest_route=\/wp\/v2\/types\/page"}],"author":[{"embeddable":true,"href":"https:\/\/hubertpietka.bialystok.pl\/index.php?rest_route=\/wp\/v2\/users\/1"}],"replies":[{"embeddable":true,"href":"https:\/\/hubertpietka.bialystok.pl\/index.php?rest_route=%2Fwp%2Fv2%2Fcomments&post=10158"}],"version-history":[{"count":1,"href":"https:\/\/hubertpietka.bialystok.pl\/index.php?rest_route=\/wp\/v2\/pages\/10158\/revisions"}],"predecessor-version":[{"id":10160,"href":"https:\/\/hubertpietka.bialystok.pl\/index.php?rest_route=\/wp\/v2\/pages\/10158\/revisions\/10160"}],"wp:attachment":[{"href":"https:\/\/hubertpietka.bialystok.pl\/index.php?rest_route=%2Fwp%2Fv2%2Fmedia&parent=10158"}],"curies":[{"name":"wp","href":"https:\/\/api.w.org\/{rel}","templated":true}]}}