{"id":10188,"date":"2026-01-23T09:07:27","date_gmt":"2026-01-23T09:07:27","guid":{"rendered":"https:\/\/hubertpietka.bialystok.pl\/?page_id=10188"},"modified":"2026-01-23T09:07:27","modified_gmt":"2026-01-23T09:07:27","slug":"umoczeni-w-obludzie-od-najblizszych-po-wszelkich-innych-obluda-ku-klamstwom-bestii-zatacza-wszelkie-swe-chore-zepsute-kregi","status":"publish","type":"page","link":"https:\/\/hubertpietka.bialystok.pl\/?page_id=10188","title":{"rendered":"Umoczeni w ob\u0142udzie \/ od najbli\u017cszych po wszelkich innych &#8211; ob\u0142uda ku k\u0142amstwom bestii zatacza \/ wszelkie swe chore zepsute kr\u0119gi"},"content":{"rendered":"\n<p>Jak w komunie jak w<br>PRL-u w tym totalitarnym pa\u0144stwie<br>Szata\u0144skich bestii &#8222;wszyscy byli umoczeni&#8221;<br>Ob\u0142ud\u0105 ku k\u0142amstwom tych szatan\u00f3w<\/p>\n\n\n\n<p>Od najbli\u017cszej rodziny poza \u017con\u0105<br>Dlatego j\u0105 tak szatany nienawidz\u0105<br>I chc\u0105 zabi\u0107 zniszczy\u0107 bo<br>Jakby ona wsp\u00f3\u0142pracowa\u0142a z ich<br>Wszelkim szata\u0144stwem ju\u017c dawno by<br>Mnie nie by\u0142o i tego<br>Ca\u0142ego zepsutego \u015bwiata ale to<br>Przecie\u017c szczeg\u00f3\u0142 jest tylko ma\u0142y<\/p>\n\n\n\n<p>Jak wczoraj familia pod\u0142ug tych<br>Szatan\u00f3w a przecie\u017c oni \u015bledz\u0105<br>To wszystko swoimi metodami pr\u00f3bowa\u0142a<br>Wykaza\u0107 \u017ce ja nie wiem<br>Co m\u00f3wi\u0119 czy co czyni\u0119<br>Na bestii zbrodni tym m\u0142ynie<br>I pr\u00f3buj\u0105 te\u017c tak wykaza\u0107<br>Te szatany \u017ce ja mam<br>Zak\u0142\u00f3con\u0105 jako\u015b ciep\u0142ot\u0119 cia\u0142a<br>Zreszt\u0105 to te\u017c robi\u0105 zepsuci<br>Od dawna a nawet je\u015bli<br>To przecie\u017c mam genetyczn\u0105 chorob\u0119<br>Krwii i kr\u0105\u017cenia ale to<br>Nie jest argument dla szatan\u00f3w<br>Lecz jest to dow\u00f3d tego<br>\u017be przy zdrowych zmys\u0142ach ja<br>Niby nie jestem zreszt\u0105 te\u017c<br>Jak to powy\u017csze do tego<br>D\u0105\u017c\u0105 nieustannie by to preparowa\u0107<br>Przez takich czy innych szatany<\/p>\n\n\n\n<p>A zreszt\u0105 to samo przecie\u017c<br>Spotka\u0142o Jezusa kiedy przyszli podobnie<br>Do niego bliscy &#8222;bo m\u00f3wili<br>Odszed\u0142 od zmys\u0142\u00f3w&#8221; pod\u0142ug ob\u0142udy<br>Tam fatyzejskiej tu tych szatan\u00f3w<br>Bestii i r\u00f3wnie zepsutych \u0142ajdak\u00f3w<br>Wi\u0119c spotyka mnie ten r\u00f3wnie<br>W\u0105tpliwy sk\u0105din\u0105d z innej strony<br>Ale zaszczyt by by\u0107 na\u015bladowc\u0105<br>Chrystusa tak\u017ce w tej totalno\u015bci<br>Ob\u0142udy ku zbrodniom na nas<br>Naszych i naszym zreszt\u0105 to mnie<br>Czy nas spotyka na kroku<br>Chyba wsz\u0119dzie ka\u017cdym pod\u0142ug szatan\u00f3w<\/p>\n\n\n\n<p>&#8222;Wszyscy byli umoczeni&#8221; od tych<br>Cho\u0107by bliskich s\u0105siedztwa czy cho\u0107by<br>Tych bandyckich mi\u015bk\u00f3w czy innych<br>S\u0142u\u017cbist\u00f3w bestii &#8222;wszyscy byli umoczeni&#8221;<br>W ob\u0142udzie ku k\u0142amstwom bestii<br>A te mi\u015bki czy inni<br>Niby str\u00f3\u017ce prawa by\u0107 powinni<br>A wsp\u00f3\u0142uczestnicz\u0105 przecie\u017c ca\u0142kowicie w<br>Ob\u0142udzie szata\u0144skiej zepsutych bestii \u0142ajdactwa<br>Byleby tylko spe\u0142nia\u0107 ich zbrodnie<\/p>\n\n\n\n<p>I ja mia\u0142bym si\u0119 na wszelkich<br>Takich ob\u0142udnikach jako\u015b oprze\u0107<br>W walce a raczej obronie<br>Sprawiedliwej i s\u0142usznej przeciwko zbrodniom<br>I k\u0142amliwym d\u0105\u017ceniom tych szatan\u00f3w<br>To tak &#8222;jakbym mia\u0142<br>Si\u0119 oprze\u0107 na lasce trzcinowej<br>Kt\u00f3ra przebi\u0142a by r\u0119k\u0119 moj\u0105&#8221;<br>U\u017cywaj\u0105c biblijnej tej przeno\u015bni<\/p>\n\n\n\n<p>Ale wybaczam im to wszystko<br>Bo to oni &#8222;nie wiedz\u0105<br>Co czyni\u0105&#8221; tak wsp\u00f3\u0142dzia\u0142aj\u0105c z<br>Ob\u0142ud\u0105 sromotn\u0105 ku zbrodniom wierutnym<br>Zreszt\u0105 wszelkich tych zepsutych szatan\u00f3w<br>&#8222;Przebacz im Bo\u017ce bo<br>Nie wiedz\u0105 co czyni\u0105 &#8222;<br>Ale oni nie ja bynajmniej<br>Przeciwko tym dzieciom Boga wiernym<br>Co nie podoba si\u0119 \u015bwiatu<br>Bo nie post\u0119puje wed\u0142ug Boga<br>Lecz k\u0142amstw bestii cywilizacji \u015bmierci<br>I przemocy wszelkich szatan\u00f3w wykazanych<\/p>\n\n\n\n<figure class=\"wp-block-gallery has-nested-images columns-default is-cropped wp-block-gallery-1 is-layout-flex wp-block-gallery-is-layout-flex\">\n<figure class=\"wp-block-image size-large\"><a href=\"https:\/\/hubertpietka.bialystok.pl\/wp-content\/uploads\/2026\/01\/1000046514.jpg\"><img loading=\"lazy\" decoding=\"async\" width=\"1024\" height=\"771\" data-id=\"10189\" src=\"https:\/\/hubertpietka.bialystok.pl\/wp-content\/uploads\/2026\/01\/1000046514-1024x771.jpg\" alt=\"\" class=\"wp-image-10189\" srcset=\"https:\/\/hubertpietka.bialystok.pl\/wp-content\/uploads\/2026\/01\/1000046514-1024x771.jpg 1024w, https:\/\/hubertpietka.bialystok.pl\/wp-content\/uploads\/2026\/01\/1000046514-300x226.jpg 300w, https:\/\/hubertpietka.bialystok.pl\/wp-content\/uploads\/2026\/01\/1000046514-768x578.jpg 768w, https:\/\/hubertpietka.bialystok.pl\/wp-content\/uploads\/2026\/01\/1000046514-1536x1157.jpg 1536w, https:\/\/hubertpietka.bialystok.pl\/wp-content\/uploads\/2026\/01\/1000046514.jpg 2040w\" sizes=\"auto, (max-width: 1024px) 100vw, 1024px\" \/><\/a><\/figure>\n<\/figure>\n\n\n\n<p><em>Troch\u0119 to wszystko smutne<br>Ale niech tam ja wiem<br>Co mam czyni\u0107 czy m\u00f3wi\u0107<br>Pod\u0142\u00f3g Boga nie tych szatan\u00f3w<br>Czy r\u00f3wnie umoczonego w ob\u0142udzie<br>Ku zbrodniom tych bestii \u0142ajdactwa<br>Chyba ca\u0142ego tego zepsutego \u015bwiata<br>A przecie\u017c B\u00f3g zawsze stawa\u0142<br>Na przek\u00f3r takiej wszelkiej \u015bwiatowo\u015bci<br>Przez s\u0142ugi swoje umoczonej w<br>Ob\u0142udzie ku k\u0142amstwom zbrodni sromotnych<br>Na przek\u00f3r wszelkiej szata\u0144skiej przemocy<\/em><\/p>\n","protected":false},"excerpt":{"rendered":"<p>Jak w komunie jak wPRL-u w tym totalitarnym pa\u0144stwieSzata\u0144skich bestii &#8222;wszyscy byli umoczeni&#8221;Ob\u0142ud\u0105 ku k\u0142amstwom tych szatan\u00f3w Od najbli\u017cszej rodziny poza \u017con\u0105Dlatego j\u0105 tak szatany&hellip; <\/p>\n","protected":false},"author":1,"featured_media":0,"parent":0,"menu_order":0,"comment_status":"closed","ping_status":"closed","template":"","meta":{"footnotes":""},"class_list":["post-10188","page","type-page","status-publish","hentry"],"_links":{"self":[{"href":"https:\/\/hubertpietka.bialystok.pl\/index.php?rest_route=\/wp\/v2\/pages\/10188","targetHints":{"allow":["GET"]}}],"collection":[{"href":"https:\/\/hubertpietka.bialystok.pl\/index.php?rest_route=\/wp\/v2\/pages"}],"about":[{"href":"https:\/\/hubertpietka.bialystok.pl\/index.php?rest_route=\/wp\/v2\/types\/page"}],"author":[{"embeddable":true,"href":"https:\/\/hubertpietka.bialystok.pl\/index.php?rest_route=\/wp\/v2\/users\/1"}],"replies":[{"embeddable":true,"href":"https:\/\/hubertpietka.bialystok.pl\/index.php?rest_route=%2Fwp%2Fv2%2Fcomments&post=10188"}],"version-history":[{"count":1,"href":"https:\/\/hubertpietka.bialystok.pl\/index.php?rest_route=\/wp\/v2\/pages\/10188\/revisions"}],"predecessor-version":[{"id":10190,"href":"https:\/\/hubertpietka.bialystok.pl\/index.php?rest_route=\/wp\/v2\/pages\/10188\/revisions\/10190"}],"wp:attachment":[{"href":"https:\/\/hubertpietka.bialystok.pl\/index.php?rest_route=%2Fwp%2Fv2%2Fmedia&parent=10188"}],"curies":[{"name":"wp","href":"https:\/\/api.w.org\/{rel}","templated":true}]}}