{"id":10284,"date":"2026-02-11T22:17:56","date_gmt":"2026-02-11T22:17:56","guid":{"rendered":"https:\/\/hubertpietka.bialystok.pl\/?page_id=10284"},"modified":"2026-02-11T22:17:56","modified_gmt":"2026-02-11T22:17:56","slug":"zgroza-slow-brzydkich-nawet-wulgurazmow-nie-przeszkadza-przyzwoitym-zewnetrznie-szatanom-dazyc-do-wszelkich-zbrodni-potwornych-i-obludnikom-lajdackim-na-to-sie-wlasnie-godzic","status":"publish","type":"page","link":"https:\/\/hubertpietka.bialystok.pl\/?page_id=10284","title":{"rendered":"Zgroza s\u0142\u00f3w brzydkich nawet wulgurazm\u00f3w \/ nie przeszkadza przyzwoitym zewn\u0119trznie szatanom &#8211; d\u0105\u017cy\u0107 do wszelkich zbrodni potwornych \/ i ob\u0142udnikom \u0142ajdackim na to si\u0119 w\u0142a\u015bnie godzi\u0107"},"content":{"rendered":"\n<p>\u015aci\u015ble okre\u015blona jest \u0142aska szatan\u00f3w<br>Je\u015bli jest jaka\u015b to podejrzana<br>Ze szkod\u0105 odpowiedni\u0105 dla nas<br>Albo z niby jakim\u015b potwierdzeniem<br>Ich chorych zap\u0119d\u00f3w ob\u0142\u0119dnie<br>Mo\u017cna przyj\u0105\u0107 tak\u0105 zasad\u0119 og\u00f3ln\u0105<\/p>\n\n\n\n<p>A teraz ob\u0142udnicy zreszt\u0105 wszelacy<br>Czy B\u00f3g powiedzia\u0142 gdzie\u015b kiedykolwiek<br>W Biblii \u017ce nie mo\u017cna<br>M\u00f3wi\u0107 brzydko zw\u0142aszcza w afekcie<br>Za to powiedzia\u0142 nie zabijaj<br>Ale to wam szatany jako\u015b<br>I nie przeszkadza<br>I nie widzicie jako\u015b zepsuci<br>Tu pewnej m\u00f3wi\u0105c delikatnie niewsp\u00f3\u0142mierno\u015bci<br>M\u00f3wi\u0107 brzydko a zabija\u0107<br>Nie wydaje wam si\u0119 szatany<br>\u017be jest tu kontrast du\u017cy<br>Zw\u0142aszcza wtedy gdy u\u017cywa si\u0119<br>Nawet je\u015bli wulgaryzm\u00f3w w afekcie<br>Cho\u0107by stresu gdy kto\u015b chce<br>Jak wy szatany nam z\u0142o<br>Czyni\u0107 zawsze wsz\u0119dzie odpowiednie<br>Nie widzicie jako\u015b zepsuci ob\u0142udnicy<br>Tu do\u015b\u0107 znacznej przecie\u017c ra\u017c\u0105cej wr\u0119cz r\u00f3\u017cnicy<\/p>\n\n\n\n<p>Jak bym by\u0142 jak wy<br>Wszelcy zreszt\u0105 zepsuci to bym<br>Wam z\u0142o\u017ceczy\u0142 by\u015bcie \u017cyli<br>W takim stresie jaki nam<br>Funduj\u0105 te wszelkie zreszt\u0105 szatany<br>Bestie i \u0142ajdacy realn\u0105 groz\u0105<br>Nas zabijania zniewalania nas naszego<br>I naszych na wszelkie zreszt\u0105<br>Mo\u017cliwe chyba sposoby niszczenie<br>\u017byczy\u0142bym wam po\u017cy\u0107 tak troch\u0119<br>W takim stresie l\u0119ku grozie<br>Cho\u0107 przecie\u017c obludnicy s\u0105 twardog\u0142owi<br>Im tylko zawsze chodzi o<br>Ich egoizm samolubni pyszni<br>W sobie dufni to bym<br>Wam \u017cyczy\u0142 jak bym by\u0142<br>Jak wy szata\u0144scy by was<br>To w\u0142a\u015bnie bezpo\u015brednio dotyka\u0142o<br>Totalny rozstrza\u0142 mi\u0119dzy s\u0142owem nawet<br>Brzydkim twardym a zbrodni czynami<br>Ake tego jako\u015b nie dostrzegaj\u0105<br>To zepsute wszelk\u0105 ob\u0142ud\u0105 szatany<\/p>\n\n\n\n<p>A teraz szatany pr\u00f3bka tych<br>Moich mo\u017cliwo\u015bci odpowiednio ku waszej<br>Zapewne zepsutej nienawi\u015bci i z\u0142o\u015bci<\/p>\n\n\n\n<p>Ja wam kur(w)y dam ob\u0142udnicy<br>(W)pier(w od)dol(o)nym wam szatanom<br>Gra przyimk\u00f3w a co wy<br>Na to sromotnie zepsuci ob\u0142ud\u0105<br>Zreszt\u0105 wszelacy ju\u017c widz\u0119 tych<br>Niby przyzwoitych pot\u0119pienie tak im<br>Przecie\u017c z bestiami \u0142ajdactwem przyjemnie<br>Dop\u00f3ki oczywi\u015bcie z\u0142o tych wszelkich<br>Szatan\u00f3w nie dotknie ich samych<\/p>\n\n\n\n<p>To na koniec w tym<br>\u015awiecie z\u0142a bestii i \u0142ajdactwa<br>Mo\u017cna przecie\u017c zabija\u0107 zniewala\u0107 niszczy\u0107<br>W bia\u0142ych r\u0119kawiczkach kulturalnie nawet<br>I to ob\u0142udnikom nie przeszkadza<br>Ale sprzeciwia\u0107 si\u0119 temu protestowa\u0107<br>Przed ob\u0142ud\u0105 pod\u0142\u0105 ku zbrodniom<br>Tego wed\u0142ug zepsutych nie mo\u017cna<br>Nie wypada i mo\u017ce nawet<br>A przecie\u017c w zepsutym tym<br>\u015awiecie bestii zabija\u0107 mog\u0105 nawet<br>M\u0142odzie\u017c dzieci za to mo\u017ce<br>Nagrod\u0119 dostan\u0105 od szatana szatan\u00f3w<\/p>\n\n\n\n<figure class=\"wp-block-gallery has-nested-images columns-default is-cropped wp-block-gallery-1 is-layout-flex wp-block-gallery-is-layout-flex\">\n<figure class=\"wp-block-image size-large\"><a href=\"https:\/\/hubertpietka.bialystok.pl\/wp-content\/uploads\/2026\/02\/1000049872.jpg\"><img loading=\"lazy\" decoding=\"async\" width=\"771\" height=\"1024\" data-id=\"10285\" src=\"https:\/\/hubertpietka.bialystok.pl\/wp-content\/uploads\/2026\/02\/1000049872-771x1024.jpg\" alt=\"\" class=\"wp-image-10285\" srcset=\"https:\/\/hubertpietka.bialystok.pl\/wp-content\/uploads\/2026\/02\/1000049872-771x1024.jpg 771w, https:\/\/hubertpietka.bialystok.pl\/wp-content\/uploads\/2026\/02\/1000049872-226x300.jpg 226w, https:\/\/hubertpietka.bialystok.pl\/wp-content\/uploads\/2026\/02\/1000049872-768x1021.jpg 768w, https:\/\/hubertpietka.bialystok.pl\/wp-content\/uploads\/2026\/02\/1000049872-1156x1536.jpg 1156w, https:\/\/hubertpietka.bialystok.pl\/wp-content\/uploads\/2026\/02\/1000049872.jpg 1204w\" sizes=\"auto, (max-width: 771px) 100vw, 771px\" \/><\/a><\/figure>\n<\/figure>\n\n\n\n<p>To co tam z tym<br>\u015amietnikiem jeszcze powiem w \u015bwiecie<br>Terroryzmu \u015bmieci bestii oczywi\u015bcie skierowanego<br>Odpowiednio zawsze w tych im<br>Nienawistnych &#8222;przecedzaj\u0105 szatany papierki<br>By czyni\u0107 swe pod\u0142e zbrodnie&#8221;<br>Co za ob\u0142uda szatan\u00f3w niesko\u0144czona<br>Kt\u00f3ra uderza\u0107 ma zawsze<br>W przecie\u017c niewinnych ich szata\u0144stw<br>Tak naprawd\u0119 w prawdzie Boga<br>Ale oni przecie\u017c wszysto bestie<br>I \u0142ajdacy w szatanie<br>W z\u0142u przeciwko Bo\u017cym dzieciom<br>Niesko\u0144czona nigdy chyba ob\u0142uda sromotna<\/p>\n","protected":false},"excerpt":{"rendered":"<p>\u015aci\u015ble okre\u015blona jest \u0142aska szatan\u00f3wJe\u015bli jest jaka\u015b to podejrzanaZe szkod\u0105 odpowiedni\u0105 dla nasAlbo z niby jakim\u015b potwierdzeniemIch chorych zap\u0119d\u00f3w ob\u0142\u0119dnieMo\u017cna przyj\u0105\u0107 tak\u0105 zasad\u0119 og\u00f3ln\u0105 A&hellip; <\/p>\n","protected":false},"author":1,"featured_media":0,"parent":0,"menu_order":0,"comment_status":"closed","ping_status":"closed","template":"","meta":{"footnotes":""},"class_list":["post-10284","page","type-page","status-publish","hentry"],"_links":{"self":[{"href":"https:\/\/hubertpietka.bialystok.pl\/index.php?rest_route=\/wp\/v2\/pages\/10284","targetHints":{"allow":["GET"]}}],"collection":[{"href":"https:\/\/hubertpietka.bialystok.pl\/index.php?rest_route=\/wp\/v2\/pages"}],"about":[{"href":"https:\/\/hubertpietka.bialystok.pl\/index.php?rest_route=\/wp\/v2\/types\/page"}],"author":[{"embeddable":true,"href":"https:\/\/hubertpietka.bialystok.pl\/index.php?rest_route=\/wp\/v2\/users\/1"}],"replies":[{"embeddable":true,"href":"https:\/\/hubertpietka.bialystok.pl\/index.php?rest_route=%2Fwp%2Fv2%2Fcomments&post=10284"}],"version-history":[{"count":1,"href":"https:\/\/hubertpietka.bialystok.pl\/index.php?rest_route=\/wp\/v2\/pages\/10284\/revisions"}],"predecessor-version":[{"id":10286,"href":"https:\/\/hubertpietka.bialystok.pl\/index.php?rest_route=\/wp\/v2\/pages\/10284\/revisions\/10286"}],"wp:attachment":[{"href":"https:\/\/hubertpietka.bialystok.pl\/index.php?rest_route=%2Fwp%2Fv2%2Fmedia&parent=10284"}],"curies":[{"name":"wp","href":"https:\/\/api.w.org\/{rel}","templated":true}]}}