{"id":10417,"date":"2026-03-13T09:00:08","date_gmt":"2026-03-13T09:00:08","guid":{"rendered":"https:\/\/hubertpietka.bialystok.pl\/?page_id=10417"},"modified":"2026-03-13T09:00:08","modified_gmt":"2026-03-13T09:00:08","slug":"przyszli-podpalic-dom-swiat-wszystko-obluda-ku-przemocy-zniszczyc-wszelkie-boze-wartosci","status":"publish","type":"page","link":"https:\/\/hubertpietka.bialystok.pl\/?page_id=10417","title":{"rendered":"Przyszli &#8211; podpali\u0107 dom \u015bwiat wszystko \/ ob\u0142ud\u0105 ku przemocy &#8211; zniszczy\u0107 wszelkie Bo\u017ce warto\u015bci"},"content":{"rendered":"\n<p>Sk\u0105d oni przyszli<br>By nasze domy zniszczy\u0107<br>Bo chyba z nas<br>Nie wyro\u015bli bywa w tym<br>Narodzie zregenerowanie bywa\u0142o ale<br>Nie a\u017c takie<br>Wiem \u017ce maj\u0105 r\u00f3\u017cnych sprzedawczyk\u00f3w<br>Ale ich pozyskali raczej szanta\u017cem<br>Trosk\u0105 o tzw. dup\u0119 swoj\u0105<br>W obliczu przemocy tych bestii<\/p>\n\n\n\n<p>Dlaczego nasz dom chc\u0105 zniszczy\u0107<br>I domy tylu niewinnych ludzi<br>Dlaczego zabijaj\u0105 istnienia ludzkie proste<br>Dalej tak chc\u0105 jak by<br>Krew m\u0119czennik\u00f3w ju\u017c do Boga<br>Nie wo\u0142a\u0142a g\u0142o\u015bno a oni<br>Kpi\u0105 sobie z tego<br>Byleby tylko ku swoim zbrodniom<\/p>\n\n\n\n<p>Dlaczego niszcz\u0105 nam ma\u0142\u017ce\u0144stwo rodzin\u0119<br>Dlaczego wszystko chc\u0105 nam zabra\u0107<br>W Bo\u017cym \u015bwiecie jest miejsce<br>Dla wszystkich tak by\u0107 powinno<\/p>\n\n\n\n<p>Dlaczego rozgrywaj\u0105 wszystko nasze stresy<br>W obliczu ich chorej przemocy<br>Najpierw przeciw nam temu ma\u0142\u017ce\u0144stwu<br>Dlaczego ci\u0105gle im ma\u0142o<br>\u015amierci by zabi\u0107 zwierz\u0119ta bliskich<br>Dlaczego niszcz\u0105 wszystkie nasze miejsca<br>I ludzi kt\u00f3rzy nam s\u0142u\u017c\u0105<br>Pod\u0142ug paradygmatu wsp\u00f3lnoty Bo\u017cego dobra<br>Dlaczego im tak przeszkadza<br>To \u017ce si\u0119 poruszamy samochodami<br>Co to za ob\u0142\u0119dnie chora nienawi\u015b\u0107<br>Z\u0142o\u015b\u0107 na nas ten nar\u00f3d<br>Szatana i z\u0142em totalnym zapsutych<br>S\u0142ug zbrodni i diab\u0142a<\/p>\n\n\n\n<p>A jednak mamy tu wytrwa\u0107<br>Wbrew tej przemocy szata\u0144skiej<br>Ich d\u0105\u017ceniom ku zbrodniom potwornym<br>Ich szanta\u017com wszelkiej zepsutej ob\u0142udy<br>Tak\u017ce \u0142ajdak\u00f3w kt\u00f3rzy temu s\u0142u\u017c\u0105<br>Podsuwaj\u0105 mi m\u0142\u00f3dki jakie\u015b<br>One s\u0105 dla m\u0142odych ch\u0142opak\u00f3w<br>Nie dla mnie mi B\u00f3g<br>Da\u0142 t\u0105 moj\u0105 \u017con\u0119 w\u0142a\u015bnie<br>Kt\u00f3r\u0105 chc\u0105 zabi\u0107 pod\u0142ug przepowiedni<br>Fatimskiej \u017ce szatan jego s\u0142udzy<br>Chc\u0105 najpierw w tych czasach<br>To ma\u0142\u017ce\u0144stwo t\u0105 rodzin\u0119 zniszczy\u0107<br>Czy wy naprawd\u0119 tego<br>Nie rozumiecie nie widzicie<br>Bo tak wam jest wygodniej<\/p>\n\n\n\n<p>A B\u00f3g mi powiedzia\u0142 \u017ce<br>Z\u0142o\u017cy\u0142 dar w mojej duszy<br>Na te ostatnie czasy<br>Nie wiem mo\u017ce to jest<br>To moje pisanie w\u0142a\u015bnie<br>\u017beby tu stara\u0107 si\u0119 dookre\u015bla\u0107<br>To wszystko cho\u0107 to \u0142atwe<br>Nie jest wcale<br>W obliczu tej przemocy szata\u0144skiej<br>Na ka\u017cdym kroku na wszelkie<br>Sposoby przez r\u00f3\u017cnych \u0142ajdak\u00f3w<br>Wobec nas rozgrywanej ob\u0142ud\u0105 pod\u0142\u0105<br>Wiem tylko \u017ce mamy wytrwa\u0107<br>Dop\u00f3ki mo\u017cemy tylko i albo<br>Warto\u015bci Bo\u017ce zwyci\u0119\u017c\u0105 w tym<br>\u015awiecie albo poddaj\u0105c si\u0119 ob\u0142\u0119dowi<br>Bestii \u015bwiat odziedziczy to czemu<br>S\u0142u\u017cy na co si\u0119 godzi<br>Zniszczenie szata\u0144skie w sensie totalnym<br>To nie s\u0105 moje s\u0142owa<br>To prosta dedukcja spraw Bo\u017cych<\/p>\n\n\n\n<figure class=\"wp-block-gallery has-nested-images columns-default is-cropped wp-block-gallery-1 is-layout-flex wp-block-gallery-is-layout-flex\">\n<figure class=\"wp-block-image size-large\"><a href=\"https:\/\/hubertpietka.bialystok.pl\/wp-content\/uploads\/2026\/03\/1000055175.jpg\"><img loading=\"lazy\" decoding=\"async\" width=\"771\" height=\"1024\" data-id=\"10418\" src=\"https:\/\/hubertpietka.bialystok.pl\/wp-content\/uploads\/2026\/03\/1000055175-771x1024.jpg\" alt=\"\" class=\"wp-image-10418\" srcset=\"https:\/\/hubertpietka.bialystok.pl\/wp-content\/uploads\/2026\/03\/1000055175-771x1024.jpg 771w, https:\/\/hubertpietka.bialystok.pl\/wp-content\/uploads\/2026\/03\/1000055175-226x300.jpg 226w, https:\/\/hubertpietka.bialystok.pl\/wp-content\/uploads\/2026\/03\/1000055175-768x1021.jpg 768w, https:\/\/hubertpietka.bialystok.pl\/wp-content\/uploads\/2026\/03\/1000055175-1156x1536.jpg 1156w, https:\/\/hubertpietka.bialystok.pl\/wp-content\/uploads\/2026\/03\/1000055175.jpg 1204w\" sizes=\"auto, (max-width: 771px) 100vw, 771px\" \/><\/a><\/figure>\n<\/figure>\n\n\n\n<p><strong>I zrozumcie wreszcie \u017ce ja<br>Nie mog\u0119 inaczej ni\u017c wszystko<br>Tak pod\u0142ug zapatrywa\u0144 Bo\u017cych kwestii<br>Kt\u00f3re On z\u0142o\u017cy\u0142 we mnie<br>Nie ma dla mnie innej<br>Drogi nam je\u015bli bym chcia\u0142<br>Nie mog\u0119 przeciwko paradygmatowi tych<br>Bo\u017cych warto\u015bci wykracza\u0107 w jakikolwiek<br>Zreszt\u0105 spos\u00f3b tak\u017ce nie mn\u00f3\u017ccie<br>Sobie r\u00f3\u017cnych chorych opcji przysz\u0142o\u015bci<br>Bo to jest zas\u0142ona diab\u0142a<br>Kt\u00f3ra i tak zostanie rozerwana<br>Bo to B\u00f3g mi wyznacza<br>\u015acie\u017ck\u0119 nie \u015bwiat ten<br>Nawet je\u015bli wszyscy byliby mi<br>Nam w zwi\u0105zku z tym<br>Jako\u015b przeciwko nie mog\u0119 inaczej<\/strong><\/p>\n\n\n\n<p><em>Jezu ufam Tobie prowad\u017a przez<br>Te kamienie ob\u0142udy i przemocy<br>Przez k\u0142ody k\u0142amstw fa\u0142szywych oskar\u017ce\u0144<br>Bo my mamy i\u015b\u0107<br>Twoimi sprawami nie \u015bwiata<\/em><\/p>\n\n\n\n<p><strong><em><a href=\"https:\/\/youtu.be\/eOcpjMAfiNo\">Szymon Wydra &amp; Carpe Diem &#8211; \u015awiat jaki znam <\/a><\/em><\/strong><\/p>\n\n\n\n<p class=\"has-text-align-center\"><strong><em><a href=\"https:\/\/youtu.be\/wUQZ-bWpTbs\">Szymon Wydra &amp; Carpe Diem &#8211; Dla ciebie<\/a><\/em><\/strong> <\/p>\n\n\n\n<p class=\"has-text-align-right\"><strong><em><a href=\"https:\/\/youtu.be\/SpBWPZN1uCg\">Szymon Wydra &amp; Carpe Diem &#8211; Wci\u0105\u017c mamy moc<\/a><\/em><\/strong><\/p>\n","protected":false},"excerpt":{"rendered":"<p>Sk\u0105d oni przyszliBy nasze domy zniszczy\u0107Bo chyba z nasNie wyro\u015bli bywa w tymNarodzie zregenerowanie bywa\u0142o aleNie a\u017c takieWiem \u017ce maj\u0105 r\u00f3\u017cnych sprzedawczyk\u00f3wAle ich pozyskali raczej&hellip; <\/p>\n","protected":false},"author":1,"featured_media":0,"parent":0,"menu_order":0,"comment_status":"closed","ping_status":"closed","template":"","meta":{"footnotes":""},"class_list":["post-10417","page","type-page","status-publish","hentry"],"_links":{"self":[{"href":"https:\/\/hubertpietka.bialystok.pl\/index.php?rest_route=\/wp\/v2\/pages\/10417","targetHints":{"allow":["GET"]}}],"collection":[{"href":"https:\/\/hubertpietka.bialystok.pl\/index.php?rest_route=\/wp\/v2\/pages"}],"about":[{"href":"https:\/\/hubertpietka.bialystok.pl\/index.php?rest_route=\/wp\/v2\/types\/page"}],"author":[{"embeddable":true,"href":"https:\/\/hubertpietka.bialystok.pl\/index.php?rest_route=\/wp\/v2\/users\/1"}],"replies":[{"embeddable":true,"href":"https:\/\/hubertpietka.bialystok.pl\/index.php?rest_route=%2Fwp%2Fv2%2Fcomments&post=10417"}],"version-history":[{"count":1,"href":"https:\/\/hubertpietka.bialystok.pl\/index.php?rest_route=\/wp\/v2\/pages\/10417\/revisions"}],"predecessor-version":[{"id":10419,"href":"https:\/\/hubertpietka.bialystok.pl\/index.php?rest_route=\/wp\/v2\/pages\/10417\/revisions\/10419"}],"wp:attachment":[{"href":"https:\/\/hubertpietka.bialystok.pl\/index.php?rest_route=%2Fwp%2Fv2%2Fmedia&parent=10417"}],"curies":[{"name":"wp","href":"https:\/\/api.w.org\/{rel}","templated":true}]}}