{"id":10477,"date":"2026-03-31T11:45:03","date_gmt":"2026-03-31T11:45:03","guid":{"rendered":"https:\/\/hubertpietka.bialystok.pl\/?page_id=10477"},"modified":"2026-03-31T11:45:03","modified_gmt":"2026-03-31T11:45:03","slug":"nienawisc-zepsucia-moralnego-tych-niby-lepszych-obludnikow-powoduje-zawisc-i-pozadania-zbrodniczosci-wobec-tych-malych-dzieci-bozych","status":"publish","type":"page","link":"https:\/\/hubertpietka.bialystok.pl\/?page_id=10477","title":{"rendered":"Nienawi\u015b\u0107 zepsucia moralnego &#8211; tych niby lepszych ob\u0142udnik\u00f3w \/ powoduje zawi\u015b\u0107 i po\u017c\u0105dania zbrodniczo\u015bci &#8211; wobec tych ma\u0142ych dzieci Bo\u017cych"},"content":{"rendered":"\n<p>Idea\u0142 przewrotno\u015bci szata\u0144skiej bestii \u0142ajdak\u00f3w<br>Prze\u015bladowa\u0107 na ka\u017cdym kroku<br>Jak nie zabi\u0107 to zniewoli\u0107<br>Lub chocia\u017c jako\u015b by zaszkodzi\u0107<br>A mo\u017cna i wszystko razem<br>Przez podleg\u0142ych znieprawieniu bestii r\u00f3\u017cnych \u0142ajdak\u00f3w<br>Na przemian i jednocze\u015bnie<br>Szata\u0144ski wprost idea\u0142 bestii<\/p>\n\n\n\n<p>Zreszt\u0105 wszystkich zepsu\u0107 moralnie z\u0142ajdaczy\u0107<br>Ku z\u0142u dla nas naszego<br>I naszych te\u017c idea\u0142 szatan\u00f3w<br>A najwi\u0119ksz\u0105 zdobycz\u0105 bestialskich ob\u0142udnik\u00f3w<br>Jest przewrotnymi uczyni\u0107 wierz\u0105cych katolik\u00f3w<br>Na ka\u017cdego oni przecie\u017c znajd\u0105<br>Sw\u00f3j szanta\u017c bestialski by post\u0119powali<br>Z szata\u0144skim rozmys\u0142em nam przeciwko<br>Zw\u0142aszcza gdy s\u0105 nam blisko<br>Cho\u0107by s\u0105siedzi wiedz\u0105 jak to<br>Wykorzystywa\u0107 szatany by \u0142ajdaczyli wszyscy<br>Pod\u0142ug ich tez szata\u0144skiego ob\u0142\u0119du<br>Zreszt\u0105 wszelkich najlepiej by wszyscy<br>Wpisywali si\u0119 w szata\u0144skie oskar\u017cenia<br>Bestii cho\u0107by o naszym oczywi\u015bcie<br>A jak\u017ce niedostosowaniu spo\u0142ecznym<\/p>\n\n\n\n<p>Jedni maj\u0105 zabi\u0107 inni szkodzi\u0107<br>Jeszcze inni jak ci misiowi<br>Ob\u0142udnicy i inni s\u0142u\u017cbowi no<br>Zobacz str\u00f3\u017ce prawa a post\u0119powa\u0107<br>Maj\u0105 prostacko pod\u0142ug k\u0142amstw ku<br>Prowokacjom odpowiednim oczywi\u015bcie zepsutym bestii<br>Tak wszelkie zreszt\u0105 s\u0142u\u017cbistowe \u0142ajdactwo<br>Czy wszelcy ochraniaczyki r\u00f3\u017cne cho\u0107by<br>Kt\u00f3re przemoc\u0105 maj\u0105 wsp\u00f3\u0142tworzy\u0107 zbrodnie<br>Wszelkie zreszt\u0105 ob\u0142udne tych szatan\u00f3w<\/p>\n\n\n\n<p>I chyba tak jest u<br>Tego ca\u0142ego ob\u0142udnego \u0142ajdactwa<br>\u017be ich nienawi\u015b\u0107 wynikaj\u0105c\u0105 z<br>M\u00f3wi\u0105c delikatnie wszelkiego nieuporz\u0105dkowania moralnego<br>Nakr\u0119ca zawi\u015b\u0107 \u017ce ja si\u0119<br>O\u015bmielam to wszystko opisywa\u0107 odpowiednio<br>A przecie\u017c oni s\u0105 lepsi<br>W z\u0142u oczywi\u015bcie mo\u017ce bogatsi<br>Pogardzaj\u0105 te\u017c tymi ma\u0142ymi dzie\u0107mi<br>Bo\u017cymi zreszt\u0105 wszelkimi bo uwa\u017caj\u0105<br>Ob\u0142udnicy szata\u0144scy \u017ce maj\u0105 prawo<br>Decydowa\u0107 o czyim\u015b \u017cyciu wolno\u015bci<br>Stanie posiadania czy stanie trwania<br>W \u0142asce jak cho\u0107by to<br>Ma\u0142\u017ce\u0144stwo nasze oczywi\u015bcie nie przeszkadzaj\u0105<br>\u0141ajdakom inne propozycje pod\u0142ug zepsucia<br>Moralnego ich i bestii<br>Co do mojego stanu trwania<br>Ale do tego nie dojdzie<br>Bo daj Bo\u017ce nie b\u0119d\u0119<br>Nigdy uczestniczy\u0142 w tym zepsuciu<br>By pod\u0142ug ob\u0142udnik\u00f3w zaprzecza\u0107 tej<br>Bo\u017cej \u0142asce stanu sakramentu ma\u0142\u017ce\u0144stwa<br>I to im si\u0119 nie podoba<br>Bo przecie\u017c szanta\u017cuj\u0105 bestie zawsze<br>I trzeba t\u0105 moj\u0105 \u017con\u0119<br>Pod\u0142ug ob\u0142udnik\u00f3w szata\u0144skich z\u0142o\u017cy\u0107 w<br>Ofierze jej \u017cycie wolno\u015b\u0107 zdrowie<br>Na o\u0142tarzu bestii i szatana<br>Nie widz\u0105 oczywi\u015bcie ob\u0142udnicy tu<br>Zaprzeczenia wszelkich Bo\u017cych spraw warto\u015bci<br>Ale tak nie b\u0119dzie<br>Wbrew tym ob\u0142udnikom zreszt\u0105 wszelkim<br>Tak mi Bo\u017ce dopom\u00f3\u017c<\/p>\n\n\n\n<p>Bestie mszcz\u0105 si\u0119 zawsze oczywi\u015bcie<br>Cho\u0107by wobec ofiar ich bestialstw<br>Niewinnych m\u0119czennik\u00f3w tego ob\u0142\u0119dnego szata\u0144stwa<br>Ale ja si\u0119 ugi\u0105\u0107 tu<br>Nie mog\u0119 bo nie przed<br>Bestiami ja stoj\u0105 zawsze najpierw<br>I nie przed wszelkim \u0142ajdactwem<br>Lecz przed trybuna\u0142em Bo\u017cym<br>Tak\u017ce w g\u0142\u0119bi w\u0142a\u015bciwie ukszta\u0142towanego<br>Sumienia i poryw\u00f3w serca najcz\u0119stszych<br>Nie pod\u0142ug przemocy szatan\u00f3w mam<br>Ja post\u0119powa\u0107 lecz w \u0142\u0105czno\u015bci<br>Zawsze z Bogiem i warto\u015bciami niezmiennymi<br>Co podwa\u017ca\u0107 chc\u0105 w\u0142a\u015bnie szatany<br>Pod\u0142ug relatywizacji ideologicznej wszystkich warto\u015bci<br>Jednak ja zawsze b\u0119d\u0119 post\u0119powa\u0142<br>Wed\u0142ug sumienia i praw Bo\u017cych<br>Tak naprawd\u0119 niezmiennych i odwiecznych<br>Nie pod\u0142ug przemocy szata\u0144skiej bestii<br>I r\u00f3wnie zepsutego \u0142ajdactwa zreszt\u0105<br>W czym mi Bo\u017ce dopom\u00f3\u017c<br>Wbrew tym wszelkim ob\u0142udniom zbrodniczym<br>I ich \u017c\u0105dzy wszelkich zbrodni<br>Ob\u0142\u0105kanych szata\u0144sko wbrew tej wszelkiej<br>Pot\u0119pie\u0144czej sprzedawczykowej demoralizacji i zepsuciu<br>Wszelkim moralnym dusz serc ludzkich<br>Skoro nie widz\u0105 tego wszystkiego<br>To zatracili ju\u017c wra\u017cliwo\u015b\u0107 prawdziw\u0105<br>Na wszelkie wa\u017ckie sprawy Bo\u017ce<br>I wypieprzajcie ode mnie ob\u0142udnicy<br>Ze swym sprzedawczykowstwem chorym kt\u00f3rymi<br>Mi chcecie p\u0142aci\u0107 za zdrad\u0119<br>Warto\u015bci ludzkich prawdziwych i Bo\u017cych<br>Nigdy mnie do tego nie<br>Przysposobicie bo ja wol\u0119 umrze\u0107<br>Ni\u017c by\u0107 \u0142ajdackim zdrajc\u0105 sprzedawczykiem<br>A co proponuj\u0105 mi szatany<br>Co chwil\u0119 internetowo w telefonie<br>Id\u017acie precz z tym ca\u0142ym<br>Waszym chorym ob\u0142\u0119dnie zepsuciem szata\u0144skim<br>Czemu obludnicy bo *<strong><em>Temu<\/em><\/strong>* w\u0142a\u015bnie<br><em>Jezu ufam Tobie ave Maria<\/em><\/p>\n\n\n\n<figure class=\"wp-block-gallery has-nested-images columns-default is-cropped wp-block-gallery-1 is-layout-flex wp-block-gallery-is-layout-flex\">\n<figure class=\"wp-block-image size-large\"><a href=\"https:\/\/hubertpietka.bialystok.pl\/wp-content\/uploads\/2026\/03\/1000058964.jpg\"><img loading=\"lazy\" decoding=\"async\" width=\"771\" height=\"1024\" data-id=\"10478\" src=\"https:\/\/hubertpietka.bialystok.pl\/wp-content\/uploads\/2026\/03\/1000058964-771x1024.jpg\" alt=\"\" class=\"wp-image-10478\" srcset=\"https:\/\/hubertpietka.bialystok.pl\/wp-content\/uploads\/2026\/03\/1000058964-771x1024.jpg 771w, https:\/\/hubertpietka.bialystok.pl\/wp-content\/uploads\/2026\/03\/1000058964-226x300.jpg 226w, https:\/\/hubertpietka.bialystok.pl\/wp-content\/uploads\/2026\/03\/1000058964-768x1021.jpg 768w, https:\/\/hubertpietka.bialystok.pl\/wp-content\/uploads\/2026\/03\/1000058964-1156x1536.jpg 1156w, https:\/\/hubertpietka.bialystok.pl\/wp-content\/uploads\/2026\/03\/1000058964.jpg 1204w\" sizes=\"auto, (max-width: 771px) 100vw, 771px\" \/><\/a><\/figure>\n<\/figure>\n\n\n\n<p><strong>I ani mi Ani i z nami<br>Naszymi i naszym zepsute zdemoralizowaniem szata\u0144skim<br>Bestie i \u0142ajdacy jacykolwiek zreszt\u0105 id\u017acie precz<br>Od nas i wszelkich prawdziwych Bo\u017cych dzieci<\/strong><\/p>\n","protected":false},"excerpt":{"rendered":"<p>Idea\u0142 przewrotno\u015bci szata\u0144skiej bestii \u0142ajdak\u00f3wPrze\u015bladowa\u0107 na ka\u017cdym krokuJak nie zabi\u0107 to zniewoli\u0107Lub chocia\u017c jako\u015b by zaszkodzi\u0107A mo\u017cna i wszystko razemPrzez podleg\u0142ych znieprawieniu bestii r\u00f3\u017cnych \u0142ajdak\u00f3wNa&hellip; <\/p>\n","protected":false},"author":1,"featured_media":0,"parent":0,"menu_order":0,"comment_status":"closed","ping_status":"closed","template":"","meta":{"footnotes":""},"class_list":["post-10477","page","type-page","status-publish","hentry"],"_links":{"self":[{"href":"https:\/\/hubertpietka.bialystok.pl\/index.php?rest_route=\/wp\/v2\/pages\/10477","targetHints":{"allow":["GET"]}}],"collection":[{"href":"https:\/\/hubertpietka.bialystok.pl\/index.php?rest_route=\/wp\/v2\/pages"}],"about":[{"href":"https:\/\/hubertpietka.bialystok.pl\/index.php?rest_route=\/wp\/v2\/types\/page"}],"author":[{"embeddable":true,"href":"https:\/\/hubertpietka.bialystok.pl\/index.php?rest_route=\/wp\/v2\/users\/1"}],"replies":[{"embeddable":true,"href":"https:\/\/hubertpietka.bialystok.pl\/index.php?rest_route=%2Fwp%2Fv2%2Fcomments&post=10477"}],"version-history":[{"count":1,"href":"https:\/\/hubertpietka.bialystok.pl\/index.php?rest_route=\/wp\/v2\/pages\/10477\/revisions"}],"predecessor-version":[{"id":10479,"href":"https:\/\/hubertpietka.bialystok.pl\/index.php?rest_route=\/wp\/v2\/pages\/10477\/revisions\/10479"}],"wp:attachment":[{"href":"https:\/\/hubertpietka.bialystok.pl\/index.php?rest_route=%2Fwp%2Fv2%2Fmedia&parent=10477"}],"curies":[{"name":"wp","href":"https:\/\/api.w.org\/{rel}","templated":true}]}}