{"id":10504,"date":"2026-04-03T19:07:02","date_gmt":"2026-04-03T19:07:02","guid":{"rendered":"https:\/\/hubertpietka.bialystok.pl\/?page_id=10504"},"modified":"2026-04-03T19:07:02","modified_gmt":"2026-04-03T19:07:02","slug":"wykolejency-totalni-zbrodnicze-klamliwe-bestie-pacyny-lajdactwo-przyblizaja-koniec-tego-swiata-fundamentalnie-podlug-terroryzmu-przemocy-na-niewinnych-dzieciach-bozych","status":"publish","type":"page","link":"https:\/\/hubertpietka.bialystok.pl\/?page_id=10504","title":{"rendered":"Wykoleje\u0144cy totalni &#8211; zbrodnicze k\u0142amliwe bestie pacyny \u0142ajdactwo \/ przybli\u017caj\u0105 koniec tego \u015bwiata fundamentalnie &#8211; pod\u0142ug terroryzmu przemocy \/ na niewinnych dzieciach Bo\u017cych"},"content":{"rendered":"\n<p>Tak naprawd\u0119 tym pacynom i<br>Im wyznawcom chodzi tylko i<br>Wy\u0142\u0105cznie o w\u0142asn\u0105 cze\u015b\u0107 skoro<br>Nie wa\u017cna jest dla nich<br>&#8222;Ohyda spustoszenia&#8221; kt\u00f3r\u0105 rozdzielaj\u0105 szerz\u0105<br>Tylko samolubstwa w\u0142asne by im<br>Przyzna\u0107 chwa\u0142\u0119 a nie Bogu<br>A przecie\u017c ja sam tylko<br>Z siebie tego wszystkiego zgo\u0142a<br>Nie m\u00f3g\u0142 bym rozezna\u0107 jakby<br>Mi B\u00f3g nie da\u0142 pozna\u0107<br>Ale w S\u0142owie Bo\u017cym powiedziano<br>\u017be u ko\u0144cu czas\u00f3w tak<br>B\u0119dzie w\u0142a\u015bnie a\u017c do ko\u0144ca<br>Ale pacyny i ich wyznawcy<br>Maj\u0105 na to swoje k\u0142amstwa<br>Poza tym mnie te\u017c by<br>Nie odrzucali w imi\u0119 k\u0142amstw<br>Bestii i nie wsp\u00f3\u0142pracowali by<br>Z ich zbrodniami przeciwko<br>Dzieciom Bo\u017cym bo ja nie<br>Id\u0119 sam z siebie<br>W ten spos\u00f3b daleko bym<br>Nie zaszed\u0142 ju\u017c dawno by<br>Mnie nie by\u0142o i zepsutego<br>Cho\u0107by w taki spos\u00f3b \u015bwiata<br>W\u0142a\u015bnie tego kt\u00f3ry oddawa\u0107 ma<br>Cze\u015b\u0107 nie Bogu w prawdzie<br>Lecz pacynom i \u0142ajdactwu<br>Bo czy\u017c tutaj to ta\u0142atajstwo<br>Nie jest wyznawcami pacyn takich<br>I k\u0142amstw i zbrodni bestii<br>Przeciwko cho\u0107by tym dzieciom Bo\u017cym<br>Jakby z Boga byli i<br>To \u0142ajdactwo i te pacyny<br>To by mnie nas nie<br>Odrzucali bynajmniej w imi\u0119 ich<br>K\u0142amstw i bestii bo im<br>Zawsze najpierw o swoj\u0105 chwa\u0142\u0119<br>Chodzi nie Boga dzieci Bo\u017cych<br>Nie d\u0105\u017cyli by na zaparte<br>Do swych zbrodni chorych tak\u017ce<\/p>\n\n\n\n<p>I teraz to \u0142ajdackie tu<br>Ta\u0142atajstwo prostackie ma mnie napada\u0107<br>Czy nas potem bo k\u0142amstw<br>Bestii i \u0142ajdactwa nie g\u0142osz\u0119<br>I nie popieram ich zbrodni<br>Cho\u0107by na \u017conie czy innych<br>Dzieciach Bo\u017cych to teraz to<br>Prostactwo se mo\u017ce wkracza\u0107 na<br>Czyj\u0105\u015b w\u0142asno\u015b\u0107 jak to pasuje<br>Bestiom i \u0142ajdactwu ich zbrodniom<br>To takim bydlakom wszystko mo\u017cna<br>Nawet gwa\u0142ci\u0107 czyj\u0105\u015b w\u0142asno\u015b\u0107 czy<br>Cho\u0107by nietykalno\u015b\u0107 osobist\u0105 to tak<br>Mo\u017cna w tym popapranym pa\u0144stwie<br>Tych bestii r\u00f3wnie zepsutego \u0142ajdactwa<br>A te ob\u0142udniki misiowe to<br>Mo\u017ce jeszcze b\u0119d\u0105 wspiera\u0107 te<br>Napa\u015bci a czy\u017c nie podobnie<br>Z tym bydlakiem podwijskim tam<br>Wobec \u017cony czy mnie odpowiednio<br>Czy tam zreszt\u0105 jakie bydlaki<br>Jak mnie tam nie ma<br>Z ni\u0105 z nimi a<br>Mo\u017cna te\u017c przecie\u017c zabi\u0107 bestialsko<br>J\u0105 czy te zwierz\u0119ta<br>\u017be nie wspomn\u0119 o bliskich<br>Czy innych pomocnych czy \u017cyczliwych<br>Szatanom pod\u0142ug szatan\u00f3w wszystko mo\u017cna<br>I szatany maj\u0105 czas zawsze<br>Na swe szata\u0144stwa te\u017c odpowiedni<\/p>\n\n\n\n<figure class=\"wp-block-gallery has-nested-images columns-default is-cropped wp-block-gallery-1 is-layout-flex wp-block-gallery-is-layout-flex\">\n<figure class=\"wp-block-image size-large\"><a href=\"https:\/\/hubertpietka.bialystok.pl\/wp-content\/uploads\/2026\/04\/1000059398.jpg\"><img loading=\"lazy\" decoding=\"async\" width=\"1024\" height=\"771\" data-id=\"10505\" src=\"https:\/\/hubertpietka.bialystok.pl\/wp-content\/uploads\/2026\/04\/1000059398-1024x771.jpg\" alt=\"\" class=\"wp-image-10505\" srcset=\"https:\/\/hubertpietka.bialystok.pl\/wp-content\/uploads\/2026\/04\/1000059398-1024x771.jpg 1024w, https:\/\/hubertpietka.bialystok.pl\/wp-content\/uploads\/2026\/04\/1000059398-300x226.jpg 300w, https:\/\/hubertpietka.bialystok.pl\/wp-content\/uploads\/2026\/04\/1000059398-768x578.jpg 768w, https:\/\/hubertpietka.bialystok.pl\/wp-content\/uploads\/2026\/04\/1000059398-1536x1156.jpg 1536w, https:\/\/hubertpietka.bialystok.pl\/wp-content\/uploads\/2026\/04\/1000059398.jpg 1600w\" sizes=\"auto, (max-width: 1024px) 100vw, 1024px\" \/><\/a><\/figure>\n<\/figure>\n\n\n\n<p><em>A czy\u017c nie ten w\u0142a\u015bnie<br>Czas Wielkanocy te szata\u0144skie bestie<br>Totalnie i na wskro\u015b przygotowa\u0142y<br>Czas rzezi dla dzieci Bo\u017cych<br>Tych niepodleg\u0142ych szata\u0144stwu bestii \u0142ajdactwa<br>Niesko\u0144czone to szata\u0144stwo wprost<br>Czas rzezi zdrajc\u00f3w cz\u0142owiecze\u0144stwa ludzko\u015bci<br>Na czas Wielkanocny takie rzeczy<br>To mog\u0142y tylko szatany wymy\u015bli\u0107<br>Pod\u0142ug szatana to wszystko ca\u0142kowicie<br>I wymiernie ta pod\u0142o\u015b\u0107 bezmierna<br>Ale szatany przecie\u017c nie mog\u0105<br>\u017by\u0107 bez swych zbrodni i<br>K\u0142amstw podobnie to zepsute \u0142ajdactwo<br>B\u00f3g te\u017c dope\u0142ni Swej miary<br>Bo\u017cego gniewu pod\u0142ug was sromotni<br>Ob\u0142udnicy i zbrodniarze zepsuci totalnie<br>Ca\u0142y \u015bwiat zap\u0142aci za szata\u0144stwa<br>Wykolejonych padalc\u00f3w bestii i \u0142ajdactwa<br>Popapranych wszelkimi najgorszymi zbrodniami k\u0142amstwami<\/em><\/p>\n\n\n\n<p><strong>Ani mi Ani z nami<br>Naszymi i naszym i spadajcie<br>Wszelcy popapra\u0144cy zbrodniami i k\u0142amstwami<\/strong><\/p>\n","protected":false},"excerpt":{"rendered":"<p>Tak naprawd\u0119 tym pacynom iIm wyznawcom chodzi tylko iWy\u0142\u0105cznie o w\u0142asn\u0105 cze\u015b\u0107 skoroNie wa\u017cna jest dla nich&#8222;Ohyda spustoszenia&#8221; kt\u00f3r\u0105 rozdzielaj\u0105 szerz\u0105Tylko samolubstwa w\u0142asne by imPrzyzna\u0107&hellip; <\/p>\n","protected":false},"author":1,"featured_media":0,"parent":0,"menu_order":0,"comment_status":"closed","ping_status":"closed","template":"","meta":{"footnotes":""},"class_list":["post-10504","page","type-page","status-publish","hentry"],"_links":{"self":[{"href":"https:\/\/hubertpietka.bialystok.pl\/index.php?rest_route=\/wp\/v2\/pages\/10504","targetHints":{"allow":["GET"]}}],"collection":[{"href":"https:\/\/hubertpietka.bialystok.pl\/index.php?rest_route=\/wp\/v2\/pages"}],"about":[{"href":"https:\/\/hubertpietka.bialystok.pl\/index.php?rest_route=\/wp\/v2\/types\/page"}],"author":[{"embeddable":true,"href":"https:\/\/hubertpietka.bialystok.pl\/index.php?rest_route=\/wp\/v2\/users\/1"}],"replies":[{"embeddable":true,"href":"https:\/\/hubertpietka.bialystok.pl\/index.php?rest_route=%2Fwp%2Fv2%2Fcomments&post=10504"}],"version-history":[{"count":1,"href":"https:\/\/hubertpietka.bialystok.pl\/index.php?rest_route=\/wp\/v2\/pages\/10504\/revisions"}],"predecessor-version":[{"id":10506,"href":"https:\/\/hubertpietka.bialystok.pl\/index.php?rest_route=\/wp\/v2\/pages\/10504\/revisions\/10506"}],"wp:attachment":[{"href":"https:\/\/hubertpietka.bialystok.pl\/index.php?rest_route=%2Fwp%2Fv2%2Fmedia&parent=10504"}],"curies":[{"name":"wp","href":"https:\/\/api.w.org\/{rel}","templated":true}]}}