{"id":10508,"date":"2026-04-05T09:28:49","date_gmt":"2026-04-05T09:28:49","guid":{"rendered":"https:\/\/hubertpietka.bialystok.pl\/?page_id=10508"},"modified":"2026-04-05T09:28:49","modified_gmt":"2026-04-05T09:28:49","slug":"zmartwychwstanie-chrystusa-pan-bog-swoje-i-sludzy-bozy-a-bestie-swoje-zbrodniami-i-przemoca-sprzedajnego-lajdactwa","status":"publish","type":"page","link":"https:\/\/hubertpietka.bialystok.pl\/?page_id=10508","title":{"rendered":"Zmartwychwstanie Chrystusa &#8211; Pan B\u00f3g Swoje i s\u0142udzy Bo\u017cy \/ a bestie swoje zbrodniami &#8211; i przemoc\u0105 sprzedajnego \u0142ajdactwa"},"content":{"rendered":"\n<p>Szatany nigdy niezaspokojone w po\u017c\u0105daniach<br>Zbrodni swoich \u015bmierci zniewolenia zniszczenia<br>Dla dzieci Bo\u017cych ichnich ichniego<br>Nawet Wielkanoc nawet rze\u017a przepowiedziana<br>Nie przeszkadza w tym szatanom<br>Godne swego ojca szatana ca\u0142kowicie<br>Bestie zbrodnicze i wsp\u00f3\u0142dzia\u0142aj\u0105ce z nimi<br>\u0141ajdactwo wszelkie r\u00f3wnie zepsute przecie\u017c<br>Zawodowe prywatne s\u0142u\u017cbowe du\u017co bydlak\u00f3w<br>R\u00f3\u017cnych sprzedajnych karierowicz\u00f3w maj\u0105 bestie<br>\u0179li zagarniaj\u0105 z\u0142ych zasada prosta<br>Mimo jakichkolwiek pozor\u00f3w k\u0142amstw zewn\u0119trznych<\/p>\n\n\n\n<p>Jak te mi\u015bki to teraz<br>Bydlaki ob\u0142udne ustawki zawsze wsz\u0119dzie<br>Zw\u0142aszcza na ekspres\u00f3wce z pr\u0119\u017ceniem<br>Musko\u0142\u00f3w niewsp\u00f3\u0142miern\u0105 prezentacj\u0105 pokazu si\u0142y<br>S\u0142u\u017cb bezpiecze\u0144stwa w totalitarnym pa\u0144stwie<br>Bestii i \u0142ajdactwa wiadomo przecie\u017c<br>\u017be im pod\u0142ug zepsutej w\u0142adzy<br>Mo\u017cna wszystko wobec tych ma\u0142ych<br>Jakietamkolwiek zreszt\u0105 s\u0142u\u017cbi\u015bci bestii bo<br>To wszystko z jednego \u017ar\u00f3d\u0142a<br>Totalitarnej przemocy nad podpadni\u0119tymi bestiom<\/p>\n\n\n\n<p>Tu to bydle te\u017c przecie\u017c<br>Mo\u017ce zawsze \u0142ajdaczy\u0107 sobie z<br>Przemoc\u0105 bestii i \u0142ajdactwa s\u0142u\u017cbistowego<br>Za plecami tak jak tam<br>Podobnie prostackie i r\u00f3wnie sprzedajne<br>Ta\u0142atajstwo chach\u0142ackie jakiekolwiek zreszt\u0105 bydlaki<br>Te zreszt\u0105 wszelkie maj\u0105 osi\u0105ga\u0107<br>Korzy\u015bci zap\u0142at\u0119 za krew wolno\u015b\u0107<br>Tych niewinnych przecie\u017c przemocy bestii<br>I r\u00f3wnie popapranego z\u0142em \u0142ajdactwa<\/p>\n\n\n\n<p>A szatany przecie\u017c maj\u0105 metody<br>Te\u017c \u015bmierci tak zwanej bezpo\u015bredniej<br>I pod\u0142ug zafajdania swego z\u0142em<br>Zreszt\u0105 wszelkim i ob\u0142ud\u0105 sromotn\u0105<br>Nie zawahaj\u0105 si\u0119 tego u\u017cywa\u0107<br>Jak to przecie\u017c i robi\u0105<br>Pod jakimkolwiek szata\u0144skim zawsze pozorem<br>Bo zbrodnie bestii i \u0142ajdactwa<br>Popiera\u0107 *<strong>g\u0142\u00f3wnie<\/strong>* ma *<strong>g\u00f3wno<\/strong>* ob\u0142udy<br>Tez k\u0142amliwych wszelkich i chorych<\/p>\n\n\n\n<p><em>Tak\u017ce takie to Zmartwychwstanie kolejne<br>W bestii i \u0142ajdactwa kraju<br>B\u00f3g Swoje s\u0142ugi Bo\u017ce swoje<br>A ci ob\u0142udnicy wszelcy zbrodniczy<br>Te\u017c podobnie ale nie mo\u017cna<br>Traci\u0107 nadziei mimo przewagi z\u0142a<br>Przemocy zepsutych zbrodniami i k\u0142amstwami<br>Bestii i \u0142ajdak\u00f3w B\u00f3g odpowie<br>W Swoim czasie wbrew ob\u0142udzie<br>K\u0142amliwej i pod\u0142ej ich zbrodniom<br>Czy to si\u0119 podoba bestiom<br>I \u0142ajdakom i na pewno<br>Nie pod\u0142ug ich k\u0142amstw i<br>Szatana bo to jest jednoznaczne<br>Lecz wbrew ich ob\u0142udzie szata\u0144skiej<br>I zepsuciu totalnemu zbrodniami zniszczeniem<br>Wszelkimi po\u017c\u0105daniami ob\u0142\u0119du w\u015bciek\u0142o\u015bci wyst\u0119pnych<\/em><\/p>\n\n\n\n<figure class=\"wp-block-gallery has-nested-images columns-default is-cropped wp-block-gallery-1 is-layout-flex wp-block-gallery-is-layout-flex\">\n<figure class=\"wp-block-image size-large\"><a href=\"https:\/\/hubertpietka.bialystok.pl\/wp-content\/uploads\/2026\/04\/1000059683.jpg\"><img loading=\"lazy\" decoding=\"async\" width=\"1024\" height=\"771\" data-id=\"10509\" src=\"https:\/\/hubertpietka.bialystok.pl\/wp-content\/uploads\/2026\/04\/1000059683-1024x771.jpg\" alt=\"\" class=\"wp-image-10509\" srcset=\"https:\/\/hubertpietka.bialystok.pl\/wp-content\/uploads\/2026\/04\/1000059683-1024x771.jpg 1024w, https:\/\/hubertpietka.bialystok.pl\/wp-content\/uploads\/2026\/04\/1000059683-300x226.jpg 300w, https:\/\/hubertpietka.bialystok.pl\/wp-content\/uploads\/2026\/04\/1000059683-768x578.jpg 768w, https:\/\/hubertpietka.bialystok.pl\/wp-content\/uploads\/2026\/04\/1000059683-1536x1156.jpg 1536w, https:\/\/hubertpietka.bialystok.pl\/wp-content\/uploads\/2026\/04\/1000059683.jpg 1600w\" sizes=\"auto, (max-width: 1024px) 100vw, 1024px\" \/><\/a><\/figure>\n<\/figure>\n\n\n\n<p><strong>Jezu ufam Tobie Maryjo prowad\u017a<br>Ani mi Ani szatany<br>Bestie \u0142ajdaki wszelakie z nami<br>Naszymi i naszym i niech<br>Spadaj\u0105 wszelcy prostaccy bestii s\u0142u\u017calcy<br>I te bestie przyjdzie jeszcze<br>Czas na was wszystkich<br>Na Bo\u017c\u0105 odpowied\u017a wbrew tej<br>Ca\u0142ej totalnie totalitarnej z\u0142a przemocy<\/strong><\/p>\n\n\n\n<p class=\"has-text-align-center\"><strong><em><a href=\"https:\/\/youtu.be\/86esuoIivFY?si=1kV_tGHaVTG9EY7G\">Zmartwychwsta\u0142 Pan i \u017cyje dzi\u015b &#8211; Wsp\u00f3lnota Mi\u0142o\u015bci Ukrzy\u017cowanej<\/a><\/em><\/strong> <\/p>\n","protected":false},"excerpt":{"rendered":"<p>Szatany nigdy niezaspokojone w po\u017c\u0105daniachZbrodni swoich \u015bmierci zniewolenia zniszczeniaDla dzieci Bo\u017cych ichnich ichniegoNawet Wielkanoc nawet rze\u017a przepowiedzianaNie przeszkadza w tym szatanomGodne swego ojca szatana ca\u0142kowicieBestie&hellip; <\/p>\n","protected":false},"author":1,"featured_media":0,"parent":0,"menu_order":0,"comment_status":"closed","ping_status":"closed","template":"","meta":{"footnotes":""},"class_list":["post-10508","page","type-page","status-publish","hentry"],"_links":{"self":[{"href":"https:\/\/hubertpietka.bialystok.pl\/index.php?rest_route=\/wp\/v2\/pages\/10508","targetHints":{"allow":["GET"]}}],"collection":[{"href":"https:\/\/hubertpietka.bialystok.pl\/index.php?rest_route=\/wp\/v2\/pages"}],"about":[{"href":"https:\/\/hubertpietka.bialystok.pl\/index.php?rest_route=\/wp\/v2\/types\/page"}],"author":[{"embeddable":true,"href":"https:\/\/hubertpietka.bialystok.pl\/index.php?rest_route=\/wp\/v2\/users\/1"}],"replies":[{"embeddable":true,"href":"https:\/\/hubertpietka.bialystok.pl\/index.php?rest_route=%2Fwp%2Fv2%2Fcomments&post=10508"}],"version-history":[{"count":1,"href":"https:\/\/hubertpietka.bialystok.pl\/index.php?rest_route=\/wp\/v2\/pages\/10508\/revisions"}],"predecessor-version":[{"id":10510,"href":"https:\/\/hubertpietka.bialystok.pl\/index.php?rest_route=\/wp\/v2\/pages\/10508\/revisions\/10510"}],"wp:attachment":[{"href":"https:\/\/hubertpietka.bialystok.pl\/index.php?rest_route=%2Fwp%2Fv2%2Fmedia&parent=10508"}],"curies":[{"name":"wp","href":"https:\/\/api.w.org\/{rel}","templated":true}]}}