{"id":1051,"date":"2018-02-28T08:10:14","date_gmt":"2018-02-28T08:10:14","guid":{"rendered":"http:\/\/hubertpietka.bialystok.pl\/?page_id=1051"},"modified":"2018-02-28T09:32:54","modified_gmt":"2018-02-28T09:32:54","slug":"trochesmy-sie-wszyscy-pogubili","status":"publish","type":"page","link":"https:\/\/hubertpietka.bialystok.pl\/?page_id=1051","title":{"rendered":"*** [Troch\u0119\u015bmy si\u0119 wszyscy pogubili\u2026]"},"content":{"rendered":"<p><strong><em>*** [Troch\u0119\u015bmy si\u0119 wszyscy pogubili\u2026]<\/em><\/strong><\/p>\n<p>&nbsp;<\/p>\n<p>W relacjach<\/p>\n<p><em>&#8211; troch\u0119\u015bmy si\u0119 wszyscy pogubili<\/em><\/p>\n<p>&nbsp;<\/p>\n<p>w rodzinach<\/p>\n<p><em>&#8211; troch\u0119\u015bmy si\u0119 wszyscy pogubili<\/em><\/p>\n<p>&nbsp;<\/p>\n<p>w warto\u015bciach<\/p>\n<p><em>&#8211; troch\u0119\u015bmy si\u0119 wszyscy pogubili<\/em><\/p>\n<p>&nbsp;<\/p>\n<p>w celach \u017cycia<\/p>\n<p><em>&#8211; troch\u0119\u015bmy si\u0119 wszyscy pogubili<\/em><\/p>\n<p>&nbsp;<\/p>\n<p>w jego sensach<\/p>\n<p><em>&#8211; troch\u0119\u015bmy si\u0119 wszyscy pogubili<\/em><\/p>\n<p>&nbsp;<\/p>\n<p><em>&#8211; troch\u0119\u015bmy si\u0119 wszyscy pogubili<\/em><\/p>\n<p><em>&#8211; troch\u0119\u015bmy si\u0119 wszyscy pogubili<\/em><\/p>\n<p>&nbsp;<\/p>\n<p>potrzebujemy<\/p>\n<p>odnale\u017a\u0107 si\u0119<\/p>\n<p>i siebie nawzajem<\/p>\n<p>&nbsp;<\/p>\n<p>pouk\u0142ada\u0107<\/p>\n<p>sense<\/p>\n<p>warto\u015bci<\/p>\n<p>cele<\/p>\n<p>&nbsp;<\/p>\n<p>bo<\/p>\n<p><em>&#8211; troch\u0119\u015bmy si\u0119 wszyscy pogubili<\/em><\/p>\n<p>&nbsp;<\/p>\n<p>powr\u00f3\u0107my<\/p>\n<p>nie zwlekajmy<\/p>\n<p>do siebie samych<\/p>\n<p>do bliskich i dalszych<\/p>\n<p>do dobra pi\u0119kna i prawdy<\/p>\n<p>&nbsp;<\/p>\n<p>bo<\/p>\n<p><em>&#8211; troch\u0119\u015bmy si\u0119 wszyscy pogubili<\/em><\/p>\n<p>&nbsp;<\/p>\n<p>je\u015bli<\/p>\n<p><em>&#8211; troch\u0119\u015bmy si\u0119 wszyscy pogubili<\/em><\/p>\n<p>to musimy odnale\u017a\u0107<\/p>\n<p>kwintesencj\u0119 bytu<\/p>\n<p>&nbsp;<\/p>\n<p>aby\u015bmy \u017cyli<\/p>\n<p>aby\u015bmy si\u0119 radowali<\/p>\n<p>i mi\u0142owali<\/p>\n<p>&nbsp;<\/p>\n<p>bo<\/p>\n<p><em>&#8211; troch\u0119\u015bmy si\u0119 wszyscy pogubili<\/em><\/p>\n<p>&nbsp;<\/p>\n<p>wtedy<\/p>\n<p>\u015bwiat b\u0119dzie trwa\u0142<\/p>\n<p>powr\u00f3ci do \u017ar\u00f3de\u0142<\/p>\n<p>i b\u0119dzie jak trzeba<\/p>\n<p>by by\u0142o<\/p>\n<p>&nbsp;<\/p>\n<p>bo<\/p>\n<p><em>&#8211; troch\u0119\u015bmy si\u0119 wszyscy pogubili<\/em><\/p>\n<p>&nbsp;<\/p>\n<p>i trzeba by\u015bmy<\/p>\n<p>ze z\u0142ej drogi zawr\u00f3cili<\/p>\n<p>&nbsp;<\/p>\n<p><strong><a href=\"https:\/\/www.youtube.com\/watch?v=oG6pEolAKm8\">M. Grechuta &#8211; Dni kt\u00f3rych nie znamy<\/a><\/strong><\/p>\n<p><strong><a href=\"https:\/\/www.youtube.com\/watch?v=9A8YDlj5Ffs\">M. Grechuta &#8211; Korow\u00f3d<\/a><\/strong><\/p>\n<h1 class=\"title style-scope ytd-video-primary-info-renderer\"><a href=\"https:\/\/www.youtube.com\/watch?v=kSfoBqgEZys\">Myslovitz &amp; Marek Grechuta &#8211; Krak\u00f3w<\/a><\/h1>\n<h1 class=\"title style-scope ytd-video-primary-info-renderer\"><a href=\"https:\/\/www.youtube.com\/watch?v=2GX1RodazZM\">Gintrowski, Kaczmarski, \u0141api\u0144ski &#8211; \u015amiech<\/a><\/h1>\n<h1 class=\"title style-scope ytd-video-primary-info-renderer\"><a href=\"https:\/\/www.youtube.com\/watch?v=iuy6IxgaM6Q\">M. Lubomski &#8211; Spacerologia<\/a><\/h1>\n<p><strong><a href=\"https:\/\/www.youtube.com\/watch?v=m98MBACe1xk\">G. Turnau &#8211; Cichosza<\/a><\/strong><\/p>\n<p><strong><a href=\"https:\/\/www.youtube.com\/watch?v=qzxbmQWJ_tY\">TSA &#8211; Alien<\/a><\/strong><\/p>\n<p><strong><a href=\"https:\/\/www.youtube.com\/watch?v=OHsr0kqc0Fg\">TSA &#8211; To boli<\/a><\/strong><\/p>\n<p><strong><a href=\"https:\/\/www.youtube.com\/watch?v=nlVgL6Sujiw\">D\u017cem &#8211; P\u0142y\u0144 m\u00f3j bluesie, p\u0142y\u0144<\/a><\/strong><\/p>\n<p><strong><a href=\"https:\/\/www.youtube.com\/watch?v=p1c-HAmt5EI\">D\u017cem &#8211; Opowiedzcie wiatry<\/a><\/strong><\/p>\n","protected":false},"excerpt":{"rendered":"<p>*** [Troch\u0119\u015bmy si\u0119 wszyscy pogubili\u2026] &nbsp; W relacjach &#8211; troch\u0119\u015bmy si\u0119 wszyscy pogubili &nbsp; w rodzinach &#8211; troch\u0119\u015bmy si\u0119 wszyscy pogubili &nbsp; w warto\u015bciach &#8211;&hellip; <\/p>\n","protected":false},"author":1,"featured_media":0,"parent":0,"menu_order":0,"comment_status":"closed","ping_status":"closed","template":"","meta":{"footnotes":""},"class_list":["post-1051","page","type-page","status-publish","hentry"],"_links":{"self":[{"href":"https:\/\/hubertpietka.bialystok.pl\/index.php?rest_route=\/wp\/v2\/pages\/1051","targetHints":{"allow":["GET"]}}],"collection":[{"href":"https:\/\/hubertpietka.bialystok.pl\/index.php?rest_route=\/wp\/v2\/pages"}],"about":[{"href":"https:\/\/hubertpietka.bialystok.pl\/index.php?rest_route=\/wp\/v2\/types\/page"}],"author":[{"embeddable":true,"href":"https:\/\/hubertpietka.bialystok.pl\/index.php?rest_route=\/wp\/v2\/users\/1"}],"replies":[{"embeddable":true,"href":"https:\/\/hubertpietka.bialystok.pl\/index.php?rest_route=%2Fwp%2Fv2%2Fcomments&post=1051"}],"version-history":[{"count":14,"href":"https:\/\/hubertpietka.bialystok.pl\/index.php?rest_route=\/wp\/v2\/pages\/1051\/revisions"}],"predecessor-version":[{"id":1067,"href":"https:\/\/hubertpietka.bialystok.pl\/index.php?rest_route=\/wp\/v2\/pages\/1051\/revisions\/1067"}],"wp:attachment":[{"href":"https:\/\/hubertpietka.bialystok.pl\/index.php?rest_route=%2Fwp%2Fv2%2Fmedia&parent=1051"}],"curies":[{"name":"wp","href":"https:\/\/api.w.org\/{rel}","templated":true}]}}