{"id":10539,"date":"2026-04-13T21:30:46","date_gmt":"2026-04-13T21:30:46","guid":{"rendered":"https:\/\/hubertpietka.bialystok.pl\/?page_id=10539"},"modified":"2026-04-13T21:30:46","modified_gmt":"2026-04-13T21:30:46","slug":"ida-a-jak-ujadaja-strasznie-bestie-i-zepsute-lajdactwo","status":"publish","type":"page","link":"https:\/\/hubertpietka.bialystok.pl\/?page_id=10539","title":{"rendered":"Id\u0105 \/ a jak ujadaj\u0105 strasznie &#8211; bestie i zepsute \u0142ajdactwo"},"content":{"rendered":"\n<p>Dzi\u015b jest wspominana<br>\u015aw. *<strong>Ida z Lov-anium<\/strong>*<br>Wbrew ob\u0142udzie szatan\u00f3w<br>*<strong>Id\u0119 z love (mi\u0142o\u015bci\u0105) do Ani<\/strong>*<\/p>\n\n\n\n<figure class=\"wp-block-gallery has-nested-images columns-default is-cropped wp-block-gallery-1 is-layout-flex wp-block-gallery-is-layout-flex\">\n<figure class=\"wp-block-image size-large\"><a href=\"https:\/\/hubertpietka.bialystok.pl\/wp-content\/uploads\/2026\/04\/1000061214.jpg\"><img loading=\"lazy\" decoding=\"async\" width=\"771\" height=\"1024\" data-id=\"10540\" src=\"https:\/\/hubertpietka.bialystok.pl\/wp-content\/uploads\/2026\/04\/1000061214-771x1024.jpg\" alt=\"\" class=\"wp-image-10540\" srcset=\"https:\/\/hubertpietka.bialystok.pl\/wp-content\/uploads\/2026\/04\/1000061214-771x1024.jpg 771w, https:\/\/hubertpietka.bialystok.pl\/wp-content\/uploads\/2026\/04\/1000061214-226x300.jpg 226w, https:\/\/hubertpietka.bialystok.pl\/wp-content\/uploads\/2026\/04\/1000061214-768x1021.jpg 768w, https:\/\/hubertpietka.bialystok.pl\/wp-content\/uploads\/2026\/04\/1000061214-1156x1536.jpg 1156w, https:\/\/hubertpietka.bialystok.pl\/wp-content\/uploads\/2026\/04\/1000061214.jpg 1204w\" sizes=\"auto, (max-width: 771px) 100vw, 771px\" \/><\/a><\/figure>\n<\/figure>\n\n\n\n<p>Wbrew ob\u0142udzie bestii \u0142ajdak\u00f3w wszelakich<br>Tak idziemy drog\u0105 mi\u0142o\u015bci<br>Wiernej i czystej cho\u0107 nie<br>Poddanej zwyk\u0142ym ludzkim s\u0142abo\u015bciom<br>Wbrew ob\u0142udzie wszelkich zepsutych nieczysto\u015bci\u0105<br>I niewierno\u015bci\u0105 wszelak\u0105 bo to\u0107<br>Przecie\u017c tak \u0142atwo jest by\u0107 sprzedawczykiem<br>W tym popapranym \u015bwiecie bestii<br>Tak \u0142atwo nurza\u0107 si\u0119<br>W ideologiach b\u0119d\u0105cych bankructwem cz\u0142owiecze\u0144stwa<br>I w\u0142a\u015bnie w materializmie wygodzie<br>U niekt\u00f3rych wszystko inne determinuj\u0105cych<\/p>\n\n\n\n<p>Tak idziemy w\u0142a\u015bnie wbrew ob\u0142udzie<br>Zbrodniom i k\u0142amstwom bestii \u0142ajdactwa<br>Bo na gruncie zepsucia przecie\u017c<br>Oni zawieraj\u0105 z sob\u0105 sojusz<br>Ku z\u0142oczynieniu wobec dzieci Bo\u017cych<br>Ob\u0142udnicy zreszt\u0105 wszelacy ten blokowy<br>Jak nie przymierzaj\u0105c kapo gestapo<br>Te osiedlowe pijawki chc\u0105ce si\u0119<br>Przyczepia\u0107 by nas cho\u0107by kompromitowa\u0107<br>Te misiowe krokodylowe te sroki<br>Miejskie drogowe itp itd<br>Nie zapominaj\u0105c tam o ta\u0142atajstwie<br>Dzia\u0142aj\u0105cym przecie\u017c pod\u0142ug norm prymitywnych<br>Wszelkich w\u0142a\u015bnie takich \u0142ajdactwa bestii<\/p>\n\n\n\n<p>( <strong><em><a href=\"https:\/\/youtu.be\/pLRexr6IG7k\">Luka Rosi &#8211; A ty b\u0105d\u017a <\/a><\/em><\/strong>)<\/p>\n\n\n\n<p class=\"has-text-align-right\"><strong><em><a href=\"https:\/\/youtu.be\/BtfGG8dhMNc\">Antek Smykiewicz &#8211; Pomimo burz <\/a><\/em><\/strong><\/p>\n\n\n\n<p><em>Ani mi Ani zepsute szatany<br>To miano wam przynale\u017cy<br>Pod\u0142ug z\u0142a kt\u00f3re czynicie bestie<br>I potencja\u0142u uczestniczenia w nienawi\u015bci<br>Tych bestii z\u0142owrogo wobec nas<br>Naszego i naszych wszelkiego \u0142ajdactwa<br>Id\u017acie precz wszelacy \u0142ajdacz\u0105cy si\u0119<br>W zbrodniach zepsucia i k\u0142amstwach bestii<br>Pod\u0142ug szata\u0144stw sie staje szatanami<br>A nawet tylko potencja\u0142u wsp\u00f3\u0142uczestnictwa<br>W zbrodniach \u015bmierci zniewolenia zniszczenia<br>Tych szatan\u00f3w bestii i szatana<br>Wobec nas naszych i naszego i<br>Innych tej nienawi\u015bci z\u0142owrogiej niewinnych<\/em><\/p>\n","protected":false},"excerpt":{"rendered":"<p>Dzi\u015b jest wspominana\u015aw. *Ida z Lov-anium*Wbrew ob\u0142udzie szatan\u00f3w*Id\u0119 z love (mi\u0142o\u015bci\u0105) do Ani* Wbrew ob\u0142udzie bestii \u0142ajdak\u00f3w wszelakichTak idziemy drog\u0105 mi\u0142o\u015bciWiernej i czystej cho\u0107 niePoddanej&hellip; <\/p>\n","protected":false},"author":1,"featured_media":0,"parent":0,"menu_order":0,"comment_status":"closed","ping_status":"closed","template":"","meta":{"footnotes":""},"class_list":["post-10539","page","type-page","status-publish","hentry"],"_links":{"self":[{"href":"https:\/\/hubertpietka.bialystok.pl\/index.php?rest_route=\/wp\/v2\/pages\/10539","targetHints":{"allow":["GET"]}}],"collection":[{"href":"https:\/\/hubertpietka.bialystok.pl\/index.php?rest_route=\/wp\/v2\/pages"}],"about":[{"href":"https:\/\/hubertpietka.bialystok.pl\/index.php?rest_route=\/wp\/v2\/types\/page"}],"author":[{"embeddable":true,"href":"https:\/\/hubertpietka.bialystok.pl\/index.php?rest_route=\/wp\/v2\/users\/1"}],"replies":[{"embeddable":true,"href":"https:\/\/hubertpietka.bialystok.pl\/index.php?rest_route=%2Fwp%2Fv2%2Fcomments&post=10539"}],"version-history":[{"count":1,"href":"https:\/\/hubertpietka.bialystok.pl\/index.php?rest_route=\/wp\/v2\/pages\/10539\/revisions"}],"predecessor-version":[{"id":10541,"href":"https:\/\/hubertpietka.bialystok.pl\/index.php?rest_route=\/wp\/v2\/pages\/10539\/revisions\/10541"}],"wp:attachment":[{"href":"https:\/\/hubertpietka.bialystok.pl\/index.php?rest_route=%2Fwp%2Fv2%2Fmedia&parent=10539"}],"curies":[{"name":"wp","href":"https:\/\/api.w.org\/{rel}","templated":true}]}}