{"id":10554,"date":"2026-04-18T10:05:37","date_gmt":"2026-04-18T10:05:37","guid":{"rendered":"https:\/\/hubertpietka.bialystok.pl\/?page_id=10554"},"modified":"2026-04-18T10:05:37","modified_gmt":"2026-04-18T10:05:37","slug":"z-5-chlebow-chca-zrobic-5-zakalcow-bestie-lajdactwo-2-smoki-szatanskie-przeciwnicy-bozych-dzieci-zbrodniami-klamstwem","status":"publish","type":"page","link":"https:\/\/hubertpietka.bialystok.pl\/?page_id=10554","title":{"rendered":"Z 5 chleb\u00f3w chc\u0105 zrobi\u0107 5 zakalc\u00f3w \/ bestie \u0142ajdactwo &#8211; 2 smoki szata\u0144skie \/ przeciwnicy Bo\u017cych dzieci &#8211; zbrodniami k\u0142amstwem"},"content":{"rendered":"\n<p>A te szatany maj\u0105 odpowiednio<br>Na wszystko swe k\u0142amstwa ku swym<br>Zbrodniom chorym ob\u0142\u0119dnie paskudnym potwornym<\/p>\n\n\n\n<p>Z 5 chleb\u00f3w chc\u0105 zrobi\u0107<br>Zakalce 2 smoki bestie \u0142ajdactwo<br>Szatany bo s\u0105 przeciwko tym<br>Dzieciom Bo\u017cym takim sprawom warto\u015bciom<\/p>\n\n\n\n<p>Uderza\u0107 w nasze miejsce przez<br>Us\u0142u\u017cnych bestiom \u0142ajdak\u00f3w urz\u0119dasowych<br>Cho\u0107by w to blokowisko w\u0142a\u015bnie<br>W nasze samochody przez ob\u0142udnik\u00f3w<br>Misiowych i innych s\u0142u\u017cbist\u00f3w bestii<br>W nasze prace uderzaj\u0105 ju\u017c<br>Bestie bezpo\u015brednio chyba raczej<br>W pracodawc\u00f3w wsp\u00f3\u0142pracownik\u00f3w na ka\u017cdym polu<br>I r\u00f3\u017cnych bydlak\u00f3w procedurami zbrodni<br>Cho\u0107by tymi niby przypadkowymi wypadkami<br>Samochodowymi czy zreszt\u0105 jakimi<br>Ogniem wod\u0105 powietrzem z\u0142ym gazem<br>Wy\u0142adowaniami cho\u0107by elektrycznymi r\u00f3\u017cnymi ekscesami<br>W nasze aktywno\u015bci zamkn\u0105\u0107 stron\u0119<br>Uniemo\u017cliwi\u0107 gr\u0119 w pi\u0142k\u0119 swobodn\u0105<\/p>\n\n\n\n<p><strong>Uderzaj\u0105 \u0142ajdactwo i bestie diabelskie<br>W nasze \u017cycie wolno\u015b\u0107 dobra<br>W nasze zdrowie fizyczn\u0105 form\u0119<br>W bliskich w to ma\u0142\u017ce\u0144stwo<br>W 5 tych cia\u0142 ludzkich<br>I zwierz\u0119cych te smoki bezwzgl\u0119dne<br>W to ma\u0142\u017ce\u0144stwo w Ko\u015bci\u00f3\u0142<br>Zepsuci totalnie zwyrodniali popaprani ob\u0142\u0119dem<br>Wszelkich chorych zbrodni to proponuj\u0105<\/strong><\/p>\n\n\n\n<figure class=\"wp-block-gallery has-nested-images columns-default is-cropped wp-block-gallery-1 is-layout-flex wp-block-gallery-is-layout-flex\">\n<figure class=\"wp-block-image size-large\"><a href=\"https:\/\/hubertpietka.bialystok.pl\/wp-content\/uploads\/2026\/04\/1000061925.jpg\"><img loading=\"lazy\" decoding=\"async\" width=\"1024\" height=\"771\" data-id=\"10555\" src=\"https:\/\/hubertpietka.bialystok.pl\/wp-content\/uploads\/2026\/04\/1000061925-1024x771.jpg\" alt=\"\" class=\"wp-image-10555\" srcset=\"https:\/\/hubertpietka.bialystok.pl\/wp-content\/uploads\/2026\/04\/1000061925-1024x771.jpg 1024w, https:\/\/hubertpietka.bialystok.pl\/wp-content\/uploads\/2026\/04\/1000061925-300x226.jpg 300w, https:\/\/hubertpietka.bialystok.pl\/wp-content\/uploads\/2026\/04\/1000061925-768x578.jpg 768w, https:\/\/hubertpietka.bialystok.pl\/wp-content\/uploads\/2026\/04\/1000061925-1536x1156.jpg 1536w, https:\/\/hubertpietka.bialystok.pl\/wp-content\/uploads\/2026\/04\/1000061925.jpg 1600w\" sizes=\"auto, (max-width: 1024px) 100vw, 1024px\" \/><\/a><\/figure>\n<\/figure>\n\n\n\n<p><em>Te szatany z 5 chleb\u00f3w<br>Zrobi\u0107 5 zakalc\u00f3w te\u017c ka\u017cdym<br>Najbardziej chorym k\u0142amstwem byleby ku<br>Swym zbrodniom szata\u0144skim wszystko wykorzysta\u0107<br>2 ryby chc\u0105 po\u017cre\u0107 ob\u0142ud\u0105<br>Ku zbrodniom smoki demonicznych napa\u015bci<br>Tu to bydle podwijskie tam<br>Znowu to prostackie ta\u0142atajstwo zreszt\u0105<br>Tam i jakie bydlaki nawet<br>Str\u00f3\u017ce niby prawa maj\u0105 k\u0142ama\u0107<br>Perfidnie na bestii us\u0142ugach s\u0142u\u017cbi\u015bci<br>Zreszt\u0105 wszelacy ku wykorzystaniu bestii<br>Takie to totalnie szata\u0144stwo zepsute<br>Zbrodnie k\u0142amstwa ob\u0142uda bestii \u0142ajdactwa<br>Jak\u017ce\u017c to nie smoki szata\u0144skie skoro<br>Przeciwnicy Bo\u017cych dzieci spraw warto\u015bci<br>I wszystko co Bo\u017ce zniszczy\u0107<br>U tych dzieci Bo\u017cych i<br>Innych podpadni\u0119tych ob\u0142\u0119dnej por\u0105ba\u0144c\u00f3w nienawi\u015bci<\/em><\/p>\n\n\n\n<p><\/p>\n","protected":false},"excerpt":{"rendered":"<p>A te szatany maj\u0105 odpowiednioNa wszystko swe k\u0142amstwa ku swymZbrodniom chorym ob\u0142\u0119dnie paskudnym potwornym Z 5 chleb\u00f3w chc\u0105 zrobi\u0107Zakalce 2 smoki bestie \u0142ajdactwoSzatany bo s\u0105&hellip; <\/p>\n","protected":false},"author":1,"featured_media":0,"parent":0,"menu_order":0,"comment_status":"closed","ping_status":"closed","template":"","meta":{"footnotes":""},"class_list":["post-10554","page","type-page","status-publish","hentry"],"_links":{"self":[{"href":"https:\/\/hubertpietka.bialystok.pl\/index.php?rest_route=\/wp\/v2\/pages\/10554","targetHints":{"allow":["GET"]}}],"collection":[{"href":"https:\/\/hubertpietka.bialystok.pl\/index.php?rest_route=\/wp\/v2\/pages"}],"about":[{"href":"https:\/\/hubertpietka.bialystok.pl\/index.php?rest_route=\/wp\/v2\/types\/page"}],"author":[{"embeddable":true,"href":"https:\/\/hubertpietka.bialystok.pl\/index.php?rest_route=\/wp\/v2\/users\/1"}],"replies":[{"embeddable":true,"href":"https:\/\/hubertpietka.bialystok.pl\/index.php?rest_route=%2Fwp%2Fv2%2Fcomments&post=10554"}],"version-history":[{"count":1,"href":"https:\/\/hubertpietka.bialystok.pl\/index.php?rest_route=\/wp\/v2\/pages\/10554\/revisions"}],"predecessor-version":[{"id":10556,"href":"https:\/\/hubertpietka.bialystok.pl\/index.php?rest_route=\/wp\/v2\/pages\/10554\/revisions\/10556"}],"wp:attachment":[{"href":"https:\/\/hubertpietka.bialystok.pl\/index.php?rest_route=%2Fwp%2Fv2%2Fmedia&parent=10554"}],"curies":[{"name":"wp","href":"https:\/\/api.w.org\/{rel}","templated":true}]}}