{"id":10562,"date":"2026-04-20T16:47:04","date_gmt":"2026-04-20T16:47:04","guid":{"rendered":"https:\/\/hubertpietka.bialystok.pl\/?page_id=10562"},"modified":"2026-04-20T16:47:04","modified_gmt":"2026-04-20T16:47:04","slug":"totalna-masakra-klamstw-obludy-bestii-i-lajdactwa-ku-ich-zbrodniom-oblednie-chorym","status":"publish","type":"page","link":"https:\/\/hubertpietka.bialystok.pl\/?page_id=10562","title":{"rendered":"Totalna masakra k\u0142amstw ob\u0142udy &#8211; bestii i \u0142ajdactwa \/ ku ich zbrodniom ob\u0142\u0119dnie chorym"},"content":{"rendered":"\n<p>Brak mi s\u0142\u00f3w jakie to<br>S\u0105 szatany zepsute nawet klient\u00f3w<br>W pracy nasy\u0142aj\u0105 by zeznawali<br>Co chc\u0105 te popaprane szatany<br>I r\u00f3\u017cnych te\u017c postronnych ludzi<\/p>\n\n\n\n<p>Ob\u0142udnicy na wskro\u015b zepsuci szata\u0144sko<br>Bo oczywi\u015bcie awarii usuni\u0119cie utrudniaj\u0105<br>M\u00f3wi\u0105c delikatnie zreszt\u0105 szatany nam<br>Niemal uniemo\u017cliwiaj\u0105 wszelkie dzia\u0142ania mechaniczne<br>I za to nas sk\u00f3rsyny<br>\u015acigaj\u0105 bo maj\u0105 odpowiedni pretekst<br>Ci ob\u0142udnicy cho\u0107by misiowi inni<br>Te\u017c zepsuci s\u0142u\u017cbi\u015bci i tu<br>Ko\u0142o ob\u0142\u0119du bestii i \u0142ajdak\u00f3w<br>Si\u0119 zamyka ku ich zbrodniom<br>A ob\u0142udnikom misiowym czy jakim<br>Oczywi\u015bcie nie b\u0119dzie przeszkadza\u0107 \u017ce<br>Szatany mi centralny zamek odpowiednio otwieraj\u0105<br>Blokuj\u0105c go jednocze\u015bnie by ci<br>Spe\u0142niali ich szata\u0144stwa chore ob\u0142\u0119dnie<br>To nie jest przest\u0119pstwem przecie\u017c<br>Co s\u0142u\u017cy zbrodniom \u0142ajdactwa bestii<br>Totalnie zepsute szatany maskara istna<\/p>\n\n\n\n<figure class=\"wp-block-gallery has-nested-images columns-default is-cropped wp-block-gallery-1 is-layout-flex wp-block-gallery-is-layout-flex\">\n<figure class=\"wp-block-image size-large\"><a href=\"https:\/\/hubertpietka.bialystok.pl\/wp-content\/uploads\/2026\/04\/1000062500-scaled.jpg\"><img loading=\"lazy\" decoding=\"async\" width=\"771\" height=\"1024\" data-id=\"10563\" src=\"https:\/\/hubertpietka.bialystok.pl\/wp-content\/uploads\/2026\/04\/1000062500-771x1024.jpg\" alt=\"\" class=\"wp-image-10563\" srcset=\"https:\/\/hubertpietka.bialystok.pl\/wp-content\/uploads\/2026\/04\/1000062500-771x1024.jpg 771w, https:\/\/hubertpietka.bialystok.pl\/wp-content\/uploads\/2026\/04\/1000062500-226x300.jpg 226w, https:\/\/hubertpietka.bialystok.pl\/wp-content\/uploads\/2026\/04\/1000062500-768x1020.jpg 768w, https:\/\/hubertpietka.bialystok.pl\/wp-content\/uploads\/2026\/04\/1000062500-1157x1536.jpg 1157w, https:\/\/hubertpietka.bialystok.pl\/wp-content\/uploads\/2026\/04\/1000062500-1542x2048.jpg 1542w, https:\/\/hubertpietka.bialystok.pl\/wp-content\/uploads\/2026\/04\/1000062500-scaled.jpg 1928w\" sizes=\"auto, (max-width: 771px) 100vw, 771px\" \/><\/a><\/figure>\n<\/figure>\n\n\n\n<p><em>A jednocze\u015bnie wsz\u0119dzie i zawsze<br>Zabija\u0107 niszczy\u0107 nas naszych nasze<br>Co za szatany bestie \u0142ajdactwo<br>Znieprawione zdegenerowane \u017ce a\u017c masakra<br>Bestie bestialskie \u0142ajdactwo pzebydlaczone tak\u017ce<br>Byleby tylko osi\u0105gn\u0105\u0107 swe zbrodnie<br>Totalne szatany nic mniej tu<br>Degeneracja wr\u0119cz osza\u0142amiaj\u0105ca zepsutego byd\u0142a<br>Nie mam s\u0142\u00f3w Bo\u017ce m\u00f3j<br>I przecie\u017c te ob\u0142udniki misiowe<br>I mnie s\u0142u\u017cbowe wiedz\u0105 to<br>Wszystko bo oni nas \u015bledz\u0105 nieustannie<br>I \u015bcigaj\u0105 i nie tylko<br>W czasie drogami si\u0119 poruszania<\/em><\/p>\n","protected":false},"excerpt":{"rendered":"<p>Brak mi s\u0142\u00f3w jakie toS\u0105 szatany zepsute nawet klient\u00f3wW pracy nasy\u0142aj\u0105 by zeznawaliCo chc\u0105 te popaprane szatanyI r\u00f3\u017cnych te\u017c postronnych ludzi Ob\u0142udnicy na wskro\u015b zepsuci&hellip; <\/p>\n","protected":false},"author":1,"featured_media":0,"parent":0,"menu_order":0,"comment_status":"closed","ping_status":"closed","template":"","meta":{"footnotes":""},"class_list":["post-10562","page","type-page","status-publish","hentry"],"_links":{"self":[{"href":"https:\/\/hubertpietka.bialystok.pl\/index.php?rest_route=\/wp\/v2\/pages\/10562","targetHints":{"allow":["GET"]}}],"collection":[{"href":"https:\/\/hubertpietka.bialystok.pl\/index.php?rest_route=\/wp\/v2\/pages"}],"about":[{"href":"https:\/\/hubertpietka.bialystok.pl\/index.php?rest_route=\/wp\/v2\/types\/page"}],"author":[{"embeddable":true,"href":"https:\/\/hubertpietka.bialystok.pl\/index.php?rest_route=\/wp\/v2\/users\/1"}],"replies":[{"embeddable":true,"href":"https:\/\/hubertpietka.bialystok.pl\/index.php?rest_route=%2Fwp%2Fv2%2Fcomments&post=10562"}],"version-history":[{"count":1,"href":"https:\/\/hubertpietka.bialystok.pl\/index.php?rest_route=\/wp\/v2\/pages\/10562\/revisions"}],"predecessor-version":[{"id":10564,"href":"https:\/\/hubertpietka.bialystok.pl\/index.php?rest_route=\/wp\/v2\/pages\/10562\/revisions\/10564"}],"wp:attachment":[{"href":"https:\/\/hubertpietka.bialystok.pl\/index.php?rest_route=%2Fwp%2Fv2%2Fmedia&parent=10562"}],"curies":[{"name":"wp","href":"https:\/\/api.w.org\/{rel}","templated":true}]}}