{"id":1071,"date":"2018-03-21T22:48:52","date_gmt":"2018-03-21T22:48:52","guid":{"rendered":"http:\/\/hubertpietka.bialystok.pl\/?page_id=1071"},"modified":"2018-03-21T22:48:52","modified_gmt":"2018-03-21T22:48:52","slug":"poezja","status":"publish","type":"page","link":"https:\/\/hubertpietka.bialystok.pl\/?page_id=1071","title":{"rendered":"Poezja"},"content":{"rendered":"<p><strong>Poezja<\/strong><\/p>\n<p>&nbsp;<\/p>\n<p><strong><em>I<\/em><\/strong><\/p>\n<p>Takie w g\u0142\u0105b spojrzenie<\/p>\n<p>zmiana perspektywy<\/p>\n<p>wzruszenie<\/p>\n<p>&nbsp;<\/p>\n<p>Badanie <em>DNA<\/em> \u017cycia<\/p>\n<p>nowy obyczaj<\/p>\n<p>tradycja<\/p>\n<p>&nbsp;<\/p>\n<p><strong><em>II<\/em><\/strong><\/p>\n<p>Ods\u0142oni\u0119cie <em>kot<\/em>-ary<\/p>\n<p>Wy-<em>pies<\/em>-zczenie s\u0142\u00f3w miary<\/p>\n<p>objawienie<\/p>\n<p>&nbsp;<\/p>\n<p>Zaja-<em>\u015bnienie<\/em> w mroku<\/p>\n<p>za-<em>ciem<\/em>-nienie spokoju<\/p>\n<p>urok i wyrok<\/p>\n<p>&nbsp;<\/p>\n<p><strong><em>Fina\u0142<\/em><\/strong><\/p>\n<p>\u0106ma poezji<\/p>\n<p>leci zawsze w stron\u0119 \u015bwiat\u0142a<\/p>\n<p>by sp\u0142on\u0105\u0107 we wschodu i zachodu blaskach<\/p>\n<p>&nbsp;<\/p>\n<p style=\"text-align: center;\"><em>Pisano 21 marca 2018 r.<\/em><\/p>\n<p style=\"text-align: center;\"><em>&#8211; w \u015awiatowy Dzie\u0144 Poezji &#8211;<\/em><\/p>\n","protected":false},"excerpt":{"rendered":"<p>Poezja &nbsp; I Takie w g\u0142\u0105b spojrzenie zmiana perspektywy wzruszenie &nbsp; Badanie DNA \u017cycia nowy obyczaj tradycja &nbsp; II Ods\u0142oni\u0119cie kot-ary Wy-pies-zczenie s\u0142\u00f3w miary objawienie&hellip; <\/p>\n","protected":false},"author":1,"featured_media":0,"parent":0,"menu_order":0,"comment_status":"closed","ping_status":"closed","template":"","meta":{"footnotes":""},"class_list":["post-1071","page","type-page","status-publish","hentry"],"_links":{"self":[{"href":"https:\/\/hubertpietka.bialystok.pl\/index.php?rest_route=\/wp\/v2\/pages\/1071","targetHints":{"allow":["GET"]}}],"collection":[{"href":"https:\/\/hubertpietka.bialystok.pl\/index.php?rest_route=\/wp\/v2\/pages"}],"about":[{"href":"https:\/\/hubertpietka.bialystok.pl\/index.php?rest_route=\/wp\/v2\/types\/page"}],"author":[{"embeddable":true,"href":"https:\/\/hubertpietka.bialystok.pl\/index.php?rest_route=\/wp\/v2\/users\/1"}],"replies":[{"embeddable":true,"href":"https:\/\/hubertpietka.bialystok.pl\/index.php?rest_route=%2Fwp%2Fv2%2Fcomments&post=1071"}],"version-history":[{"count":1,"href":"https:\/\/hubertpietka.bialystok.pl\/index.php?rest_route=\/wp\/v2\/pages\/1071\/revisions"}],"predecessor-version":[{"id":1072,"href":"https:\/\/hubertpietka.bialystok.pl\/index.php?rest_route=\/wp\/v2\/pages\/1071\/revisions\/1072"}],"wp:attachment":[{"href":"https:\/\/hubertpietka.bialystok.pl\/index.php?rest_route=%2Fwp%2Fv2%2Fmedia&parent=1071"}],"curies":[{"name":"wp","href":"https:\/\/api.w.org\/{rel}","templated":true}]}}