{"id":1074,"date":"2018-03-22T11:47:46","date_gmt":"2018-03-22T11:47:46","guid":{"rendered":"http:\/\/hubertpietka.bialystok.pl\/?page_id=1074"},"modified":"2018-03-22T11:47:46","modified_gmt":"2018-03-22T11:47:46","slug":"glebia-modlitwy","status":"publish","type":"page","link":"https:\/\/hubertpietka.bialystok.pl\/?page_id=1074","title":{"rendered":"G\u0142\u0119bia modlitwy"},"content":{"rendered":"<p><strong>G\u0142\u0119bia modlitwy<\/strong><\/p>\n<p>&nbsp;<\/p>\n<p><strong><em>I<\/em><\/strong><\/p>\n<p>Pod zas\u0142on\u0105 s\u0142\u00f3w<\/p>\n<p>biegnie wartkim \u017cyciem<\/p>\n<p>&#8211; w g\u0142\u0119bi ducha nurt\u00f3w<\/p>\n<p>&nbsp;<\/p>\n<p>Pod powierzchni\u0105 s\u0142\u00f3w<\/p>\n<p>kiedy\u015b przekonasz si\u0119<\/p>\n<p>&#8211; jak g\u0142\u0119boki to nurt<\/p>\n<p>&nbsp;<\/p>\n<p>Na kraw\u0119dzi s\u0142\u00f3w<\/p>\n<p>ods\u0142ania si\u0119 Duch<\/p>\n<p>&#8211; wewn\u0105trz i na zewn\u0105trz<\/p>\n<p>&nbsp;<\/p>\n<p><em>\/Ruah \u2013 ruch\/<\/em><\/p>\n<p>&nbsp;<\/p>\n<p>Tak czasem trudna<\/p>\n<p>wysch\u0142a jak rzeka pustynna<\/p>\n<p>&#8211; lecz \u017ar\u00f3d\u0142o<\/p>\n<p>&nbsp;<\/p>\n<p><em>\/o\u017cywia najg\u0142\u0119bsze studnie\/<\/em><\/p>\n<p>&nbsp;<\/p>\n<p>Pod p\u0142aszczykiem s\u0142\u00f3w<\/p>\n<p>nigdy nie zg\u0142\u0119bisz<\/p>\n<p>&#8211; jak wiele tkanek \u0142\u0105czy duch<\/p>\n<p>&nbsp;<\/p>\n<p><strong><em>II<\/em><\/strong><\/p>\n<p>Pod powierzchni\u0105 form wyrazowych<\/p>\n<p>s\u0105 g\u0142\u0119boko\u015bci wszystkich \u015bwiat\u00f3w<\/p>\n<p>sens i istota wszelkich byt\u00f3w<\/p>\n<p>&nbsp;<\/p>\n<p>Nigdy nie zg\u0142\u0119bisz<\/p>\n<p>tego co za s\u0142owami modlitwy<\/p>\n<p>kryje si\u0119 w jestestwa g\u0142\u0119bi<\/p>\n<p>&nbsp;<\/p>\n<p>I jak ona wp\u0142ywa<\/p>\n<p>nie tylko na twoje \u017cycie<\/p>\n<p>lecz los\u00f3w \u015bwiata przebieg<\/p>\n<p>&nbsp;<\/p>\n<p>Po tamtej stronie przekonasz si\u0119<\/p>\n<p>jak wa\u017cna wytrwa\u0142a modlitwa<\/p>\n<p>by\u0142a dla ciebie i dla ludzko\u015bci ca\u0142ej<\/p>\n<p>&nbsp;<\/p>\n<p><em><strong><a href=\"https:\/\/www.youtube.com\/watch?v=8u18g45pFEw\">G\u0142\u0119bia przyzywa g\u0142\u0119bi\u0119<\/a><\/strong><\/em><\/p>\n","protected":false},"excerpt":{"rendered":"<p>G\u0142\u0119bia modlitwy &nbsp; I Pod zas\u0142on\u0105 s\u0142\u00f3w biegnie wartkim \u017cyciem &#8211; w g\u0142\u0119bi ducha nurt\u00f3w &nbsp; Pod powierzchni\u0105 s\u0142\u00f3w kiedy\u015b przekonasz si\u0119 &#8211; jak g\u0142\u0119boki&hellip; <\/p>\n","protected":false},"author":1,"featured_media":0,"parent":0,"menu_order":0,"comment_status":"closed","ping_status":"closed","template":"","meta":{"footnotes":""},"class_list":["post-1074","page","type-page","status-publish","hentry"],"_links":{"self":[{"href":"https:\/\/hubertpietka.bialystok.pl\/index.php?rest_route=\/wp\/v2\/pages\/1074","targetHints":{"allow":["GET"]}}],"collection":[{"href":"https:\/\/hubertpietka.bialystok.pl\/index.php?rest_route=\/wp\/v2\/pages"}],"about":[{"href":"https:\/\/hubertpietka.bialystok.pl\/index.php?rest_route=\/wp\/v2\/types\/page"}],"author":[{"embeddable":true,"href":"https:\/\/hubertpietka.bialystok.pl\/index.php?rest_route=\/wp\/v2\/users\/1"}],"replies":[{"embeddable":true,"href":"https:\/\/hubertpietka.bialystok.pl\/index.php?rest_route=%2Fwp%2Fv2%2Fcomments&post=1074"}],"version-history":[{"count":1,"href":"https:\/\/hubertpietka.bialystok.pl\/index.php?rest_route=\/wp\/v2\/pages\/1074\/revisions"}],"predecessor-version":[{"id":1075,"href":"https:\/\/hubertpietka.bialystok.pl\/index.php?rest_route=\/wp\/v2\/pages\/1074\/revisions\/1075"}],"wp:attachment":[{"href":"https:\/\/hubertpietka.bialystok.pl\/index.php?rest_route=%2Fwp%2Fv2%2Fmedia&parent=1074"}],"curies":[{"name":"wp","href":"https:\/\/api.w.org\/{rel}","templated":true}]}}