{"id":10913,"date":"2026-07-11T17:35:39","date_gmt":"2026-07-11T17:35:39","guid":{"rendered":"https:\/\/hubertpietka.bialystok.pl\/?page_id=10913"},"modified":"2026-07-11T17:35:39","modified_gmt":"2026-07-11T17:35:39","slug":"ukraina-udreczona-i-uciemiezeni-zlem-dazen-do-zbrodni-szatanskich-wszelkich-tam-i-tutaj-choc-odmiennych-ale-jednak-bestii-i-lajdactwa-zaprzedanego-zbrodniom-i-klamstwom-judaszowo","status":"publish","type":"page","link":"https:\/\/hubertpietka.bialystok.pl\/?page_id=10913","title":{"rendered":"Ukraina udr\u0119czona i uciemi\u0119\u017ceni z\u0142em \/ d\u0105\u017ce\u0144 do zbrodni szata\u0144skich wszelkich &#8211; tam i tutaj cho\u0107 odmiennych \/ ale jednak bestii i \u0142ajdactwa &#8211; zaprzedanego zbrodniom i k\u0142amstwom judaszowo"},"content":{"rendered":"\n<p class=\"wp-block-paragraph\">Dzi\u015b w Polsce dzie\u0144 pami\u0119ci<br>O Rzezi Wo\u0142y\u0144skiej to by\u0142a<br>Zbrodnia ludob\u00f3jstwa jak ka\u017cda taka<br>Koszmarnie niesprawiedliwa potworna i wynaturzona<br>Ale rozumiem Ukrai\u0144c\u00f3w \u017ce oni<br>S\u0105 rozdra\u017cnieni tym tematem teraz<br>Gdy toczy si\u0119 u nich<br>Wojna r\u00f3wnie niesprawiedliwa ra\u017c\u0105co nies\u0142uszna<br>Bo kto\u015b spe\u0142nia po\u017c\u0105dania napa\u015bci<br>Tak jak ja kiedy jestem<br>Wewn\u0119trznie rozstrzelony rozdra\u017cniony nie mam<br>Nawet cierpliwo\u015bci wobec swojej \u017cony<br>A nieustann\u0105 groz\u0119 napa\u015bci \u015bmierci<br>Tak si\u0119 prze\u017cywa czasem w\u0142a\u015bnie<br>Po cz\u0142owieku nie zawsze wszystko<br>Mo\u017ce sp\u0142ywa\u0107 jak po kaczce<br>M\u00f3wi\u0105c przys\u0142owiowo wi\u0119c rozumiem Ukrai\u0144c\u00f3w<br>I w zwi\u0105zku z tym<br>Cho\u0107 gloryfikacja <em>UPA-d\u0142ych<\/em> zbrodniarzy morderc\u00f3w<br>Nie jest w\u0142a\u015bciwa to jednak<br>My\u015bl\u0119 \u017ce Polska powinna okaza\u0107<br>Elementarn\u0105 empati\u0119 w zwi\u0105zku z<br>Ci\u0119\u017carem kt\u00f3ry ponosi Ukraina wojny<br>Kt\u00f3ra jako napastliwa nigdy nie<br>Jest i nie b\u0119dzie sprawiedliwa<br>Mimo k\u0142amliwej dialektyki tam agresor\u00f3w<br>Dlatego Polska i Polacy powinni<br>Si\u0119 wstrzyma\u0107 uwa\u017cam z egzekwowaniem<br>Od Ukrainy odpowiedzialno\u015bci za tamten<br>Niesprawiedliwy zbrodniczy czas bo jako\u015b<br>Polsce i Polakom nie wychodzi<br>Egzekwowanie czegokolwiek z drugiej apokalipsy<br>Ze wschodu i z zachodu<br>Gdzie zbrodniczo\u015b\u0107 Niemiec hitlerowskich<br>I sowieckiej Rosji przekracza\u0142a zdecydowanie<br>Poziom jak\u017ce strasznej Rzezi Wo\u0142y\u0144skiej<\/p>\n\n\n\n<p class=\"wp-block-paragraph\">A w obliczu napa\u015bci podobej<br>Wsp\u00f3\u0142cze\u015bnie to komu to s\u0142u\u017cy<br>Konfliktowanie Ukrai\u0144c\u00f3w z Polakami je\u015bli<br>Nie tym kt\u00f3rzy maj\u0105 wykorzystywa\u0107<br>Groz\u0119 zniszczenia przeciwko najpierw im<br>A potem mo\u017ce i nam<br>Tyle na ten temat mam<br>Mniej wi\u0119cej do powiedzenia bynajmniej<br>Nie umniejszaj\u0105c zbrodni Rzezi Wo\u0142y\u0144skiej<br>Ale maj\u0105c elementarn\u0105 empati\u0119 wobec<br>Udr\u0119czonej straszn\u0105 wojn\u0105 tam Ukrainy<br>A tym kt\u00f3rzy szabelk\u0105 machaj\u0105<br>Na przeciw Ukrai\u0144c\u00f3w kt\u00f3rzy walcz\u0105<br>Z czo\u0142gami rakietami dronami to powiem<br>\u017be niech pomachaj\u0105 sobie tam<br>W tym kierunku gdzie zbrodnie wtedy<br>I potem by\u0142y du\u017co wi\u0119ksze<br>Ale naj\u0142atwiej przecie\u017c szabelk\u0105 macha\u0107<br>Wobec Ukrainy poddawanej nieustannie agresji<\/p>\n\n\n\n<p class=\"wp-block-paragraph\">To motyw mojego pisania pierwszy<br>A drugi \u0142ajdactwo i bestie<br>Kt\u00f3re nieustannie chce nas atakowa\u0107<br>Prowokowa\u0107 zabija\u0107 zniewala\u0107 i niszczy\u0107<br>Nas naszych i nasze i<br>Pewnie jak w przypadku Ukrainy<br>To si\u0119 ocenia odpowiednio a<br>Jak\u017ce z pozycji ciep\u0142ego fotela<br>Zw\u0142aszcza w tak deszczowe dni<br>A jednak jak Ukraina my<br>Nosimy wsz\u0119dzie ci\u0105gle w sobie<br>Groz\u0119 zbrodni tych bestii i<br>\u0141ajdactwa im us\u0142u\u017cnego z\u0142em wszelkim<br>A kto nie \u017cy\u0142 groz\u0105<br>Tak\u0105 nieustann\u0105 niech lepiej zamilknie<br>I nie ocenia tych kt\u00f3rzy<br>Z tym si\u0119 mierz\u0105 wielokro\u0107<br>I ci\u0105gle i dnia ka\u017cdego<br>I od lat ju\u017c wielu<\/p>\n\n\n\n<p class=\"wp-block-paragraph\">A zw\u0142aszcza lubi\u0105 wykorzystywa\u0107 momenty<br>Te szatany wszelkie gdy odpowiednio<br>Rozdzieleni jeste\u015bmy niszczy\u0107 zabija\u0107 zniewala\u0107<br>Bezwzgl\u0119dna mantra szatan\u00f3w bestii \u0142ajdak\u00f3w<br>Napada\u0107 prowokowa\u0107 uderza\u0107 k\u0142amstwem jakkolwiek<br>A jednak jak tam Ukraina<br>My te\u017c walczymy cho\u0107 mo\u017ce<br>Z bestiami innymi tak czy<br>Inaczej z tym szata\u0144stwem zbrodni<br>Tych tu bestii \u0142ajdactwa zepsutego<br>Judaszowym sprzedawczykowstwem wobec dzieci Bo\u017cych<\/p>\n\n\n\n<p class=\"wp-block-paragraph\"><strong>I ani mi Ani z<br>Nami naszymi i naszym B\u00f3g<br>Jest Obro\u0144c\u0105 naszym wobec tego<br>Wszelkiego pod\u0142ego wyrafinowanego podst\u0119pnego perfidnego<br>Z\u0142a szata\u0144skiego ob\u0142udzie ku zbrodniom<br>Bestii i \u0142ajdak\u00f3w zreszt\u0105 wszelkich<br>Id\u017acie precz z szata\u0144stwami waszymi<br>My Boga i w Nim<br>Zawsze nasza droga naprzeciw szata\u0144stwu<\/strong><\/p>\n\n\n\n<figure class=\"wp-block-gallery has-nested-images columns-default is-cropped wp-block-gallery-1 is-layout-flex wp-block-gallery-is-layout-flex\">\n<figure class=\"wp-block-image size-large\"><a href=\"https:\/\/hubertpietka.bialystok.pl\/wp-content\/uploads\/2026\/07\/1000078682-scaled.jpg\"><img fetchpriority=\"high\" decoding=\"async\" width=\"771\" height=\"1024\" data-id=\"10914\" src=\"https:\/\/hubertpietka.bialystok.pl\/wp-content\/uploads\/2026\/07\/1000078682-771x1024.jpg\" alt=\"\" class=\"wp-image-10914\" srcset=\"https:\/\/hubertpietka.bialystok.pl\/wp-content\/uploads\/2026\/07\/1000078682-771x1024.jpg 771w, https:\/\/hubertpietka.bialystok.pl\/wp-content\/uploads\/2026\/07\/1000078682-226x300.jpg 226w, https:\/\/hubertpietka.bialystok.pl\/wp-content\/uploads\/2026\/07\/1000078682-768x1020.jpg 768w, https:\/\/hubertpietka.bialystok.pl\/wp-content\/uploads\/2026\/07\/1000078682-1157x1536.jpg 1157w, https:\/\/hubertpietka.bialystok.pl\/wp-content\/uploads\/2026\/07\/1000078682-1542x2048.jpg 1542w, https:\/\/hubertpietka.bialystok.pl\/wp-content\/uploads\/2026\/07\/1000078682-scaled.jpg 1928w\" sizes=\"(max-width: 771px) 100vw, 771px\" \/><\/a><\/figure>\n<\/figure>\n\n\n\n<p class=\"wp-block-paragraph\"><em>B\u0142ogos\u0142aw Panie nam naszemu naszym<br>Polsce i Ukrainie b\u0142ogos\u0142aw zawsze<br>Cho\u0107 trud to znojny wielorako<br>I b\u0142ogos\u0142aw wspieraj\u0105cych tych udr\u0119czonych<br>Prze\u015bladowanych podanych zbrodniom z\u0142a r\u00f3\u017cnorakim<\/em><\/p>\n","protected":false},"excerpt":{"rendered":"<p>Dzi\u015b w Polsce dzie\u0144 pami\u0119ciO Rzezi Wo\u0142y\u0144skiej to by\u0142aZbrodnia ludob\u00f3jstwa jak ka\u017cda takaKoszmarnie niesprawiedliwa potworna i wynaturzonaAle rozumiem Ukrai\u0144c\u00f3w \u017ce oniS\u0105 rozdra\u017cnieni tym tematem terazGdy&hellip;<\/p>\n","protected":false},"author":1,"featured_media":0,"parent":0,"menu_order":0,"comment_status":"closed","ping_status":"closed","template":"","meta":{"_customify_content_layout":"","_customify_sidebar":"","_customify_page_header_display":"","_customify_disable_header":"","_customify_disable_header_top":"","_customify_disable_header_main":"","_customify_disable_header_bottom":"","_customify_disable_page_title":"","_customify_disable_content_vertical_padding":"","_customify_disable_footer_top":"","_customify_disable_footer_main":"","_customify_disable_footer_bottom":"","_customify_breadcrumb_display":"","_customify_header_transparent_display":"","footnotes":""},"class_list":["post-10913","page","type-page","status-publish","hentry"],"_links":{"self":[{"href":"https:\/\/hubertpietka.bialystok.pl\/index.php?rest_route=\/wp\/v2\/pages\/10913","targetHints":{"allow":["GET"]}}],"collection":[{"href":"https:\/\/hubertpietka.bialystok.pl\/index.php?rest_route=\/wp\/v2\/pages"}],"about":[{"href":"https:\/\/hubertpietka.bialystok.pl\/index.php?rest_route=\/wp\/v2\/types\/page"}],"author":[{"embeddable":true,"href":"https:\/\/hubertpietka.bialystok.pl\/index.php?rest_route=\/wp\/v2\/users\/1"}],"replies":[{"embeddable":true,"href":"https:\/\/hubertpietka.bialystok.pl\/index.php?rest_route=%2Fwp%2Fv2%2Fcomments&post=10913"}],"version-history":[{"count":1,"href":"https:\/\/hubertpietka.bialystok.pl\/index.php?rest_route=\/wp\/v2\/pages\/10913\/revisions"}],"predecessor-version":[{"id":10915,"href":"https:\/\/hubertpietka.bialystok.pl\/index.php?rest_route=\/wp\/v2\/pages\/10913\/revisions\/10915"}],"wp:attachment":[{"href":"https:\/\/hubertpietka.bialystok.pl\/index.php?rest_route=%2Fwp%2Fv2%2Fmedia&parent=10913"}],"curies":[{"name":"wp","href":"https:\/\/api.w.org\/{rel}","templated":true}]}}

Ukraina udręczona i uciemiężeni złem / dążeń do zbrodni szatańskich wszelkich &#8211; tam i tutaj choć odmiennych / ale jednak bestii i łajdactwa &#8211; zaprzedanego zbrodniom i kłamstwom judaszowo

<p class="wp-block-paragraph">Dziś w Polsce dzień pamięci<br>O Rzezi Wołyńskiej to była<br>Zbrodnia ludobójstwa jak każda taka<br>Koszmarnie niesprawiedliwa potworna i wynaturzona<br>Ale rozumiem Ukraińców że oni<br>Są rozdrażnieni tym tematem teraz<br>Gdy toczy się u nich<br>Wojna równie niesprawiedliwa rażąco niesłuszna<br>Bo ktoś spełnia pożądania napaści<br>Tak jak ja kiedy jestem<br>Wewnętrznie rozstrzelony rozdrażniony nie mam<br>Nawet cierpliwości wobec swojej żony<br>A nieustanną grozę napaści śmierci<br>Tak się przeżywa czasem właśnie<br>Po człowieku nie zawsze wszystko<br>Może spływać jak po kaczce<br>Mówiąc przysłowiowo więc rozumiem Ukraińców<br>I w związku z tym<br>Choć gloryfikacja <em>UPA-dłych</em> zbrodniarzy morderców<br>Nie jest właściwa to jednak<br>Myślę że Polska powinna okazać<br>Elementarną empatię w związku z<br>Ciężarem który ponosi Ukraina wojny<br>Która jako napastliwa nigdy nie<br>Jest i nie będzie sprawiedliwa<br>Mimo kłamliwej dialektyki tam agresorów<br>Dlatego Polska i Polacy powinni<br>Się wstrzymać uważam z egzekwowaniem<br>Od Ukrainy odpowiedzialności za tamten<br>Niesprawiedliwy zbrodniczy czas bo jakoś<br>Polsce i Polakom nie wychodzi<br>Egzekwowanie czegokolwiek z drugiej apokalipsy<br>Ze wschodu i z zachodu<br>Gdzie zbrodniczość Niemiec hitlerowskich<br>I sowieckiej Rosji przekraczała zdecydowanie<br>Poziom jakże strasznej Rzezi Wołyńskiej</p>



<p class="wp-block-paragraph">A w obliczu napaści podobej<br>Współcześnie to komu to służy<br>Konfliktowanie Ukraińców z Polakami jeśli<br>Nie tym którzy mają wykorzystywać<br>Grozę zniszczenia przeciwko najpierw im<br>A potem może i nam<br>Tyle na ten temat mam<br>Mniej więcej do powiedzenia bynajmniej<br>Nie umniejszając zbrodni Rzezi Wołyńskiej<br>Ale mając elementarną empatię wobec<br>Udręczonej straszną wojną tam Ukrainy<br>A tym którzy szabelką machają<br>Na przeciw Ukraińców którzy walczą<br>Z czołgami rakietami dronami to powiem<br>Że niech pomachają sobie tam<br>W tym kierunku gdzie zbrodnie wtedy<br>I potem były dużo większe<br>Ale najłatwiej przecież szabelką machać<br>Wobec Ukrainy poddawanej nieustannie agresji</p>



<p class="wp-block-paragraph">To motyw mojego pisania pierwszy<br>A drugi łajdactwo i bestie<br>Które nieustannie chce nas atakować<br>Prowokować zabijać zniewalać i niszczyć<br>Nas naszych i nasze i<br>Pewnie jak w przypadku Ukrainy<br>To się ocenia odpowiednio a<br>Jakże z pozycji ciepłego fotela<br>Zwłaszcza w tak deszczowe dni<br>A jednak jak Ukraina my<br>Nosimy wszędzie ciągle w sobie<br>Grozę zbrodni tych bestii i<br>Łajdactwa im usłużnego złem wszelkim<br>A kto nie żył grozą<br>Taką nieustanną niech lepiej zamilknie<br>I nie ocenia tych którzy<br>Z tym się mierzą wielokroć<br>I ciągle i dnia każdego<br>I od lat już wielu</p>



<p class="wp-block-paragraph">A zwłaszcza lubią wykorzystywać momenty<br>Te szatany wszelkie gdy odpowiednio<br>Rozdzieleni jesteśmy niszczyć zabijać zniewalać<br>Bezwzględna mantra szatanów bestii łajdaków<br>Napadać prowokować uderzać kłamstwem jakkolwiek<br>A jednak jak tam Ukraina<br>My też walczymy choć może<br>Z bestiami innymi tak czy<br>Inaczej z tym szataństwem zbrodni<br>Tych tu bestii łajdactwa zepsutego<br>Judaszowym sprzedawczykowstwem wobec dzieci Bożych</p>



<p class="wp-block-paragraph"><strong>I ani mi Ani z<br>Nami naszymi i naszym Bóg<br>Jest Obrońcą naszym wobec tego<br>Wszelkiego podłego wyrafinowanego podstępnego perfidnego<br>Zła szatańskiego obłudzie ku zbrodniom<br>Bestii i łajdaków zresztą wszelkich<br>Idźcie precz z szataństwami waszymi<br>My Boga i w Nim<br>Zawsze nasza droga naprzeciw szataństwu</strong></p>



<figure class="wp-block-gallery has-nested-images columns-default is-cropped wp-block-gallery-1 is-layout-flex wp-block-gallery-is-layout-flex">
<figure class="wp-block-image size-large"><a href="https://hubertpietka.bialystok.pl/wp-content/uploads/2026/07/1000078682-scaled.jpg"><img fetchpriority="high" decoding="async" width="771" height="1024" data-id="10914" src="https://hubertpietka.bialystok.pl/wp-content/uploads/2026/07/1000078682-771x1024.jpg" alt="" class="wp-image-10914" srcset="https://hubertpietka.bialystok.pl/wp-content/uploads/2026/07/1000078682-771x1024.jpg 771w, https://hubertpietka.bialystok.pl/wp-content/uploads/2026/07/1000078682-226x300.jpg 226w, https://hubertpietka.bialystok.pl/wp-content/uploads/2026/07/1000078682-768x1020.jpg 768w, https://hubertpietka.bialystok.pl/wp-content/uploads/2026/07/1000078682-1157x1536.jpg 1157w, https://hubertpietka.bialystok.pl/wp-content/uploads/2026/07/1000078682-1542x2048.jpg 1542w, https://hubertpietka.bialystok.pl/wp-content/uploads/2026/07/1000078682-scaled.jpg 1928w" sizes="(max-width: 771px) 100vw, 771px" /></a></figure>
</figure>



<p class="wp-block-paragraph"><em>Błogosław Panie nam naszemu naszym<br>Polsce i Ukrainie błogosław zawsze<br>Choć trud to znojny wielorako<br>I błogosław wspierających tych udręczonych<br>Prześladowanych podanych zbrodniom zła różnorakim</em></p>

<p>Dziś w Polsce dzień pamięciO Rzezi Wołyńskiej to byłaZbrodnia ludobójstwa jak każda takaKoszmarnie niesprawiedliwa potworna i wynaturzonaAle rozumiem Ukraińców że oniSą rozdrażnieni tym tematem terazGdy&hellip;</p>
