{"id":1099,"date":"2018-04-12T18:38:49","date_gmt":"2018-04-12T18:38:49","guid":{"rendered":"http:\/\/hubertpietka.bialystok.pl\/?page_id=1099"},"modified":"2018-04-12T18:48:39","modified_gmt":"2018-04-12T18:48:39","slug":"kwiecien-i-zlo-cien","status":"publish","type":"page","link":"https:\/\/hubertpietka.bialystok.pl\/?page_id=1099","title":{"rendered":"Kwiecie\u0144 i z\u0142o-cie\u0144"},"content":{"rendered":"<p>Kwiecie\u0144 i z\u0142o-cie\u0144<\/p>\n<p>Kwiecie\u0144 \u0142\u0105ki kwieci<br \/>\nKwiecie\u0144 s\u0142o\u0144cem z\u0142oci<br \/>\nKwiecie\u0144 niebo b\u0142\u0119kici<span class=\"text_exposed_show\"><br \/>\n\u015awiat w zachwycie<\/span><\/p>\n<div class=\"text_exposed_show\">\n<p>Kwiecie\u0144 trawy zieleni<br \/>\nKwiecie\u0144 li\u015bciem si\u0119 mieni<br \/>\nKwiecie\u0144 roz\u015bpiewuje ptasie trele<br \/>\n\u015awiat rozwesela<\/p>\n<p>Tyle pi\u0119kna i ciep\u0142a wczesnego<br \/>\nTyle u\u015bmiechu dobrego spokojnego<br \/>\nTyle ciszy zadumy i my\u015bli<br \/>\n\u015awiat na nowo swe sny \u015bni<\/p>\n<\/div>\n<p><em><strong><a href=\"https:\/\/www.youtube.com\/watch?v=SmaV3hMQzMw\">Urszula &#8211; Dmuchawce, latawce, wiatr (Budka Suflera)<\/a><\/strong><\/em><\/p>\n","protected":false},"excerpt":{"rendered":"<p>Kwiecie\u0144 i z\u0142o-cie\u0144 Kwiecie\u0144 \u0142\u0105ki kwieci Kwiecie\u0144 s\u0142o\u0144cem z\u0142oci Kwiecie\u0144 niebo b\u0142\u0119kici \u015awiat w zachwycie Kwiecie\u0144 trawy zieleni Kwiecie\u0144 li\u015bciem si\u0119 mieni Kwiecie\u0144 roz\u015bpiewuje ptasie&hellip; <\/p>\n","protected":false},"author":1,"featured_media":0,"parent":0,"menu_order":0,"comment_status":"closed","ping_status":"closed","template":"","meta":{"footnotes":""},"class_list":["post-1099","page","type-page","status-publish","hentry"],"_links":{"self":[{"href":"https:\/\/hubertpietka.bialystok.pl\/index.php?rest_route=\/wp\/v2\/pages\/1099","targetHints":{"allow":["GET"]}}],"collection":[{"href":"https:\/\/hubertpietka.bialystok.pl\/index.php?rest_route=\/wp\/v2\/pages"}],"about":[{"href":"https:\/\/hubertpietka.bialystok.pl\/index.php?rest_route=\/wp\/v2\/types\/page"}],"author":[{"embeddable":true,"href":"https:\/\/hubertpietka.bialystok.pl\/index.php?rest_route=\/wp\/v2\/users\/1"}],"replies":[{"embeddable":true,"href":"https:\/\/hubertpietka.bialystok.pl\/index.php?rest_route=%2Fwp%2Fv2%2Fcomments&post=1099"}],"version-history":[{"count":5,"href":"https:\/\/hubertpietka.bialystok.pl\/index.php?rest_route=\/wp\/v2\/pages\/1099\/revisions"}],"predecessor-version":[{"id":1104,"href":"https:\/\/hubertpietka.bialystok.pl\/index.php?rest_route=\/wp\/v2\/pages\/1099\/revisions\/1104"}],"wp:attachment":[{"href":"https:\/\/hubertpietka.bialystok.pl\/index.php?rest_route=%2Fwp%2Fv2%2Fmedia&parent=1099"}],"curies":[{"name":"wp","href":"https:\/\/api.w.org\/{rel}","templated":true}]}}