{"id":1124,"date":"2018-04-18T16:46:17","date_gmt":"2018-04-18T16:46:17","guid":{"rendered":"http:\/\/hubertpietka.bialystok.pl\/?page_id=1124"},"modified":"2018-04-18T16:49:59","modified_gmt":"2018-04-18T16:49:59","slug":"o-niebie-na-ziemi-sen-ja-jestem-a-ja-wiem","status":"publish","type":"page","link":"https:\/\/hubertpietka.bialystok.pl\/?page_id=1124","title":{"rendered":"O niebie na ziemi (Sen&#8230; \/ Ja jestem, a ja wiem)"},"content":{"rendered":"<p><span class=\" UFICommentActorAndBody\"> <span data-ft=\"{&quot;tn&quot;:&quot;K&quot;}\"><span class=\"UFICommentBody _1n4g\"><strong>O niebie na ziemi (Sen&#8230; \/ Ja jestem, a ja wiem)<\/strong><br \/>\n<\/span><\/span><\/span><\/p>\n<p><strong>I<\/strong><\/p>\n<p><span class=\" UFICommentActorAndBody\"><span data-ft=\"{&quot;tn&quot;:&quot;K&quot;}\"><span class=\"UFICommentBody _1n4g\">Kim jestem<br \/>\nKim jest ten<\/span><\/span><\/span><\/p>\n<p>Ja wierz\u0119 w \u015bwiat<br \/>\nGdzie bratem brat<br \/>\nJa wierz\u0119 w was<br \/>\nJa wierz\u0119 w nich<br \/>\n\u017be spe\u0142ni\u0105 si\u0119 ludzko\u015bci ciche dobre sny<\/p>\n<p>Ja wierz\u0119 w dobro prawd\u0119 i mi\u0142o\u015b\u0107<br \/>\nJa wierz\u0119 \u017ce pi\u0119kno jest wielk\u0105 si\u0142\u0105<br \/>\nI wierz\u0119 w mi\u0142osierdzie<br \/>\nDla mnie i dla ciebie<\/p>\n<p>Ja wierz\u0119 w niebo<br \/>\n\u017be wychodzi naprzeciw<br \/>\nWszystkim potrzebom<br \/>\n\u017be pomaga w trwaniu<br \/>\nI w ze z\u0142em wygraniu<\/p>\n<p>Ja wierz\u0119 w ten czas<br \/>\nKt\u00f3ry jest dla nas<br \/>\nBy\u015bmy si\u0119 obudzili<br \/>\nZ\u0142o\u015b\u0107 i nienawi\u015b\u0107<br \/>\nW sobie przezwyci\u0119\u017cyli<\/p>\n<p>Ja wierz\u0119 w to<br \/>\n\u017be \u015bwiatem b\u0119dzie dom<br \/>\nA dom \u015bwiatem<br \/>\nWsp\u00f3lnych warto\u015bci<br \/>\nCz\u0142owieczej dojrza\u0142o\u015bci<\/p>\n<p>Ja wiem \u017ce to mo\u017ce naiwnie<br \/>\nLecz wierz\u0119 dziecinnie<br \/>\n\u017be spe\u0142ni si\u0119<br \/>\nLudzko\u015bci upragniony nowy dzie\u0144<\/p>\n<p>\u017be wiosna \u017cycia ogarnie<br \/>\nKa\u017cdego cz\u0142owieka<br \/>\nBo ka\u017cdy na ni\u0105 czeka<br \/>\nCzy chce czy nie<br \/>\nCzy o tym wie lub nie<\/p>\n<p>Bo dobro musi przem\u00f3c<br \/>\nWszystkie ciemno\u015bci<br \/>\nBy spo\u0142eczno\u015b\u0107 \u015bwiata<br \/>\nSz\u0142a ku rado\u015bci<br \/>\nWsp\u00f3lnego pokoju i cicho\u015bci<\/p>\n<p>Ja wierz\u0119 w to<br \/>\nJa niebu ufam<br \/>\n\u017be modlitwy mej wys\u0142ucha<br \/>\nI spe\u0142ni si\u0119 nowy \u0142ad<br \/>\nWed\u0142ug ducha<\/p>\n<p>Ja wierz\u0119 ja<br \/>\nMoj\u0105 wiar\u0105 jestem ja<br \/>\nA b\u0119dzie co B\u00f3g da<br \/>\nLecz spe\u0142nienia tego<br \/>\nOczekuj\u0119 nie tylko ja<\/p>\n<p>&nbsp;<\/p>\n<p><strong>II<\/strong><\/p>\n<p><span class=\" UFICommentActorAndBody\"><span data-ft=\"{&quot;tn&quot;:&quot;K&quot;}\"><span class=\"UFICommentBody _1n4g\">Ja jestem ten<br \/>\nJam jest M<\/span><\/span><\/span><\/p>\n<p>Wszystko to zawierzy\u0142em<br \/>\nCom wype\u0142ni\u0142<br \/>\nWype\u0142ni\u0142em<br \/>\nA co zrobi\u0107 jeszcze mam<br \/>\nPowiem trwam<\/p>\n<p>By spe\u0142ni\u0142o si\u0119<br \/>\nTo co by\u0107 powinno<br \/>\nBy tak si\u0119 z\u0142o\u017cy\u0142o<br \/>\nCo niebo wymy\u015bli\u0142o<br \/>\nBy si\u0119 wszystko<br \/>\nWype\u0142ni\u0142o<\/p>\n<p>Tak niech trwa<br \/>\nWiara i nadzieja<br \/>\nA mi\u0142o\u015b\u0107<br \/>\nNiech wszystko wype\u0142ni<br \/>\nBy\u015bmy mogli doj\u015b\u0107 do pe\u0142ni<\/p>\n<p>Cz\u0142owieka niebem<br \/>\nSpe\u0142nionego<br \/>\nZbudowanego<br \/>\nNatchnionego<br \/>\nBy odnale\u017a\u0107 istot\u0119<br \/>\nCz\u0142owiecze\u0144stwa naszego<\/p>\n<p>Jestem tym<br \/>\nJestem nim<br \/>\nKt\u00f3ry \u017cycia sny<br \/>\nChce spe\u0142ni\u0107<br \/>\nW stron\u0119 nieba<br \/>\n\u015awiat otworzy\u0107<\/p>\n<p>By utworzy\u0107 si\u0119 m\u00f3g\u0142<br \/>\nNowy czas<br \/>\nNowych nas<br \/>\nNowych mas<br \/>\nGdzie wa\u017cny jest<br \/>\nKa\u017cdy cz\u0142owiek<\/p>\n<p>Tyle o sobie<br \/>\nInaczej tego nie wypowiem<br \/>\nKim jestem<br \/>\nPo prostu<br \/>\nJestem sobie<br \/>\nI Tobie<\/p>\n<p>A robi\u0119 co robi\u0119<br \/>\nJezu ufam Tobie<br \/>\nM jak Maryja<br \/>\nI Mi\u0142osierdzie<br \/>\nB\u0119dzie co b\u0119dzie<\/p>\n<p>Duchu przyjd\u017a<br \/>\nI po\u015bwi\u0119\u0107 \u015bwiat<br \/>\nBo\u017cemu biegowi<br \/>\nWed\u0142ug logiki nieba<br \/>\nBy cz\u0142owiek<br \/>\nBy\u0142 cz\u0142owiekiem<br \/>\nCz\u0142owiekowi<\/p>\n<p>I w Bogu<br \/>\nWszystko stanowi\u0142<br \/>\nWtedy osi\u0105gnie<br \/>\nStan szcz\u0119\u015bcia<br \/>\nW\u0142a\u015bciwy cz\u0142owiekowi<br \/>\nPo\u015bwi\u0119conemu ju\u017c Bogu<\/p>\n<p><em><strong><a href=\"https:\/\/www.youtube.com\/watch?v=NtHKbVHP3IY\">E. G\u00f3rniak &#8211; List<\/a><\/strong><\/em><\/p>\n","protected":false},"excerpt":{"rendered":"<p>O niebie na ziemi (Sen&#8230; \/ Ja jestem, a ja wiem) I Kim jestem Kim jest ten Ja wierz\u0119 w \u015bwiat Gdzie bratem brat Ja&hellip; <\/p>\n","protected":false},"author":1,"featured_media":0,"parent":0,"menu_order":0,"comment_status":"closed","ping_status":"closed","template":"","meta":{"footnotes":""},"class_list":["post-1124","page","type-page","status-publish","hentry"],"_links":{"self":[{"href":"https:\/\/hubertpietka.bialystok.pl\/index.php?rest_route=\/wp\/v2\/pages\/1124","targetHints":{"allow":["GET"]}}],"collection":[{"href":"https:\/\/hubertpietka.bialystok.pl\/index.php?rest_route=\/wp\/v2\/pages"}],"about":[{"href":"https:\/\/hubertpietka.bialystok.pl\/index.php?rest_route=\/wp\/v2\/types\/page"}],"author":[{"embeddable":true,"href":"https:\/\/hubertpietka.bialystok.pl\/index.php?rest_route=\/wp\/v2\/users\/1"}],"replies":[{"embeddable":true,"href":"https:\/\/hubertpietka.bialystok.pl\/index.php?rest_route=%2Fwp%2Fv2%2Fcomments&post=1124"}],"version-history":[{"count":4,"href":"https:\/\/hubertpietka.bialystok.pl\/index.php?rest_route=\/wp\/v2\/pages\/1124\/revisions"}],"predecessor-version":[{"id":1128,"href":"https:\/\/hubertpietka.bialystok.pl\/index.php?rest_route=\/wp\/v2\/pages\/1124\/revisions\/1128"}],"wp:attachment":[{"href":"https:\/\/hubertpietka.bialystok.pl\/index.php?rest_route=%2Fwp%2Fv2%2Fmedia&parent=1124"}],"curies":[{"name":"wp","href":"https:\/\/api.w.org\/{rel}","templated":true}]}}