{"id":1146,"date":"2018-05-02T11:16:33","date_gmt":"2018-05-02T11:16:33","guid":{"rendered":"http:\/\/hubertpietka.bialystok.pl\/?page_id=1146"},"modified":"2018-05-02T11:42:42","modified_gmt":"2018-05-02T11:42:42","slug":"bialo-czerwona-chusta-sw-weroniki","status":"publish","type":"page","link":"https:\/\/hubertpietka.bialystok.pl\/?page_id=1146","title":{"rendered":"Bia\u0142o-czerwona \/Chusta \u015bw. Weroniki\/"},"content":{"rendered":"<div class=\"_5pbx userContent _3576\" data-ft=\"{&quot;tn&quot;:&quot;K&quot;}\">\n<div id=\"id_5ae99d2fb36c76971538691\" class=\"text_exposed_root text_exposed\">\n<p><em><strong>Bia\u0142o-czerwona<\/strong><\/em><br \/>\n<em><strong> \/Chusta \u015bw. Weroniki\/<\/strong><\/em><\/p>\n<p>Prawdziwy<br \/>\nWizerunek<span class=\"text_exposed_show\"><br \/>\nOjczyzny<\/span><\/p>\n<div class=\"text_exposed_show\">\n<p>Znak<br \/>\nNios\u0105cy<br \/>\nZwyci\u0119stwo<\/p>\n<p>W tych barwach<br \/>\nCzysto\u015b\u0107<br \/>\nMi\u0142o\u015b\u0107<br \/>\nI m\u0119stwo<\/p>\n<p>Serce<br \/>\nKrew<br \/>\nI ciernie<\/p>\n<p>Cierpienie<br \/>\nOfiara<br \/>\nI zbawienie<\/p>\n<p>Chusta \u015bw. Weroniki<br \/>\nOblicze Ojczyzny naszej<br \/>\nZwyci\u0119stwo niesie \u015bwiatu<\/p>\n<p>Znak krzy\u017ca<br \/>\nI zmartwychwstania<br \/>\nNa chu\u015bcie tej<br \/>\nMa miejsce swe<\/p>\n<p>Bia\u0142o-czerwone<br \/>\nFlagi naszej barwy<br \/>\nOdnawiaj\u0105 \u017cycie<br \/>\nZwyci\u0119stwo przynosz\u0105c w Bogu<\/p>\n<p><em>Pisano 2 maja 2018 r. w Dniu Flagi Polskiej<\/em><\/p>\n<p style=\"text-align: center;\"><em><strong><a href=\"https:\/\/www.youtube.com\/watch?v=Cyndx520Rtw\">&#8222;Szare szeregi&#8221;<\/a><\/strong><\/em><\/p>\n<p style=\"text-align: center;\"><em><strong><a href=\"https:\/\/www.youtube.com\/watch?v=ifQ117vgDPY\">&#8222;Hymn Szarych Szereg\u00f3w&#8221;<\/a><\/strong><\/em><\/p>\n<p style=\"text-align: center;\"><em><strong><a href=\"https:\/\/www.youtube.com\/watch?v=dpxa8l92YWg\">&#8222;Z miejsca na miejsce&#8221;<\/a><\/strong><\/em><\/p>\n<\/div>\n<\/div>\n<\/div>\n<div class=\"_3x-2\" data-ft=\"{&quot;tn&quot;:&quot;H&quot;}\">\n<div data-ft=\"{&quot;tn&quot;:&quot;H&quot;}\">\n<div class=\"mtm\">\n<div class=\"_2a2q\">\n<div class=\"uiScaledImageContainer\"><img loading=\"lazy\" decoding=\"async\" class=\"scaledImageFitWidth img aligncenter\" src=\"https:\/\/scontent-waw1-1.xx.fbcdn.net\/v\/t1.0-0\/q82\/p526x296\/31747942_226463371266661_5433279138637021184_n.jpg?_nc_cat=0&amp;oh=bd76d707137a60881a61bb960810efd0&amp;oe=5B95DC27\" alt=\"Zdj\u0119cie u\u017cytkownika Huberthubal Adalbertusmattias Pienteczkapientaszekpietka.\" width=\"492\" height=\"369\" \/><\/div>\n<div class=\"uiScaledImageContainer\"><img loading=\"lazy\" decoding=\"async\" class=\"scaledImageFitWidth img aligncenter\" src=\"https:\/\/scontent-waw1-1.xx.fbcdn.net\/v\/t1.0-0\/q84\/p526x296\/31760152_226463377933327_7563014646035120128_n.jpg?_nc_cat=0&amp;oh=7dd97a5d12e0188935acb35450c11a2f&amp;oe=5B5F1013\" alt=\"Zdj\u0119cie u\u017cytkownika Huberthubal Adalbertusmattias Pienteczkapientaszekpietka.\" width=\"492\" height=\"369\" \/><\/div>\n<\/div>\n<\/div>\n<\/div>\n<\/div>\n","protected":false},"excerpt":{"rendered":"<p>Bia\u0142o-czerwona \/Chusta \u015bw. Weroniki\/ Prawdziwy Wizerunek Ojczyzny Znak Nios\u0105cy Zwyci\u0119stwo W tych barwach Czysto\u015b\u0107 Mi\u0142o\u015b\u0107 I m\u0119stwo Serce Krew I ciernie Cierpienie Ofiara I zbawienie&hellip; <\/p>\n","protected":false},"author":1,"featured_media":0,"parent":0,"menu_order":0,"comment_status":"closed","ping_status":"closed","template":"","meta":{"footnotes":""},"class_list":["post-1146","page","type-page","status-publish","hentry"],"_links":{"self":[{"href":"https:\/\/hubertpietka.bialystok.pl\/index.php?rest_route=\/wp\/v2\/pages\/1146","targetHints":{"allow":["GET"]}}],"collection":[{"href":"https:\/\/hubertpietka.bialystok.pl\/index.php?rest_route=\/wp\/v2\/pages"}],"about":[{"href":"https:\/\/hubertpietka.bialystok.pl\/index.php?rest_route=\/wp\/v2\/types\/page"}],"author":[{"embeddable":true,"href":"https:\/\/hubertpietka.bialystok.pl\/index.php?rest_route=\/wp\/v2\/users\/1"}],"replies":[{"embeddable":true,"href":"https:\/\/hubertpietka.bialystok.pl\/index.php?rest_route=%2Fwp%2Fv2%2Fcomments&post=1146"}],"version-history":[{"count":4,"href":"https:\/\/hubertpietka.bialystok.pl\/index.php?rest_route=\/wp\/v2\/pages\/1146\/revisions"}],"predecessor-version":[{"id":1150,"href":"https:\/\/hubertpietka.bialystok.pl\/index.php?rest_route=\/wp\/v2\/pages\/1146\/revisions\/1150"}],"wp:attachment":[{"href":"https:\/\/hubertpietka.bialystok.pl\/index.php?rest_route=%2Fwp%2Fv2%2Fmedia&parent=1146"}],"curies":[{"name":"wp","href":"https:\/\/api.w.org\/{rel}","templated":true}]}}