{"id":1267,"date":"2018-06-11T15:22:26","date_gmt":"2018-06-11T15:22:26","guid":{"rendered":"http:\/\/hubertpietka.bialystok.pl\/?page_id=1267"},"modified":"2018-06-11T15:32:52","modified_gmt":"2018-06-11T15:32:52","slug":"pozy-pozytywizmu-a-byc-pozytywnym","status":"publish","type":"page","link":"https:\/\/hubertpietka.bialystok.pl\/?page_id=1267","title":{"rendered":"Pozy pozytywizmu a by\u0107 pozytywnym"},"content":{"rendered":"<p><em><strong>Pozy pozytywizmu a by\u0107 pozytywnym<\/strong><\/em><\/p>\n<p>Pozytywnym by\u0107<br \/>\nTo dobro czyni\u0107<\/p>\n<div class=\"text_exposed_show\">\n<p>I w my\u015bli i w s\u0142owie i w czynie<br \/>\nA najbardziej w modlitwie<\/p>\n<p>Tym si\u0119 r\u00f3\u017cni byt pozytywny<br \/>\nOd pozy i pustoty g\u0142upoty<\/p>\n<p>Dobro czyni\u0107<br \/>\nTo dobrem \u015bwiat nape\u0142nia\u0107<\/p>\n<p>Pozy robi\u0107 to nic nie robi\u0107<br \/>\nMiny stroi\u0107 i pustot\u0119 szerzy\u0107<\/p>\n<p>Dobro jest pozytywne<br \/>\nA z\u0142o tylko pozornie podszywa si\u0119 pod nie<\/p>\n<p>Po owocach si\u0119 poznaje<br \/>\nZ\u0142o niesie tylko \u015bmier\u0107 i zniszczenie<\/p>\n<p>Dobro wsp\u00f3\u0142tworzy sum\u0119 \u015bwiata<br \/>\nGdzie cz\u0142owiek z ka\u017cdym si\u0119 brata<\/p>\n<p>B\u0105d\u017amy pozytywni realnie<br \/>\nA nie pozorni trywialnie<\/p>\n<p>Pozy-ty-w-NY-mi <span class=\"_47e3 _5mfr\" title=\"Emotikon smile\"><span class=\"_7oe\">\ud83d\ude42<\/span><\/span> \/z\u0142a nie czy\u0144\/<br \/>\nLecz dobro razem \u015bwiatu nie\u015bmy<\/p>\n<p>Si\u0119 u\u015bmiechnij \ud83d\ude42<\/p>\n<p style=\"text-align: center;\"><em><strong><a href=\"https:\/\/www.youtube.com\/watch?v=VZ_JAs0JljQ&amp;app=desktop\">Rezerwat &#8211; Zaopiekuj si\u0119 mn\u0105<\/a><\/strong><\/em><\/p>\n<p style=\"text-align: center;\"><em><strong><a href=\"https:\/\/www.youtube.com\/watch?v=zb9Obfsfhrw&amp;app=desktop\">Obywatel G.C. &#8211; Nie pytaj o Polsk\u0119<\/a><\/strong><\/em><\/p>\n<h1 class=\"title style-scope ytd-video-primary-info-renderer\" style=\"text-align: center;\"><em><a href=\"https:\/\/www.youtube.com\/watch?v=EAI0cTc1Yj0\">Lombard &#8211; Mister of America<\/a><\/em><\/h1>\n<\/div>\n","protected":false},"excerpt":{"rendered":"<p>Pozy pozytywizmu a by\u0107 pozytywnym Pozytywnym by\u0107 To dobro czyni\u0107 I w my\u015bli i w s\u0142owie i w czynie A najbardziej w modlitwie Tym si\u0119&hellip; <\/p>\n","protected":false},"author":1,"featured_media":0,"parent":0,"menu_order":0,"comment_status":"closed","ping_status":"closed","template":"","meta":{"footnotes":""},"class_list":["post-1267","page","type-page","status-publish","hentry"],"_links":{"self":[{"href":"https:\/\/hubertpietka.bialystok.pl\/index.php?rest_route=\/wp\/v2\/pages\/1267","targetHints":{"allow":["GET"]}}],"collection":[{"href":"https:\/\/hubertpietka.bialystok.pl\/index.php?rest_route=\/wp\/v2\/pages"}],"about":[{"href":"https:\/\/hubertpietka.bialystok.pl\/index.php?rest_route=\/wp\/v2\/types\/page"}],"author":[{"embeddable":true,"href":"https:\/\/hubertpietka.bialystok.pl\/index.php?rest_route=\/wp\/v2\/users\/1"}],"replies":[{"embeddable":true,"href":"https:\/\/hubertpietka.bialystok.pl\/index.php?rest_route=%2Fwp%2Fv2%2Fcomments&post=1267"}],"version-history":[{"count":3,"href":"https:\/\/hubertpietka.bialystok.pl\/index.php?rest_route=\/wp\/v2\/pages\/1267\/revisions"}],"predecessor-version":[{"id":1270,"href":"https:\/\/hubertpietka.bialystok.pl\/index.php?rest_route=\/wp\/v2\/pages\/1267\/revisions\/1270"}],"wp:attachment":[{"href":"https:\/\/hubertpietka.bialystok.pl\/index.php?rest_route=%2Fwp%2Fv2%2Fmedia&parent=1267"}],"curies":[{"name":"wp","href":"https:\/\/api.w.org\/{rel}","templated":true}]}}