{"id":1277,"date":"2018-06-12T13:25:58","date_gmt":"2018-06-12T13:25:58","guid":{"rendered":"http:\/\/hubertpietka.bialystok.pl\/?page_id=1277"},"modified":"2018-06-12T13:47:46","modified_gmt":"2018-06-12T13:47:46","slug":"odezwa-m-jak-as-j-1512-milujmy-sie","status":"publish","type":"page","link":"https:\/\/hubertpietka.bialystok.pl\/?page_id=1277","title":{"rendered":"Ode(z)wa M ja(k) as \/ J 15,12 &#8211; Mi\u0142ujmy si\u0119 \/"},"content":{"rendered":"<p><em><strong>Ode(z)wa M ja(k) as <\/strong><\/em><br \/>\n<em><strong> \/ J 15,12 &#8211; Mi\u0142ujmy si\u0119 \/<\/strong><\/em><\/p>\n<p>1. Nie l\u0119kajcie si\u0119<br \/>\nCho\u0107by \u015bwiat wali\u0142 si\u0119 <span class=\"text_exposed_show\"><br \/>\nNie trzeba<br \/>\nNiepokoi\u0107 si\u0119 <\/span><\/p>\n<div class=\"text_exposed_show\">\n<p>Nie tra\u0107cie nadziei<br \/>\nNigdy<br \/>\nZawsze trzeba wierzy\u0107<br \/>\n\u017be z\u0142o si\u0119 odmieni<\/p>\n<p>Dobra nie przezwyci\u0119\u017cy<\/p>\n<p>2. Tak nie wiele<br \/>\nBy by\u0142o trzeba<br \/>\nBy ten \u015bwiat<br \/>\nPrzyzwoitym si\u0119 sta\u0142<\/p>\n<p>A ludzie<br \/>\nBy \u017cyli zgodnie<br \/>\nW pokoju serca<br \/>\nNa samym dnie<\/p>\n<h1 class=\"title style-scope ytd-video-primary-info-renderer\" style=\"text-align: center;\"><em><a href=\"https:\/\/www.youtube.com\/watch?v=IEiRPInizgQ\">Krzysztof Zalewski &#8211; Mi\u0142o\u015b\u0107 Mi\u0142o\u015b\u0107<\/a><\/em><\/h1>\n<h1 class=\"title style-scope ytd-video-primary-info-renderer\" style=\"text-align: center;\"><em><a href=\"https:\/\/www.youtube.com\/watch?v=uDvGOjakAS8\">Krzysztof Zalewski &#8211; Polsko<\/a><\/em><\/h1>\n<h1 class=\"title style-scope ytd-video-primary-info-renderer\" style=\"text-align: center;\"><em><a href=\"https:\/\/www.youtube.com\/watch?v=swp3rxriy1w\">Natalia Nykiel &#8211; Spok\u00f3j<\/a><\/em><\/h1>\n<\/div>\n","protected":false},"excerpt":{"rendered":"<p>Ode(z)wa M ja(k) as \/ J 15,12 &#8211; Mi\u0142ujmy si\u0119 \/ 1. Nie l\u0119kajcie si\u0119 Cho\u0107by \u015bwiat wali\u0142 si\u0119 Nie trzeba Niepokoi\u0107 si\u0119 Nie tra\u0107cie&hellip;<\/p>\n","protected":false},"author":1,"featured_media":0,"parent":0,"menu_order":0,"comment_status":"closed","ping_status":"closed","template":"","meta":{"_customify_content_layout":"","_customify_sidebar":"","_customify_page_header_display":"","_customify_disable_header":"","_customify_disable_header_top":"","_customify_disable_header_main":"","_customify_disable_header_bottom":"","_customify_disable_page_title":"","_customify_disable_content_vertical_padding":"","_customify_disable_footer_top":"","_customify_disable_footer_main":"","_customify_disable_footer_bottom":"","_customify_breadcrumb_display":"","_customify_header_transparent_display":"","footnotes":""},"class_list":["post-1277","page","type-page","status-publish","hentry"],"_links":{"self":[{"href":"https:\/\/hubertpietka.bialystok.pl\/index.php?rest_route=\/wp\/v2\/pages\/1277","targetHints":{"allow":["GET"]}}],"collection":[{"href":"https:\/\/hubertpietka.bialystok.pl\/index.php?rest_route=\/wp\/v2\/pages"}],"about":[{"href":"https:\/\/hubertpietka.bialystok.pl\/index.php?rest_route=\/wp\/v2\/types\/page"}],"author":[{"embeddable":true,"href":"https:\/\/hubertpietka.bialystok.pl\/index.php?rest_route=\/wp\/v2\/users\/1"}],"replies":[{"embeddable":true,"href":"https:\/\/hubertpietka.bialystok.pl\/index.php?rest_route=%2Fwp%2Fv2%2Fcomments&post=1277"}],"version-history":[{"count":6,"href":"https:\/\/hubertpietka.bialystok.pl\/index.php?rest_route=\/wp\/v2\/pages\/1277\/revisions"}],"predecessor-version":[{"id":1283,"href":"https:\/\/hubertpietka.bialystok.pl\/index.php?rest_route=\/wp\/v2\/pages\/1277\/revisions\/1283"}],"wp:attachment":[{"href":"https:\/\/hubertpietka.bialystok.pl\/index.php?rest_route=%2Fwp%2Fv2%2Fmedia&parent=1277"}],"curies":[{"name":"wp","href":"https:\/\/api.w.org\/{rel}","templated":true}]}}

Ode(z)wa M ja(k) as / J 15,12 &#8211; Miłujmy się /

<p><em><strong>Ode(z)wa M ja(k) as </strong></em><br />
<em><strong> / J 15,12 &#8211; Miłujmy się /</strong></em></p>
<p>1. Nie lękajcie się<br />
Choćby świat walił się <span class="text_exposed_show"><br />
Nie trzeba<br />
Niepokoić się </span></p>
<div class="text_exposed_show">
<p>Nie traćcie nadziei<br />
Nigdy<br />
Zawsze trzeba wierzyć<br />
Że zło się odmieni</p>
<p>Dobra nie przezwycięży</p>
<p>2. Tak nie wiele<br />
By było trzeba<br />
By ten świat<br />
Przyzwoitym się stał</p>
<p>A ludzie<br />
By żyli zgodnie<br />
W pokoju serca<br />
Na samym dnie</p>
<h1 class="title style-scope ytd-video-primary-info-renderer" style="text-align: center;"><em><a href="https://www.youtube.com/watch?v=IEiRPInizgQ">Krzysztof Zalewski &#8211; Miłość Miłość</a></em></h1>
<h1 class="title style-scope ytd-video-primary-info-renderer" style="text-align: center;"><em><a href="https://www.youtube.com/watch?v=uDvGOjakAS8">Krzysztof Zalewski &#8211; Polsko</a></em></h1>
<h1 class="title style-scope ytd-video-primary-info-renderer" style="text-align: center;"><em><a href="https://www.youtube.com/watch?v=swp3rxriy1w">Natalia Nykiel &#8211; Spokój</a></em></h1>
</div>

<p>Ode(z)wa M ja(k) as / J 15,12 &#8211; Miłujmy się / 1. Nie lękajcie się Choćby świat walił się Nie trzeba Niepokoić się Nie traćcie&hellip;</p>
