{"id":1482,"date":"2018-07-18T12:31:59","date_gmt":"2018-07-18T12:31:59","guid":{"rendered":"http:\/\/hubertpietka.bialystok.pl\/?page_id=1482"},"modified":"2018-07-18T12:37:43","modified_gmt":"2018-07-18T12:37:43","slug":"ludzka-dola-a-niewola-dola","status":"publish","type":"page","link":"https:\/\/hubertpietka.bialystok.pl\/?page_id=1482","title":{"rendered":"Ludzka dola \/ a niewola do\u0142a"},"content":{"rendered":"<p><em><strong>Ludzka dola \/ a niewola do\u0142a<\/strong> <\/em><\/p>\n<p>1. Zamkni\u0119ci w kr\u0119gu s\u0142\u00f3w<br \/>\nOdci\u0119ci od sn\u00f3w<br \/>\nW\u015br\u00f3d ludzi sami<br \/>\nMo\u017cliwo\u015bci pozbawiani<\/p>\n<p>2. Wytyczne z\u0142a<br \/>\nDla cz\u0142owieczego do\u0142a<br \/>\nNiecne wskazania<br \/>\nPowolnego w sobie umierania<\/p>\n<p>3. Ratunku brak<br \/>\nMimo z boku trwa\u0144<br \/>\nR\u00f3\u017cnych stara\u0144<br \/>\nStan z\u0142ama\u0144<\/p>\n<p>4. I tylko<br \/>\n\u015awiadomo\u015bci walka<br \/>\nBy nie da\u0107 pogr\u0105\u017cy\u0107 si\u0119<br \/>\nW odm\u0119tach<\/p>\n<p>5. Samooskarzenia wznieci\u0107<br \/>\nK\u0142amstwem oszpeci\u0107<br \/>\nObwinia\u0107 za wszystko<br \/>\nPod byle pretekstem<\/p>\n<p>6. I w tym za\u0107mieniu<br \/>\nUderza\u0107<br \/>\nNa ka\u017cdym kroku<br \/>\nNastawa\u0107<\/p>\n<p>7. Ratunek w Bogu<br \/>\n\u017be nie dopu\u015bci On<br \/>\n\u017be wyzwoli<br \/>\nI z tego z\u0142a oswobodzi<\/p>\n<p>*Jezu ufam Tobie<br \/>\nMimo<br \/>\nA mo\u017ce<br \/>\nDlatego w\u0142a\u015bnie<\/p>\n<p>Na zdj. Przy Mi\u0142osierdziu Bo\u017cym<br \/>\nNa \u015brodku nieba<br \/>\nJe\u015bli sie powi\u0119kszy<br \/>\nWida\u0107 przebite strza\u0142\u0105 serce \/<br \/>\nCzasem \u017cycie jest zranione<br \/>\nTrzeba szuka\u0107 obrony<br \/>\nNajlepiej w Mi\u0142osierdziu Bo\u017cym<br \/>\nW dobrych ludziach w s\u0142owie.<\/p>\n<p><img loading=\"lazy\" decoding=\"async\" class=\"JZUAbb\" src=\"https:\/\/lh3.googleusercontent.com\/-oL54_R7_IFI\/W05uFneNFOI\/AAAAAAAACKo\/j2OqrDOpzLcei3u310DtUQikpNQU1he0gCJoC\/w530-h398-n\/IMG_20180717_195555.jpg\" alt=\"Zdj\u0119cie\" width=\"530\" height=\"398\" \/><\/p>\n<p style=\"text-align: center;\"><a href=\"https:\/\/www.youtube.com\/watch?v=5uBoEuDn8Uw\"><em><strong>Ich Troje &#8211; Ci wielcy<\/strong><\/em><\/a><\/p>\n","protected":false},"excerpt":{"rendered":"<p>Ludzka dola \/ a niewola do\u0142a 1. Zamkni\u0119ci w kr\u0119gu s\u0142\u00f3w Odci\u0119ci od sn\u00f3w W\u015br\u00f3d ludzi sami Mo\u017cliwo\u015bci pozbawiani 2. Wytyczne z\u0142a Dla cz\u0142owieczego do\u0142a&hellip; <\/p>\n","protected":false},"author":1,"featured_media":0,"parent":0,"menu_order":0,"comment_status":"closed","ping_status":"closed","template":"","meta":{"footnotes":""},"class_list":["post-1482","page","type-page","status-publish","hentry"],"_links":{"self":[{"href":"https:\/\/hubertpietka.bialystok.pl\/index.php?rest_route=\/wp\/v2\/pages\/1482","targetHints":{"allow":["GET"]}}],"collection":[{"href":"https:\/\/hubertpietka.bialystok.pl\/index.php?rest_route=\/wp\/v2\/pages"}],"about":[{"href":"https:\/\/hubertpietka.bialystok.pl\/index.php?rest_route=\/wp\/v2\/types\/page"}],"author":[{"embeddable":true,"href":"https:\/\/hubertpietka.bialystok.pl\/index.php?rest_route=\/wp\/v2\/users\/1"}],"replies":[{"embeddable":true,"href":"https:\/\/hubertpietka.bialystok.pl\/index.php?rest_route=%2Fwp%2Fv2%2Fcomments&post=1482"}],"version-history":[{"count":4,"href":"https:\/\/hubertpietka.bialystok.pl\/index.php?rest_route=\/wp\/v2\/pages\/1482\/revisions"}],"predecessor-version":[{"id":1486,"href":"https:\/\/hubertpietka.bialystok.pl\/index.php?rest_route=\/wp\/v2\/pages\/1482\/revisions\/1486"}],"wp:attachment":[{"href":"https:\/\/hubertpietka.bialystok.pl\/index.php?rest_route=%2Fwp%2Fv2%2Fmedia&parent=1482"}],"curies":[{"name":"wp","href":"https:\/\/api.w.org\/{rel}","templated":true}]}}