{"id":1580,"date":"2018-08-08T21:09:10","date_gmt":"2018-08-08T21:09:10","guid":{"rendered":"http:\/\/hubertpietka.bialystok.pl\/?page_id=1580"},"modified":"2018-08-08T21:37:04","modified_gmt":"2018-08-08T21:37:04","slug":"1580-2","status":"publish","type":"page","link":"https:\/\/hubertpietka.bialystok.pl\/?page_id=1580","title":{"rendered":"Je T&#8217;aime na \u017bytniej \/ Je T&#8217;aime \u017cyciem"},"content":{"rendered":"<p><em><strong>Je T&#8217;aime na \u017bytniej \/ Je T&#8217;aime \u017cyciem<\/strong> <\/em><\/p>\n<p>Mi\u0142o\u015b\u0107 z Ducha \u015awi\u0119tego jest<br \/>\nNienawi\u015b\u0107 to domena szata\u0144skich gier<\/p>\n<p>Kocha\u0107 to dobrze czyni\u0107<br \/>\nNienawi\u015b\u0107 niszczy\u0107 i zabija\u0107<\/p>\n<p>Kocha\u0107 to prawd\u0119 g\u0142osi\u0107<br \/>\nNienawidzi\u0107 za\u015b k\u0142amstwa i obmow\u0119 szerzy\u0107<\/p>\n<p>\u017byto mi\u0142o\u015bci to ziarno<br \/>\nDobra prawdy i rado\u015bci<br \/>\nTo pok\u00f3j nie\u015b\u0107 sob\u0105<br \/>\nA nie dzia\u0142a\u0107 w zbrodniczym systemie niszczenia<\/p>\n<p>\u017by\u0107 \u017cytem mi\u0142o\u015bci<br \/>\nTo sia\u0107 ziarno wolno\u015bci<br \/>\nNienawi\u015b\u0107 praktykowa\u0107<br \/>\nTo demonowi pos\u0142uch dawa\u0107<\/p>\n<p>Je T&#8217;aime<br \/>\n\u017byj\u0119<br \/>\nNa \u017bytniej<br \/>\nZiarno siej\u0119<\/p>\n<p><em>Na zdj. Znak Ducha \u015awi\u0119tego na niebie \/<\/em><br \/>\n<em> Ob\u0142oki w kszta\u0142cie go\u0142\u0119bicy u\u0142o\u017cone \/<\/em><br \/>\n<em> *Trzeba ws\u0142uchiwa\u0107 si\u0119 w \u015awi\u0119tego Ducha \/<\/em><br \/>\n<em> A nie dawa\u0107 z\u0142emu pos\u0142uchu.<\/em><\/p>\n<p><img loading=\"lazy\" decoding=\"async\" class=\"JZUAbb\" src=\"https:\/\/lh3.googleusercontent.com\/-7s83IH1Sm3E\/W2qb_v4aeVI\/AAAAAAAAEOo\/muUJ0EAHFL8G1UzRA7lSQ4hwOvmxAMdPwCJoC\/w530-h398-n\/IMG_20180807_191037.jpg\" alt=\"Zdj\u0119cie\" width=\"530\" height=\"398\" \/><\/p>\n<h1 class=\"title style-scope ytd-video-primary-info-renderer\" style=\"text-align: center;\"><a href=\"https:\/\/www.youtube.com\/watch?v=3DSj59tXQys\"><em>Lara Fabian &#8211; Je T&#8217;aime &#8211; Live Concert &#8211; magyar ford\u00edt\u00e1ssal<\/em><\/a><\/h1>\n","protected":false},"excerpt":{"rendered":"<p>Je T&#8217;aime na \u017bytniej \/ Je T&#8217;aime \u017cyciem Mi\u0142o\u015b\u0107 z Ducha \u015awi\u0119tego jest Nienawi\u015b\u0107 to domena szata\u0144skich gier Kocha\u0107 to dobrze czyni\u0107 Nienawi\u015b\u0107 niszczy\u0107 i&hellip; <\/p>\n","protected":false},"author":1,"featured_media":0,"parent":0,"menu_order":0,"comment_status":"closed","ping_status":"closed","template":"","meta":{"footnotes":""},"class_list":["post-1580","page","type-page","status-publish","hentry"],"_links":{"self":[{"href":"https:\/\/hubertpietka.bialystok.pl\/index.php?rest_route=\/wp\/v2\/pages\/1580","targetHints":{"allow":["GET"]}}],"collection":[{"href":"https:\/\/hubertpietka.bialystok.pl\/index.php?rest_route=\/wp\/v2\/pages"}],"about":[{"href":"https:\/\/hubertpietka.bialystok.pl\/index.php?rest_route=\/wp\/v2\/types\/page"}],"author":[{"embeddable":true,"href":"https:\/\/hubertpietka.bialystok.pl\/index.php?rest_route=\/wp\/v2\/users\/1"}],"replies":[{"embeddable":true,"href":"https:\/\/hubertpietka.bialystok.pl\/index.php?rest_route=%2Fwp%2Fv2%2Fcomments&post=1580"}],"version-history":[{"count":5,"href":"https:\/\/hubertpietka.bialystok.pl\/index.php?rest_route=\/wp\/v2\/pages\/1580\/revisions"}],"predecessor-version":[{"id":1591,"href":"https:\/\/hubertpietka.bialystok.pl\/index.php?rest_route=\/wp\/v2\/pages\/1580\/revisions\/1591"}],"wp:attachment":[{"href":"https:\/\/hubertpietka.bialystok.pl\/index.php?rest_route=%2Fwp%2Fv2%2Fmedia&parent=1580"}],"curies":[{"name":"wp","href":"https:\/\/api.w.org\/{rel}","templated":true}]}}