{"id":1683,"date":"2018-09-13T04:22:15","date_gmt":"2018-09-13T04:22:15","guid":{"rendered":"http:\/\/hubertpietka.bialystok.pl\/?page_id=1683"},"modified":"2018-09-13T04:24:53","modified_gmt":"2018-09-13T04:24:53","slug":"imie-maryi-bogiem-silne","status":"publish","type":"page","link":"https:\/\/hubertpietka.bialystok.pl\/?page_id=1683","title":{"rendered":"Imi\u0119 Maryi \/ Bogiem silne"},"content":{"rendered":"<p><strong><em>Imi\u0119 Maryi \/ Bogiem silne<\/em><\/strong><\/p>\n<p>Jedno imi\u0119 jest<br \/>\nPrzed kt\u00f3rym dr\u017cy ca\u0142a pot\u0119ga piekie\u0142<\/p>\n<p>Obok Naj\u015bwi\u0119tszego Imienia Jezus<br \/>\nImi\u0119 najpi\u0119kniejsze Maryi<\/p>\n<p>Imieniem tym nie zawiedziesz si\u0119<br \/>\nImi\u0119 to droga pewna jest<\/p>\n<p>W imieniu tym znajdziesz wszystkiego sens<br \/>\nImi\u0119 to mocne Bogiem jest<\/p>\n<p>Ws\u0142uchaj si\u0119 w imi\u0119 to<br \/>\nW nim wybrzmiewa ca\u0142e niebo<\/p>\n<p>*Ave Maria<br \/>\nCiebie chwali\u0107 chc\u0119 nieustannie<\/p>\n<p>Niech i ka\u017cde stworzenie Bo\u017ce<br \/>\nOdda cze\u015b\u0107 nale\u017cn\u0105 Tobie<\/p>\n<p style=\"text-align: center;\"><a href=\"https:\/\/m.youtube.com\/watch?v=rzSOObvRtNI\"><em><strong>Ave Maria &#8211; Gregorian<\/strong><\/em><\/a><\/p>\n","protected":false},"excerpt":{"rendered":"<p>Imi\u0119 Maryi \/ Bogiem silne Jedno imi\u0119 jest Przed kt\u00f3rym dr\u017cy ca\u0142a pot\u0119ga piekie\u0142 Obok Naj\u015bwi\u0119tszego Imienia Jezus Imi\u0119 najpi\u0119kniejsze Maryi Imieniem tym nie zawiedziesz&hellip; <\/p>\n","protected":false},"author":1,"featured_media":0,"parent":0,"menu_order":0,"comment_status":"closed","ping_status":"closed","template":"","meta":{"footnotes":""},"class_list":["post-1683","page","type-page","status-publish","hentry"],"_links":{"self":[{"href":"https:\/\/hubertpietka.bialystok.pl\/index.php?rest_route=\/wp\/v2\/pages\/1683","targetHints":{"allow":["GET"]}}],"collection":[{"href":"https:\/\/hubertpietka.bialystok.pl\/index.php?rest_route=\/wp\/v2\/pages"}],"about":[{"href":"https:\/\/hubertpietka.bialystok.pl\/index.php?rest_route=\/wp\/v2\/types\/page"}],"author":[{"embeddable":true,"href":"https:\/\/hubertpietka.bialystok.pl\/index.php?rest_route=\/wp\/v2\/users\/1"}],"replies":[{"embeddable":true,"href":"https:\/\/hubertpietka.bialystok.pl\/index.php?rest_route=%2Fwp%2Fv2%2Fcomments&post=1683"}],"version-history":[{"count":3,"href":"https:\/\/hubertpietka.bialystok.pl\/index.php?rest_route=\/wp\/v2\/pages\/1683\/revisions"}],"predecessor-version":[{"id":1686,"href":"https:\/\/hubertpietka.bialystok.pl\/index.php?rest_route=\/wp\/v2\/pages\/1683\/revisions\/1686"}],"wp:attachment":[{"href":"https:\/\/hubertpietka.bialystok.pl\/index.php?rest_route=%2Fwp%2Fv2%2Fmedia&parent=1683"}],"curies":[{"name":"wp","href":"https:\/\/api.w.org\/{rel}","templated":true}]}}