{"id":1693,"date":"2018-09-13T04:38:46","date_gmt":"2018-09-13T04:38:46","guid":{"rendered":"http:\/\/hubertpietka.bialystok.pl\/?page_id=1693"},"modified":"2018-09-13T04:39:27","modified_gmt":"2018-09-13T04:39:27","slug":"obluda-kosmiczna","status":"publish","type":"page","link":"https:\/\/hubertpietka.bialystok.pl\/?page_id=1693","title":{"rendered":"Ob\u0142uda kosmiczna"},"content":{"rendered":"<p><strong><em>Ob\u0142uda kosmiczna<\/em><\/strong><\/p>\n<p>Ciekawa sprawa<br \/>\nSzata\u0144skie rzeczy robi\u0107<br \/>\nI zwala\u0107 na szatana<\/p>\n<p>Synom diab\u0142a biada<\/p>\n<p>Cho\u0107 od\u017cegnuj\u0105 si\u0119 od niego<br \/>\nTo robi\u0105 czyny jego<\/p>\n<p>K\u0142amstwa zbrodnie i przekle\u0144stwa<br \/>\nTo domena syn\u00f3w diabelskich<\/p>\n<p>Ob\u0142uda wr\u0119cz kosmiczna<br \/>\nOdpowiednia dla syn\u00f3w demonicznych<\/p>\n<p>Biada biada biada<br \/>\nTym kt\u00f3rzy robi\u0105 czyny szatana<\/p>\n<p>A szczeg\u00f3lnie wtedy<br \/>\nGdy od\u017cegnuj\u0105 si\u0119 od tego<\/p>\n<p>Ale robi\u0105c to<br \/>\nJemu pos\u0142uch daj\u0105<\/p>\n<p><em>Na zdj. Niebo zachodnie na dzia\u0142kach \/<\/em><br \/>\n<em> Sprzed paru dni ta scenka \/<\/em><br \/>\n<em> Czuwa\u0107 zawsze trzeba \/<\/em><br \/>\n<em> Z\u0142o jest obok.<\/em><\/p>\n<p><img loading=\"lazy\" decoding=\"async\" class=\"JZUAbb\" src=\"https:\/\/lh3.googleusercontent.com\/-jkPYIgEJUaE\/W5mGNqktNcI\/AAAAAAAAGRc\/fQc9CG17DL8ECL3YE3ntnb9SxW-DyItNQCJoC\/w530-h398-n\/IMG_20180908_185410.jpg\" alt=\"Zdj\u0119cie\" width=\"530\" height=\"398\" \/><\/p>\n","protected":false},"excerpt":{"rendered":"<p>Ob\u0142uda kosmiczna Ciekawa sprawa Szata\u0144skie rzeczy robi\u0107 I zwala\u0107 na szatana Synom diab\u0142a biada Cho\u0107 od\u017cegnuj\u0105 si\u0119 od niego To robi\u0105 czyny jego K\u0142amstwa zbrodnie&hellip; <\/p>\n","protected":false},"author":1,"featured_media":0,"parent":0,"menu_order":0,"comment_status":"closed","ping_status":"closed","template":"","meta":{"footnotes":""},"class_list":["post-1693","page","type-page","status-publish","hentry"],"_links":{"self":[{"href":"https:\/\/hubertpietka.bialystok.pl\/index.php?rest_route=\/wp\/v2\/pages\/1693","targetHints":{"allow":["GET"]}}],"collection":[{"href":"https:\/\/hubertpietka.bialystok.pl\/index.php?rest_route=\/wp\/v2\/pages"}],"about":[{"href":"https:\/\/hubertpietka.bialystok.pl\/index.php?rest_route=\/wp\/v2\/types\/page"}],"author":[{"embeddable":true,"href":"https:\/\/hubertpietka.bialystok.pl\/index.php?rest_route=\/wp\/v2\/users\/1"}],"replies":[{"embeddable":true,"href":"https:\/\/hubertpietka.bialystok.pl\/index.php?rest_route=%2Fwp%2Fv2%2Fcomments&post=1693"}],"version-history":[{"count":3,"href":"https:\/\/hubertpietka.bialystok.pl\/index.php?rest_route=\/wp\/v2\/pages\/1693\/revisions"}],"predecessor-version":[{"id":1696,"href":"https:\/\/hubertpietka.bialystok.pl\/index.php?rest_route=\/wp\/v2\/pages\/1693\/revisions\/1696"}],"wp:attachment":[{"href":"https:\/\/hubertpietka.bialystok.pl\/index.php?rest_route=%2Fwp%2Fv2%2Fmedia&parent=1693"}],"curies":[{"name":"wp","href":"https:\/\/api.w.org\/{rel}","templated":true}]}}