{"id":1738,"date":"2018-09-27T15:52:24","date_gmt":"2018-09-27T15:52:24","guid":{"rendered":"http:\/\/hubertpietka.bialystok.pl\/?page_id=1738"},"modified":"2018-09-27T15:57:09","modified_gmt":"2018-09-27T15:57:09","slug":"milosc-zwykla-codzienna-jak-chleb-powszechna","status":"publish","type":"page","link":"https:\/\/hubertpietka.bialystok.pl\/?page_id=1738","title":{"rendered":"Mi\u0142o\u015b\u0107 zwyk\u0142a codzienna \/ jak chleb powszechna"},"content":{"rendered":"<p><strong><em>Mi\u0142o\u015b\u0107 zwyk\u0142a codzienna \/ jak chleb powszechna<\/em><\/strong><\/p>\n<p>Mi\u0142o\u015b\u0107 nie jest czym\u015b niezwyk\u0142ym<br \/>\nLecz stanem prostym i codziennym<\/p>\n<p>Wielkie czyny jej to nie od\u015bwi\u0119tny stan<br \/>\nLecz wiernego trwania w niej konsekwencja<\/p>\n<p>W mi\u0142o\u015bci te\u017c zdarzaj\u0105 upadki si\u0119<br \/>\nLecz zawierzenie i zaufanie<br \/>\nU\u0142atwiaj\u0105 z nich powstawanie<\/p>\n<p>Mi\u0142o\u015b\u0107 zwyk\u0142a i codzienna<br \/>\nJak chleb powszechna<br \/>\nPowoduje \u017ce mimo trudno\u015bci<br \/>\nTrwa si\u0119 na swym posterunku<\/p>\n<p>Zwyk\u0142e bycie razem<br \/>\nOtwarcie si\u0119 na spotkanie<br \/>\nMniej lub bardziej zgodne<br \/>\nAle wsp\u00f3\u0142trwanie<\/p>\n<p>Na zdj. Mural pi\u0119kny w okolicach szpitala na Bielanach \/<br \/>\nMi\u0142o\u015b\u0107 to przyjemno\u015b\u0107 jest \/<br \/>\nObowi\u0105zek i powinno\u015b\u0107 tez \/<br \/>\nAle przede wszystkim zwykle wsp\u00f3\u0142bycie.<\/p>\n<p><img loading=\"lazy\" decoding=\"async\" class=\"JZUAbb\" src=\"https:\/\/lh3.googleusercontent.com\/-7kbWpzVMqdg\/W6yq00RP8pI\/AAAAAAAAGxo\/1LnP3pWdBXUU_bvqBc5LhgwN9IXFuojqwCJoC\/w530-h398-n\/IMG_20180927_103546.jpg\" alt=\"Zdj\u0119cie\" width=\"530\" height=\"398\" \/><\/p>\n<p style=\"text-align: center;\"><a href=\"https:\/\/www.youtube.com\/watch?v=0NIBAiIzRWM\"><em><strong>Piotr Szczepanik &#8211; Kocha\u0107 jak to \u0142atwo powiedzie\u0107<\/strong><\/em><\/a><\/p>\n","protected":false},"excerpt":{"rendered":"<p>Mi\u0142o\u015b\u0107 zwyk\u0142a codzienna \/ jak chleb powszechna Mi\u0142o\u015b\u0107 nie jest czym\u015b niezwyk\u0142ym Lecz stanem prostym i codziennym Wielkie czyny jej to nie od\u015bwi\u0119tny stan Lecz&hellip; <\/p>\n","protected":false},"author":1,"featured_media":0,"parent":0,"menu_order":0,"comment_status":"closed","ping_status":"closed","template":"","meta":{"footnotes":""},"class_list":["post-1738","page","type-page","status-publish","hentry"],"_links":{"self":[{"href":"https:\/\/hubertpietka.bialystok.pl\/index.php?rest_route=\/wp\/v2\/pages\/1738","targetHints":{"allow":["GET"]}}],"collection":[{"href":"https:\/\/hubertpietka.bialystok.pl\/index.php?rest_route=\/wp\/v2\/pages"}],"about":[{"href":"https:\/\/hubertpietka.bialystok.pl\/index.php?rest_route=\/wp\/v2\/types\/page"}],"author":[{"embeddable":true,"href":"https:\/\/hubertpietka.bialystok.pl\/index.php?rest_route=\/wp\/v2\/users\/1"}],"replies":[{"embeddable":true,"href":"https:\/\/hubertpietka.bialystok.pl\/index.php?rest_route=%2Fwp%2Fv2%2Fcomments&post=1738"}],"version-history":[{"count":4,"href":"https:\/\/hubertpietka.bialystok.pl\/index.php?rest_route=\/wp\/v2\/pages\/1738\/revisions"}],"predecessor-version":[{"id":1742,"href":"https:\/\/hubertpietka.bialystok.pl\/index.php?rest_route=\/wp\/v2\/pages\/1738\/revisions\/1742"}],"wp:attachment":[{"href":"https:\/\/hubertpietka.bialystok.pl\/index.php?rest_route=%2Fwp%2Fv2%2Fmedia&parent=1738"}],"curies":[{"name":"wp","href":"https:\/\/api.w.org\/{rel}","templated":true}]}}