{"id":1771,"date":"2018-10-05T22:23:03","date_gmt":"2018-10-05T22:23:03","guid":{"rendered":"http:\/\/hubertpietka.bialystok.pl\/?page_id=1771"},"modified":"2018-10-05T22:41:57","modified_gmt":"2018-10-05T22:41:57","slug":"chlopiec-maly-boga-szuka-stale","status":"publish","type":"page","link":"https:\/\/hubertpietka.bialystok.pl\/?page_id=1771","title":{"rendered":"Ch\u0142opiec ma\u0142y \/ Boga szuka stale"},"content":{"rendered":"<p><strong><em>Ch\u0142opiec ma\u0142y \/ Boga szuka stale<\/em><\/strong><\/p>\n<p>Ja tylko ch\u0142opcem jestem ma\u0142ym<br \/>\nKt\u00f3ry szuka Boga w ka\u017cdym \u017cycia wymiarze<\/p>\n<p>I na Niego staram si\u0119 wskazywa\u0107<br \/>\nPoprzez wszelkie swe dzia\u0142ania<\/p>\n<p>A jestem ma\u0142y<br \/>\nBym Boga nie przys\u0142ania\u0142 sob\u0105 wcale<\/p>\n<p>Ma\u0142o\u015b\u0107 moja<br \/>\nSi\u0142\u0105 Boga<\/p>\n<p>Moja ma\u0142a w Bogu droga<br \/>\nJest b\u0142ogos\u0142awiona<\/p>\n<p><em>Na zdj. Mural ch\u0142opiec w Bia\u0142ymstoku na Radzymi\u0144skiej \/<\/em><br \/>\n<em> Radzi mi b\u0105d\u017acie \ud83d\ude42<\/em><br \/>\n<em> Radzicie mi tez \/<\/em><br \/>\n<em> Lecz ja musz\u0119 to co musz\u0119 \ud83d\ude42<\/em><\/p>\n<p><img loading=\"lazy\" decoding=\"async\" class=\"JZUAbb\" src=\"https:\/\/lh3.googleusercontent.com\/-41Gd98_HvhY\/W7M2sCYDfpI\/AAAAAAAAG54\/mincJ5hNXBQnTJ-E4KIXMDviygxyZd2nACJoC\/w530-h707-n\/IMG_20181002_084223.jpg\" alt=\"Zdj\u0119cie\" width=\"530\" height=\"707\" \/><\/p>\n<p style=\"text-align: center;\"><a href=\"https:\/\/www.youtube.com\/watch?v=2gONxaO72Qo\"><em><strong>Maanam &#8211; Szare Mira\u017ce<\/strong><\/em><\/a><\/p>\n","protected":false},"excerpt":{"rendered":"<p>Ch\u0142opiec ma\u0142y \/ Boga szuka stale Ja tylko ch\u0142opcem jestem ma\u0142ym Kt\u00f3ry szuka Boga w ka\u017cdym \u017cycia wymiarze I na Niego staram si\u0119 wskazywa\u0107 Poprzez&hellip; <\/p>\n","protected":false},"author":1,"featured_media":0,"parent":0,"menu_order":0,"comment_status":"closed","ping_status":"closed","template":"","meta":{"footnotes":""},"class_list":["post-1771","page","type-page","status-publish","hentry"],"_links":{"self":[{"href":"https:\/\/hubertpietka.bialystok.pl\/index.php?rest_route=\/wp\/v2\/pages\/1771","targetHints":{"allow":["GET"]}}],"collection":[{"href":"https:\/\/hubertpietka.bialystok.pl\/index.php?rest_route=\/wp\/v2\/pages"}],"about":[{"href":"https:\/\/hubertpietka.bialystok.pl\/index.php?rest_route=\/wp\/v2\/types\/page"}],"author":[{"embeddable":true,"href":"https:\/\/hubertpietka.bialystok.pl\/index.php?rest_route=\/wp\/v2\/users\/1"}],"replies":[{"embeddable":true,"href":"https:\/\/hubertpietka.bialystok.pl\/index.php?rest_route=%2Fwp%2Fv2%2Fcomments&post=1771"}],"version-history":[{"count":5,"href":"https:\/\/hubertpietka.bialystok.pl\/index.php?rest_route=\/wp\/v2\/pages\/1771\/revisions"}],"predecessor-version":[{"id":1778,"href":"https:\/\/hubertpietka.bialystok.pl\/index.php?rest_route=\/wp\/v2\/pages\/1771\/revisions\/1778"}],"wp:attachment":[{"href":"https:\/\/hubertpietka.bialystok.pl\/index.php?rest_route=%2Fwp%2Fv2%2Fmedia&parent=1771"}],"curies":[{"name":"wp","href":"https:\/\/api.w.org\/{rel}","templated":true}]}}