{"id":1856,"date":"2018-10-22T12:45:39","date_gmt":"2018-10-22T12:45:39","guid":{"rendered":"http:\/\/hubertpietka.bialystok.pl\/?page_id=1856"},"modified":"2018-10-22T12:54:47","modified_gmt":"2018-10-22T12:54:47","slug":"zycie-duszy-jasnej-glebia-milosci-czystej","status":"publish","type":"page","link":"https:\/\/hubertpietka.bialystok.pl\/?page_id=1856","title":{"rendered":"\u017bycie duszy jasnej \/ g\u0142\u0119bia mi\u0142o\u015bci czystej"},"content":{"rendered":"<p><strong><em>\u017bycie duszy jasnej \/ g\u0142\u0119bia mi\u0142o\u015bci czystej<\/em><\/strong><\/p>\n<p>Mi\u0142o\u015b\u0107 to \u017cycie duszy<br \/>\nTkanka jej najczulsza<\/p>\n<p>Mi\u0142o\u015b\u0107 przenika serca tych<br \/>\nKt\u00f3rzy s\u0105 zanurzeni w niej<\/p>\n<p>Mimo r\u00f3\u017cnych katuszy<br \/>\nMimo uczu\u0107 r\u00f3\u017cnych<br \/>\nOna trwa<br \/>\nI buduje cz\u0142owieka<\/p>\n<p>Ona wzrost powoduje<br \/>\nOna trudno\u015bci pokonuje<br \/>\nOna nawet upadki dozwala<br \/>\nBy moc podnosi\u0107 si\u0119 z nich stale<\/p>\n<p>Mi\u0142o\u015b\u0107 z prawdy jest<br \/>\nTo serce serc<br \/>\nJest pi\u0119kna i czysta<br \/>\nZawsze na Boga wskazuj\u0105ca<\/p>\n<p>W niej trwanie<br \/>\nTo nieba przybli\u017canie<br \/>\nDla siebie i innych<br \/>\nKorespondencja dusz prostych<\/p>\n<p>Ona odnawia<br \/>\nZawsze pozwala zacz\u0105\u0107 od nowa<br \/>\nOna trwa<br \/>\nMimo zakus\u00f3w z\u0142a<\/p>\n<p>Trzeba tylko otworzy\u0107 si\u0119<br \/>\nI przyj\u0105\u0107 mi\u0142o\u015b\u0107 najpro\u015bciej<br \/>\nJej zaufa\u0107<br \/>\nG\u0142\u0119bi\u0105 swego ducha<\/p>\n<p><em>Na zdj. Jan Pawe\u0142 II pisz\u0105cy co\u015b \/<\/em><br \/>\n<em> W ko\u015bciele Zmartwychwstania obraz ten \/<\/em><br \/>\n<em> We wspomnienie Jana Paw\u0142a II pisano s\u0142owa te \/<\/em><br \/>\n<em> Bo mi\u0142o\u015b\u0107 rzecz\u0105 \u015bwiata tego najwa\u017cniejsz\u0105 jest.<\/em><\/p>\n<p><img loading=\"lazy\" decoding=\"async\" class=\"JZUAbb\" src=\"https:\/\/lh3.googleusercontent.com\/-YIplHi5U1m8\/W82CdDgmCWI\/AAAAAAAAHcs\/CW774zrFA6gcd-EDrOOtmZCj-6WYQlwVQCJoC\/w530-h707-n\/IMG_20181020_191754.jpg\" alt=\"Zdj\u0119cie\" width=\"530\" height=\"707\" \/><\/p>\n<h1 class=\"title style-scope ytd-video-primary-info-renderer\" style=\"text-align: center;\"><a href=\"https:\/\/www.youtube.com\/watch?v=TgdF5mw9ea8\"><em>Wybrze\u017ca pe\u0142ne ciszy &#8211; Mi\u0142o\u015b\u0107 mi wszystko wyja\u015bni\u0142a<\/em><\/a><\/h1>\n<h1 class=\"title style-scope ytd-video-primary-info-renderer\" style=\"text-align: center;\"><a href=\"https:\/\/www.youtube.com\/watch?v=HSJVWzByxq0\"><em>Czekam na t\u0119 jedn\u0105 chwil\u0119 &#8211; Seweryn Krajewski<\/em><\/a><\/h1>\n","protected":false},"excerpt":{"rendered":"<p>\u017bycie duszy jasnej \/ g\u0142\u0119bia mi\u0142o\u015bci czystej Mi\u0142o\u015b\u0107 to \u017cycie duszy Tkanka jej najczulsza Mi\u0142o\u015b\u0107 przenika serca tych Kt\u00f3rzy s\u0105 zanurzeni w niej Mimo r\u00f3\u017cnych&hellip; <\/p>\n","protected":false},"author":1,"featured_media":0,"parent":0,"menu_order":0,"comment_status":"closed","ping_status":"closed","template":"","meta":{"footnotes":""},"class_list":["post-1856","page","type-page","status-publish","hentry"],"_links":{"self":[{"href":"https:\/\/hubertpietka.bialystok.pl\/index.php?rest_route=\/wp\/v2\/pages\/1856","targetHints":{"allow":["GET"]}}],"collection":[{"href":"https:\/\/hubertpietka.bialystok.pl\/index.php?rest_route=\/wp\/v2\/pages"}],"about":[{"href":"https:\/\/hubertpietka.bialystok.pl\/index.php?rest_route=\/wp\/v2\/types\/page"}],"author":[{"embeddable":true,"href":"https:\/\/hubertpietka.bialystok.pl\/index.php?rest_route=\/wp\/v2\/users\/1"}],"replies":[{"embeddable":true,"href":"https:\/\/hubertpietka.bialystok.pl\/index.php?rest_route=%2Fwp%2Fv2%2Fcomments&post=1856"}],"version-history":[{"count":7,"href":"https:\/\/hubertpietka.bialystok.pl\/index.php?rest_route=\/wp\/v2\/pages\/1856\/revisions"}],"predecessor-version":[{"id":1863,"href":"https:\/\/hubertpietka.bialystok.pl\/index.php?rest_route=\/wp\/v2\/pages\/1856\/revisions\/1863"}],"wp:attachment":[{"href":"https:\/\/hubertpietka.bialystok.pl\/index.php?rest_route=%2Fwp%2Fv2%2Fmedia&parent=1856"}],"curies":[{"name":"wp","href":"https:\/\/api.w.org\/{rel}","templated":true}]}}