{"id":1881,"date":"2018-10-27T22:40:29","date_gmt":"2018-10-27T22:40:29","guid":{"rendered":"http:\/\/hubertpietka.bialystok.pl\/?page_id=1881"},"modified":"2018-10-27T22:45:11","modified_gmt":"2018-10-27T22:45:11","slug":"syn-sam-a-osla-szczeka","status":"publish","type":"page","link":"https:\/\/hubertpietka.bialystok.pl\/?page_id=1881","title":{"rendered":"Syn sam \/ a o\u015bla szcz\u0119ka"},"content":{"rendered":"<p><strong><em>Syn sam \/ a o\u015bla szcz\u0119ka<\/em><\/strong><\/p>\n<p>Kiedy czujesz \u017ce co\u015b<br \/>\nWymyka ci si\u0119 spod r\u0105k<br \/>\nNajlepiej uderzy\u0107 o\u015bl\u0105 szcz\u0119k\u0105<\/p>\n<p>Kiedy szukasz odpowiedzi<br \/>\nBy na wszystkie pytania da\u0107 t\u0105 jedn\u0105<br \/>\nUderz o\u015bl\u0105 szcz\u0119k\u0105<\/p>\n<p>Kiedy masz czasem troch\u0119 do\u015b\u0107<br \/>\nA powiniene\u015b da\u0107 jaki\u015b wyraz<br \/>\nZr\u00f3b jak o\u015bl\u0105 szcz\u0119k\u0105 grymas<\/p>\n<p>O\u015bla szcz\u0119ka czeka<br \/>\nI zaszczeka<br \/>\nPrzeciw z\u0142a<br \/>\nWszelkim skrytym szeptom<\/p>\n<p>Syn sam<br \/>\nO\u015bla szcz\u0119ka w sam raz<br \/>\nNa taki rzeczy stan<br \/>\nO\u015bl\u0105 szcz\u0119k\u0105 teraz<\/p>\n<p>Kiedy z\u0142o si\u0119 czai za rogiem<br \/>\nTrzeba rozbi\u0107 je w drobin\u0119<br \/>\nA czym<br \/>\nO\u015bl\u0105 szcz\u0119k\u0105 cho\u0107by<\/p>\n<p>O\u015bla szcz\u0119ka dobra tu jest<br \/>\nBy odda\u0107 ten \u017cycia sens<br \/>\nI na wszystko podnie\u015b\u0107 twarz<br \/>\nCho\u0107by przez o\u015blej szcz\u0119ki grymas<\/p>\n<p>Na zdj. Dumka z pi\u0142eczk\u0105 na dzia\u0142eczce \/<br \/>\nRozci\u0105ga si\u0119 wdzi\u0119cznie \ud83d\ude42<br \/>\n*A kiedy ty masz ju\u017c wszystkiego do\u015b\u0107 \/<br \/>\nTo najlepiej machn\u0105\u0107 r\u0119k\u0105 \/<br \/>\nI waln\u0105\u0107 o\u015bl\u0105 szcz\u0119k\u0105 \ud83d\ude42<\/p>\n<p><img loading=\"lazy\" decoding=\"async\" class=\"JZUAbb\" src=\"https:\/\/lh3.googleusercontent.com\/-sApJ_UZU7x8\/W9Tf_PUI4-I\/AAAAAAAAHi0\/HSx0gWhjX18SL0OYIpuJWglrOxEjmn9yQCJoC\/w530-h398-n\/IMG_20181027_153022.jpg\" alt=\"Zdj\u0119cie\" width=\"530\" height=\"398\" \/><\/p>\n<h1 class=\"title style-scope ytd-video-primary-info-renderer\" style=\"text-align: center;\"><a href=\"https:\/\/www.youtube.com\/watch?v=_mf6w1LEM50\"><em>D\u017cem &#8211; Ma\u0142a aleja r\u00f3\u017c<\/em><\/a><\/h1>\n","protected":false},"excerpt":{"rendered":"<p>Syn sam \/ a o\u015bla szcz\u0119ka Kiedy czujesz \u017ce co\u015b Wymyka ci si\u0119 spod r\u0105k Najlepiej uderzy\u0107 o\u015bl\u0105 szcz\u0119k\u0105 Kiedy szukasz odpowiedzi By na wszystkie&hellip; <\/p>\n","protected":false},"author":1,"featured_media":0,"parent":0,"menu_order":0,"comment_status":"closed","ping_status":"closed","template":"","meta":{"footnotes":""},"class_list":["post-1881","page","type-page","status-publish","hentry"],"_links":{"self":[{"href":"https:\/\/hubertpietka.bialystok.pl\/index.php?rest_route=\/wp\/v2\/pages\/1881","targetHints":{"allow":["GET"]}}],"collection":[{"href":"https:\/\/hubertpietka.bialystok.pl\/index.php?rest_route=\/wp\/v2\/pages"}],"about":[{"href":"https:\/\/hubertpietka.bialystok.pl\/index.php?rest_route=\/wp\/v2\/types\/page"}],"author":[{"embeddable":true,"href":"https:\/\/hubertpietka.bialystok.pl\/index.php?rest_route=\/wp\/v2\/users\/1"}],"replies":[{"embeddable":true,"href":"https:\/\/hubertpietka.bialystok.pl\/index.php?rest_route=%2Fwp%2Fv2%2Fcomments&post=1881"}],"version-history":[{"count":4,"href":"https:\/\/hubertpietka.bialystok.pl\/index.php?rest_route=\/wp\/v2\/pages\/1881\/revisions"}],"predecessor-version":[{"id":1885,"href":"https:\/\/hubertpietka.bialystok.pl\/index.php?rest_route=\/wp\/v2\/pages\/1881\/revisions\/1885"}],"wp:attachment":[{"href":"https:\/\/hubertpietka.bialystok.pl\/index.php?rest_route=%2Fwp%2Fv2%2Fmedia&parent=1881"}],"curies":[{"name":"wp","href":"https:\/\/api.w.org\/{rel}","templated":true}]}}