{"id":1908,"date":"2018-10-31T16:27:24","date_gmt":"2018-10-31T16:27:24","guid":{"rendered":"http:\/\/hubertpietka.bialystok.pl\/?page_id=1908"},"modified":"2018-10-31T17:11:20","modified_gmt":"2018-10-31T17:11:20","slug":"w-przeciazeniu-zla-modl-sie-ufaj-i-walcz","status":"publish","type":"page","link":"https:\/\/hubertpietka.bialystok.pl\/?page_id=1908","title":{"rendered":"W przeci\u0105\u017ceniu z\u0142a \/ m\u00f3dl si\u0119 ufaj i walcz"},"content":{"rendered":"<p><strong><em>W przeci\u0105\u017ceniu z\u0142a \/ m\u00f3dl si\u0119 ufaj i walcz<\/em><\/strong><\/p>\n<p>Wydaje si\u0119<br \/>\n\u017be kiedy z\u0142o wzmaga si\u0119<br \/>\nTo ju\u017c cz\u0142owiek nic nie mo\u017ce<\/p>\n<p>Ale nie tak jest w Bogu<\/p>\n<p>Kiedy kto\u015b<br \/>\nPr\u00f3buje podepta\u0107 tw\u00f3j sen<br \/>\nM\u00f3dl si\u0119<\/p>\n<p>Do Boga uciekaj si\u0119<\/p>\n<p>I walcz<br \/>\nO dobro w twych drzwiach<br \/>\nI ufaj<\/p>\n<p>B\u00f3g jest wi\u0119kszy ni\u017c to wszystko<\/p>\n<p>I si\u0119 nie poddawaj<br \/>\nUczy\u0144 Boga twierdz\u0105 swoj\u0105<br \/>\nNie zawiedziesz si\u0119<\/p>\n<p>A z\u0142o i tak nie ostoi si\u0119<\/p>\n<p><em>Na zdj. Zachodnie niebo na \u017bytniej \/<\/em><br \/>\n<em> S\u0142o\u0144ce odbija si\u0119 w bloku naprzeciwko \/<\/em><br \/>\n<em> Dobro zawsze odnajdzie si\u0119 \/<\/em><br \/>\n<em> Tak czy inaczej \/<\/em><br \/>\n<em> Prostopadle lub na odbicia zasadzie.<\/em><br \/>\n<em> * A z\u0142o \/<\/em><br \/>\n<em> Ze wstydem st\u0105d odejdzie.<\/em><\/p>\n<p><img loading=\"lazy\" decoding=\"async\" class=\"JZUAbb\" src=\"https:\/\/lh3.googleusercontent.com\/-hu1anBNMr0Y\/W9nDimNISCI\/AAAAAAAAHss\/5giJMoc_QW4QQV0IrmJnw-FPgvExyGa3gCJoC\/w530-h398-n\/IMG_20181031_154533.jpg\" alt=\"Zdj\u0119cie\" width=\"530\" height=\"398\" \/><\/p>\n<h1 class=\"title style-scope ytd-video-primary-info-renderer\" style=\"text-align: center;\"><a href=\"https:\/\/www.youtube.com\/watch?v=lUyvvjbehf4\"><em>Z\u0142o DOBREM zwyci\u0119\u017caj &#8211; Revolucja<\/em><\/a><\/h1>\n<p style=\"text-align: center;\"><a href=\"https:\/\/www.youtube.com\/watch?v=j0U4lrfzv6U\"><em><strong>Ich Troje &#8211; Powiedz<\/strong><\/em><\/a><\/p>\n<h1 class=\"title style-scope ytd-video-primary-info-renderer\" style=\"text-align: center;\"><a href=\"https:\/\/www.youtube.com\/watch?v=nYZO716ekKk\"><em>Wsta\u0144 i walcz &#8211; Kasia Kowalska &amp; Maleo Reggae Rockers<\/em><\/a><\/h1>\n","protected":false},"excerpt":{"rendered":"<p>W przeci\u0105\u017ceniu z\u0142a \/ m\u00f3dl si\u0119 ufaj i walcz Wydaje si\u0119 \u017be kiedy z\u0142o wzmaga si\u0119 To ju\u017c cz\u0142owiek nic nie mo\u017ce Ale nie tak&hellip; <\/p>\n","protected":false},"author":1,"featured_media":0,"parent":0,"menu_order":0,"comment_status":"closed","ping_status":"closed","template":"","meta":{"footnotes":""},"class_list":["post-1908","page","type-page","status-publish","hentry"],"_links":{"self":[{"href":"https:\/\/hubertpietka.bialystok.pl\/index.php?rest_route=\/wp\/v2\/pages\/1908","targetHints":{"allow":["GET"]}}],"collection":[{"href":"https:\/\/hubertpietka.bialystok.pl\/index.php?rest_route=\/wp\/v2\/pages"}],"about":[{"href":"https:\/\/hubertpietka.bialystok.pl\/index.php?rest_route=\/wp\/v2\/types\/page"}],"author":[{"embeddable":true,"href":"https:\/\/hubertpietka.bialystok.pl\/index.php?rest_route=\/wp\/v2\/users\/1"}],"replies":[{"embeddable":true,"href":"https:\/\/hubertpietka.bialystok.pl\/index.php?rest_route=%2Fwp%2Fv2%2Fcomments&post=1908"}],"version-history":[{"count":10,"href":"https:\/\/hubertpietka.bialystok.pl\/index.php?rest_route=\/wp\/v2\/pages\/1908\/revisions"}],"predecessor-version":[{"id":1919,"href":"https:\/\/hubertpietka.bialystok.pl\/index.php?rest_route=\/wp\/v2\/pages\/1908\/revisions\/1919"}],"wp:attachment":[{"href":"https:\/\/hubertpietka.bialystok.pl\/index.php?rest_route=%2Fwp%2Fv2%2Fmedia&parent=1908"}],"curies":[{"name":"wp","href":"https:\/\/api.w.org\/{rel}","templated":true}]}}