{"id":198,"date":"2017-01-08T21:44:33","date_gmt":"2017-01-08T21:44:33","guid":{"rendered":"http:\/\/hubertpietka.bialystok.pl\/?page_id=198"},"modified":"2017-06-22T17:58:05","modified_gmt":"2017-06-22T17:58:05","slug":"wielkich-dziel-boga-nie-zapominajmy-poemat-o-stworzeniu","status":"publish","type":"page","link":"https:\/\/hubertpietka.bialystok.pl\/?page_id=198","title":{"rendered":"Wielkich dzie\u0142 Boga nie zapominajmy! (Poemat o stworzeniu)"},"content":{"rendered":"<h4 style=\"text-align: center;\"><strong>Wielkich dzie\u0142 Boga nie zapominajmy!<\/strong><\/h4>\n<h4 style=\"text-align: center;\"><em>(Poemat o stworzeniu)<\/em><\/h4>\n<p><em>\u00a0<\/em><\/p>\n<p style=\"text-align: left;\"><em>PROLOG<\/em><\/p>\n<p>Stworzenie<\/p>\n<p>wielbi Boga w Eucharystii<\/p>\n<p>przez Maryj\u0119!<\/p>\n<p>&nbsp;<\/p>\n<ol>\n<li><strong>\u00a0<\/strong><em>Stworzenie<\/em><\/li>\n<\/ol>\n<p style=\"text-align: right;\"><em>\u201e<\/em><em>Na pocz\u0105tku by\u0142o S\u0142owo&#8230;&#8221;<\/em><\/p>\n<p style=\"text-align: right;\"><em> (J 1,1a)<\/em><\/p>\n<p>&#8211; wielbi Boga ka\u017cdym odruchem<\/p>\n<p>swego jestestwa.<\/p>\n<p>&nbsp;<\/p>\n<p>Je\u017celi ty<\/p>\n<p>poznaj\u0105c pi\u0119kno tego \u015bwiata<\/p>\n<p>i zg\u0142\u0119biaj\u0105c jego natur\u0119,<\/p>\n<p>nie dostrzegasz Tego,<\/p>\n<p>kt\u00f3ry to zapocz\u0105tkowa\u0142<\/p>\n<p>i bez kt\u00f3rego woli<\/p>\n<p>ani jedn\u0105 chwil\u0119<\/p>\n<p>nie trwa\u0142by \u015bwiat<\/p>\n<p>&#8211; jak\u017ce wym\u00f3wisz si\u0119 od winy?!<\/p>\n<p>&nbsp;<\/p>\n<p>Ca\u0142y \u015bwiat wielbi Boga<\/p>\n<p>swym trwaniem, pi\u0119knem, si\u0142\u0105.<\/p>\n<p>Dlaczego znak stworzenia<\/p>\n<p>nie odsy\u0142a ci\u0119 do jego sygnatury?<\/p>\n<p>Dlaczego nie poznajesz Boga<\/p>\n<p>i nie oddajesz mu tego,<\/p>\n<p>co sprawiedliwie<\/p>\n<p>mu si\u0119 nale\u017cy?<\/p>\n<p>&nbsp;<\/p>\n<p>&nbsp;<\/p>\n<ol start=\"2\">\n<li><em>Eucharystia<\/em><\/li>\n<\/ol>\n<p style=\"text-align: right;\"><em>\u00a0<\/em><em>\u201eEucharystia jest centrum i szczytem \u017cycia Ko\u015bcio\u0142a.\u201d <\/em><\/p>\n<p style=\"text-align: right;\"><em>(KKK<\/em><em> 1407)<\/em><\/p>\n<p>&#8211; w niej uobecnia si\u0119 wszystko.<\/p>\n<p>&nbsp;<\/p>\n<p>Zbawcza ofiara Chrystusa<\/p>\n<p>niewielu dzi\u015b wzrusza.<\/p>\n<p>&nbsp;<\/p>\n<p>On przecie\u017c za ciebie umar\u0142,<\/p>\n<p>aby\u015b ty nie pogin\u0105\u0142 w swych grzechach.<\/p>\n<p>Je\u015bli to jest tak wielka i \u015bwi\u0119ta Ofiara,<\/p>\n<p>to dlaczego ty gardzisz Bogiem,<\/p>\n<p>co przyszed\u0142 na ten \u015bwiat,<\/p>\n<p>aby ci\u0119 wybawi\u0107 od wszelkiego z\u0142a.<\/p>\n<p>&nbsp;<\/p>\n<p>W Eucharystii On daje Swe cia\u0142o<\/p>\n<p>za pokarm dla ciebie ku wieczno\u015bci.<\/p>\n<p>On umacnia twoje kroki,<\/p>\n<p>dodaje si\u0142 w trwaniu, pokrzepia.<\/p>\n<p>Dlaczego gardzisz krwi\u0105 Pana,<\/p>\n<p>kt\u00f3ry j\u0105 wyla\u0142 dla twojego zbawienia?<\/p>\n<p>&nbsp;<\/p>\n<p>Jak\u017ce si\u0119 wym\u00f3wisz od winy,<\/p>\n<p>je\u015bli spo\u017cywasz cia\u0142o Pana niegodnie?<\/p>\n<p>Jak\u017ce wym\u00f3wisz si\u0119 ty, dla kt\u00f3rego<\/p>\n<p>krew przez Pana przelana<\/p>\n<p>jest bez znaczenia?!<\/p>\n<p>&nbsp;<\/p>\n<p>Gdyby ludzie wiedzieli,<\/p>\n<p>jak wiele \u0142ask sp\u0142ywa na nich<\/p>\n<p>w Eucharystii<\/p>\n<p>&#8211; to \u201ewaliliby\u201d na ni\u0105 drzwiami i oknami.<\/p>\n<p>Gdyby wiedzieli,<\/p>\n<p>jak wielkim mi\u0142osierdziem<\/p>\n<p>jest obecno\u015b\u0107 w sakramentach Pana,<\/p>\n<p>nigdy by nie zlekcewa\u017cyli Go,<\/p>\n<p>lecz czerpali ze zdroju \u017cycia<\/p>\n<p>pe\u0142nymi gar\u015bciami.<\/p>\n<p>&nbsp;<\/p>\n<ol start=\"3\">\n<li><em>Maryja<\/em><\/li>\n<\/ol>\n<p style=\"text-align: right;\"><em>\u201ePan mnie stworzy\u0142, swe arcydzie\u0142o\u2026\u201d<\/em><\/p>\n<p style=\"text-align: right;\"><em>(Mdr 8,22a)<\/em><\/p>\n<p>&#8211; jest rozkosz\u0105 Boga dzie\u0144 po dniu.<\/p>\n<p>&nbsp;<\/p>\n<p>Ona stale czeka,<\/p>\n<p>aby\u015b do niej przyszed\u0142.<\/p>\n<p>Nieustannie wstawia si\u0119 za Tob\u0105.<\/p>\n<p>Chce wzi\u0105\u0107 ci\u0119 w opiek\u0119,<\/p>\n<p>aby\u015b si\u0119 z\u0142a nie ul\u0105k\u0142.<\/p>\n<p>Ona jest nasz\u0105 Matk\u0105.<\/p>\n<p>&nbsp;<\/p>\n<p>Stworzy\u0142 j\u0105 B\u00f3g<\/p>\n<p>jako najpi\u0119kniejsze swe dzie\u0142o.<\/p>\n<p>Dlaczego ty gardzisz<\/p>\n<p>koron\u0105 \u015bwiata,<\/p>\n<p>uwie\u0144czeniem stworzenia?<\/p>\n<p>&nbsp;<\/p>\n<p>Gdyby\u015b wiedzia\u0142,<\/p>\n<p>jak wiele mo\u017cna<\/p>\n<p>u niej wyprosi\u0107,<\/p>\n<p>nie przestawa\u0142by\u015b stale<\/p>\n<p>b\u0142aga\u0107 j\u0105 o opiek\u0119.<\/p>\n<p><em>Ale w tobie ju\u017c \u017ar\u00f3d\u0142o wysch\u0142o&#8230;<\/em><\/p>\n<p>&nbsp;<\/p>\n<p>Gdyby\u015b wiedzia\u0142,<\/p>\n<p>jak wielk\u0105 Kr\u00f3low\u0105<\/p>\n<p>jest Maryja,<\/p>\n<p>nie przestawa\u0142by\u015b<\/p>\n<p>trwa\u0107 na kolanach przed ni\u0105<\/p>\n<p>z r\u00f3\u017ca\u0144cem w d\u0142oni.<\/p>\n<p>&nbsp;<\/p>\n<p style=\"text-align: left;\"><em>EPILOG<\/em><\/p>\n<p style=\"text-align: right;\"><em>\u201eCzym jest cz\u0142owiek, \u017ce o nim pami\u0119tasz,<\/em><\/p>\n<p style=\"text-align: right;\"><em>i czym &#8211; syn cz\u0142owieczy, \u017ce si\u0119 nim zajmujesz?<\/em><\/p>\n<p style=\"text-align: right;\"><em>Uczyni\u0142e\u015b go niewiele mniejszym od istot niebieskich,<\/em><\/p>\n<p style=\"text-align: right;\"><em>chwa\u0142\u0105 i czci\u0105 go uwie\u0144czy\u0142e\u015b.\u201d<\/em><\/p>\n<p style=\"text-align: right;\"><em>(Ps 8,5-6)<\/em><\/p>\n<p>\u00a0\u00a0\u00a0\u00a0\u00a0\u00a0\u00a0\u00a0\u00a0\u00a0\u00a0 Ale ty tego \u00a0nie wiesz, cz\u0142owieku!<\/p>\n<p>&#8211; najbardziej godne po\u017ca\u0142owania<\/p>\n<p>ze stworze\u0144 ludzkich<\/p>\n<p>i paradoksalnie<\/p>\n<p>najbardziej przez Boga umi\u0142owane!<\/p>\n<p>&nbsp;<\/p>\n<p><em>\u00a0\u00a0\u00a0\u00a0\u00a0\u00a0\u00a0\u00a0\u00a0\u00a0\u00a0\u00a0\u00a0\u00a0\u00a0\u00a0\u00a0\u00a0\u00a0\u00a0\u00a0\u00a0\u00a0\u00a0\u00a0\u00a0\u00a0\u00a0\u00a0\u00a0\u00a0\u00a0\u00a0\u00a0\u00a0\u00a0\u00a0\u00a0\u00a0\u00a0\u00a0\u00a0\u00a0\u00a0\u00a0\u00a0\u00a0\u00a0\u00a0\u00a0\u00a0\u00a0\u00a0\u00a0\u00a0\u00a0\u00a0\u00a0 \u00a0\u00a0\u00a0\u00a0\u00a0\u00a0\u00a0\u00a0\u00a0\u00a0\u00a0 Zaczerpnij ze \u017ar\u00f3d\u0142a!<\/em><\/p>\n","protected":false},"excerpt":{"rendered":"<p>Wielkich dzie\u0142 Boga nie zapominajmy! (Poemat o stworzeniu) \u00a0 PROLOG Stworzenie wielbi Boga w Eucharystii przez Maryj\u0119! &nbsp; \u00a0Stworzenie \u201eNa pocz\u0105tku by\u0142o S\u0142owo&#8230;&#8221; (J 1,1a)&hellip; <\/p>\n","protected":false},"author":1,"featured_media":0,"parent":0,"menu_order":0,"comment_status":"closed","ping_status":"closed","template":"","meta":{"footnotes":""},"class_list":["post-198","page","type-page","status-publish","hentry"],"_links":{"self":[{"href":"https:\/\/hubertpietka.bialystok.pl\/index.php?rest_route=\/wp\/v2\/pages\/198","targetHints":{"allow":["GET"]}}],"collection":[{"href":"https:\/\/hubertpietka.bialystok.pl\/index.php?rest_route=\/wp\/v2\/pages"}],"about":[{"href":"https:\/\/hubertpietka.bialystok.pl\/index.php?rest_route=\/wp\/v2\/types\/page"}],"author":[{"embeddable":true,"href":"https:\/\/hubertpietka.bialystok.pl\/index.php?rest_route=\/wp\/v2\/users\/1"}],"replies":[{"embeddable":true,"href":"https:\/\/hubertpietka.bialystok.pl\/index.php?rest_route=%2Fwp%2Fv2%2Fcomments&post=198"}],"version-history":[{"count":7,"href":"https:\/\/hubertpietka.bialystok.pl\/index.php?rest_route=\/wp\/v2\/pages\/198\/revisions"}],"predecessor-version":[{"id":489,"href":"https:\/\/hubertpietka.bialystok.pl\/index.php?rest_route=\/wp\/v2\/pages\/198\/revisions\/489"}],"wp:attachment":[{"href":"https:\/\/hubertpietka.bialystok.pl\/index.php?rest_route=%2Fwp%2Fv2%2Fmedia&parent=198"}],"curies":[{"name":"wp","href":"https:\/\/api.w.org\/{rel}","templated":true}]}}