{"id":2071,"date":"2018-11-26T11:48:10","date_gmt":"2018-11-26T11:48:10","guid":{"rendered":"http:\/\/hubertpietka.bialystok.pl\/?page_id=2071"},"modified":"2018-11-26T12:15:07","modified_gmt":"2018-11-26T12:15:07","slug":"moj-kotek-jedyny-w-prawdzie-na-zawsze-ukochany","status":"publish","type":"page","link":"https:\/\/hubertpietka.bialystok.pl\/?page_id=2071","title":{"rendered":"M\u00f3j Kotek jedyny \/ prawdziwie na zawsze ukochany"},"content":{"rendered":"<p><strong><em>M\u00f3j Kotek jedyny \/ prawdziwie na zawsze ukochany<\/em><\/strong><\/p>\n<p>M\u00f3j Kotek ma oczy zielone<br \/>\nW kt\u00f3rych ca\u0142y ton\u0119<br \/>\nM\u00f3j Kotek by\u0142 czarny<br \/>\nAle pi\u0119knie si\u0119 wybiela<br \/>\nI na pewno jeszcze zaja\u015bnieje<\/p>\n<p>Mojego Kotka B\u00f3g mi dal<br \/>\nZa po\u015brednictwem b\u0142. Micha\u0142a<br \/>\n\u0141aska to ogromna<br \/>\nDla mnie niezg\u0142\u0119biona<br \/>\nKt\u00f3ra owoce swe pi\u0119kne ma i jeszcze da<\/p>\n<p>Z Moim Kotkiem pomi\u0119dzy nami<br \/>\nTransparento\u015b\u0107 i dusz przenikanie<br \/>\nCudowna serc wymiana<br \/>\nZanurzona w toni mi\u0142o\u015bci pi\u0119knej<br \/>\nJu\u017c spe\u0142niona i jeszcze si\u0119 dokona<\/p>\n<p>M\u00f3j Kotek dla mnie jedyny<br \/>\nNie do zast\u0105pienia przez inne<br \/>\nInne niech tam sobie b\u0119d\u0105<br \/>\nA ja i m\u00f3j Kotek stanowimy pe\u0142ni\u0119<br \/>\nKt\u00f3ra ju\u017c si\u0119 objawi\u0142a<\/p>\n<p>I do ko\u0144ca si\u0119 zi\u015bci<br \/>\nNasz cud mi\u0142o\u015bci<br \/>\nZanurzonej<br \/>\nW lasce Bo\u017cej<br \/>\nWiernej czystej niesko\u0144czonej<\/p>\n<p><em>Na zdj. Dumka w Altance Zakochanych w Parku Branickich \/<\/em><br \/>\n<em> M\u00f3j Kotek najlepiej rozumie Dumk\u0119 we wszystkim \/<\/em><br \/>\n<em> Ja cz\u0119sto tego nie wiem czy nie dostrzegam \/<\/em><br \/>\n<em> Co Kotek m\u00f3j ju\u017c dawno zobaczy\u0142 czy wiedzia<\/em>\u0142 \ud83d\ude42<\/p>\n<p><strong>*Nie ma przypadk\u00f3w \/<\/strong><br \/>\n<strong> Ludzie dani sobie \/<\/strong><br \/>\n<strong> Stanowi\u0105 wzajemne uzupe\u0142nienie swoje.<\/strong><\/p>\n<p><img loading=\"lazy\" decoding=\"async\" class=\"JZUAbb\" src=\"https:\/\/lh3.googleusercontent.com\/-BGAIMY0BGWY\/W_rZXIvWxoI\/AAAAAAAAIrc\/f-VBuXVuqwkUd2p1WmT99wSYDTsGo69uACJoC\/w530-h707-n\/IMG_20181125_135947.jpg\" alt=\"Zdj\u0119cie\" width=\"530\" height=\"707\" \/><\/p>\n<h1 class=\"title style-scope ytd-video-primary-info-renderer\" style=\"text-align: center;\"><a href=\"https:\/\/www.youtube.com\/watch?v=cxtnot8lY4U\"><em>Akcent &#8211; Przez Twe Oczy Zielone <\/em><\/a>\ud83d\ude42<\/h1>\n<h1 class=\"title style-scope ytd-video-primary-info-renderer\" style=\"text-align: center;\"><a href=\"https:\/\/www.youtube.com\/watch?v=fyoCXePXQF0\"><em>Lady Pank &#8211; Zawsze tam gdzie ty<\/em><\/a><\/h1>\n<h1 class=\"title style-scope ytd-video-primary-info-renderer\" style=\"text-align: center;\"><a href=\"https:\/\/www.youtube.com\/watch?v=I6PUkIGBDwE\"><em>Piotr Cugowski &#8211; Kto Nie Kocha\u0142<\/em><\/a><\/h1>\n","protected":false},"excerpt":{"rendered":"<p>M\u00f3j Kotek jedyny \/ prawdziwie na zawsze ukochany M\u00f3j Kotek ma oczy zielone W kt\u00f3rych ca\u0142y ton\u0119 M\u00f3j Kotek by\u0142 czarny Ale pi\u0119knie si\u0119 wybiela&hellip; <\/p>\n","protected":false},"author":1,"featured_media":0,"parent":0,"menu_order":0,"comment_status":"closed","ping_status":"closed","template":"","meta":{"footnotes":""},"class_list":["post-2071","page","type-page","status-publish","hentry"],"_links":{"self":[{"href":"https:\/\/hubertpietka.bialystok.pl\/index.php?rest_route=\/wp\/v2\/pages\/2071","targetHints":{"allow":["GET"]}}],"collection":[{"href":"https:\/\/hubertpietka.bialystok.pl\/index.php?rest_route=\/wp\/v2\/pages"}],"about":[{"href":"https:\/\/hubertpietka.bialystok.pl\/index.php?rest_route=\/wp\/v2\/types\/page"}],"author":[{"embeddable":true,"href":"https:\/\/hubertpietka.bialystok.pl\/index.php?rest_route=\/wp\/v2\/users\/1"}],"replies":[{"embeddable":true,"href":"https:\/\/hubertpietka.bialystok.pl\/index.php?rest_route=%2Fwp%2Fv2%2Fcomments&post=2071"}],"version-history":[{"count":9,"href":"https:\/\/hubertpietka.bialystok.pl\/index.php?rest_route=\/wp\/v2\/pages\/2071\/revisions"}],"predecessor-version":[{"id":2080,"href":"https:\/\/hubertpietka.bialystok.pl\/index.php?rest_route=\/wp\/v2\/pages\/2071\/revisions\/2080"}],"wp:attachment":[{"href":"https:\/\/hubertpietka.bialystok.pl\/index.php?rest_route=%2Fwp%2Fv2%2Fmedia&parent=2071"}],"curies":[{"name":"wp","href":"https:\/\/api.w.org\/{rel}","templated":true}]}}