{"id":2127,"date":"2018-12-11T12:29:59","date_gmt":"2018-12-11T12:29:59","guid":{"rendered":"http:\/\/hubertpietka.bialystok.pl\/?page_id=2127"},"modified":"2018-12-11T12:33:25","modified_gmt":"2018-12-11T12:33:25","slug":"sztuka-to-moc-ducha","status":"publish","type":"page","link":"https:\/\/hubertpietka.bialystok.pl\/?page_id=2127","title":{"rendered":"Sztuka \/ to moc ducha"},"content":{"rendered":"<p><strong><em>Sztuka \/ to moc ducha<\/em><\/strong><\/p>\n<p>Gdzie sztuka i dobre warto\u015bci<br \/>\nTam pok\u00f3j w sercach go\u015bci<\/p>\n<p>Tam gdzie arty\u015bci<br \/>\nS\u0142u\u017c\u0105 ludzko\u015bci<br \/>\nPrzez duchowe rado\u015bci<br \/>\nTam wzrasta moc mi\u0142o\u015bci<\/p>\n<p>Sztuka<br \/>\nMa potencja\u0142 ducha<br \/>\nJe\u015bli pi\u0119kno w zgodzie z prawd\u0105 kreuje<br \/>\nWzrastaj\u0105 w cz\u0142owiecze\u0144stwie ludzie<\/p>\n<p>Sztuka<br \/>\nJak rytmu serca muzyka<br \/>\nNa innych wp\u0142ywa<br \/>\nI buduje w \u015bwiecie \u017cyczliwe usposobienie<\/p>\n<p>\u0141\u0105czy i solidaryzuje tych<br \/>\nKt\u00f3rzy chc\u0105 najlepszy eliksir \u017cycia pi\u0107<br \/>\nJest ponad wszelkimi podzia\u0142ami<br \/>\nUniwersalizuje harmoni\u0119 mi\u0119dzy lud\u017ami<\/p>\n<p>Dzi\u0119kowa\u0107 trzeba artystom<br \/>\nKt\u00f3rzy w prawdzie ducha<br \/>\nKrzewi\u0105 warto\u015bci dobre<br \/>\nZbli\u017caj\u0105 nas przez pi\u0119kno<\/p>\n<p>Dobra sztuka<br \/>\nPonad materia wzlata duchem<\/p>\n<p>Na zdj. Bia\u0142ostocki teatr im. A. W\u0119gierki \/<br \/>\nDobra sztuka jest czystym pi\u0119knem \/<br \/>\nSt\u0105d te s\u0142owa wdzi\u0119czno\u015bci i rado\u015bci \/<br \/>\nWobec wszystkich artyst\u00f3w krzewi\u0105cych prawdziwe warto\u015bci.<\/p>\n<p><img loading=\"lazy\" decoding=\"async\" class=\"JZUAbb\" src=\"https:\/\/lh3.googleusercontent.com\/-0f8IN18vdUM\/XA9_Aw3B99I\/AAAAAAAAJDQ\/Zhoy-4WGO1UTLa3CpBgL-1T3eGNtoGukACJoC\/w530-h398-n\/IMG_20181205_083539.jpg\" alt=\"Zdj\u0119cie\" width=\"530\" height=\"398\" \/><\/p>\n","protected":false},"excerpt":{"rendered":"<p>Sztuka \/ to moc ducha Gdzie sztuka i dobre warto\u015bci Tam pok\u00f3j w sercach go\u015bci Tam gdzie arty\u015bci S\u0142u\u017c\u0105 ludzko\u015bci Przez duchowe rado\u015bci Tam wzrasta&hellip; <\/p>\n","protected":false},"author":1,"featured_media":0,"parent":0,"menu_order":0,"comment_status":"closed","ping_status":"closed","template":"","meta":{"footnotes":""},"class_list":["post-2127","page","type-page","status-publish","hentry"],"_links":{"self":[{"href":"https:\/\/hubertpietka.bialystok.pl\/index.php?rest_route=\/wp\/v2\/pages\/2127","targetHints":{"allow":["GET"]}}],"collection":[{"href":"https:\/\/hubertpietka.bialystok.pl\/index.php?rest_route=\/wp\/v2\/pages"}],"about":[{"href":"https:\/\/hubertpietka.bialystok.pl\/index.php?rest_route=\/wp\/v2\/types\/page"}],"author":[{"embeddable":true,"href":"https:\/\/hubertpietka.bialystok.pl\/index.php?rest_route=\/wp\/v2\/users\/1"}],"replies":[{"embeddable":true,"href":"https:\/\/hubertpietka.bialystok.pl\/index.php?rest_route=%2Fwp%2Fv2%2Fcomments&post=2127"}],"version-history":[{"count":3,"href":"https:\/\/hubertpietka.bialystok.pl\/index.php?rest_route=\/wp\/v2\/pages\/2127\/revisions"}],"predecessor-version":[{"id":2130,"href":"https:\/\/hubertpietka.bialystok.pl\/index.php?rest_route=\/wp\/v2\/pages\/2127\/revisions\/2130"}],"wp:attachment":[{"href":"https:\/\/hubertpietka.bialystok.pl\/index.php?rest_route=%2Fwp%2Fv2%2Fmedia&parent=2127"}],"curies":[{"name":"wp","href":"https:\/\/api.w.org\/{rel}","templated":true}]}}