{"id":2142,"date":"2018-12-13T13:25:58","date_gmt":"2018-12-13T13:25:58","guid":{"rendered":"http:\/\/hubertpietka.bialystok.pl\/?page_id=2142"},"modified":"2018-12-13T13:28:26","modified_gmt":"2018-12-13T13:28:26","slug":"ofiarom-wojennego-stanu","status":"publish","type":"page","link":"https:\/\/hubertpietka.bialystok.pl\/?page_id=2142","title":{"rendered":"Ofiarom \/ wojennego stanu"},"content":{"rendered":"<p><strong><em>Ofiarom \/ wojennego stanu<\/em><\/strong><\/p>\n<p>Pomordowani<br \/>\nInternowani<br \/>\nUwi\u0119zieni<br \/>\nPracy pozbawieni<\/p>\n<p>Rocznicowa pami\u0119\u0107<br \/>\nStanu wojennego<br \/>\nOfiarom nale\u017cy si\u0119<br \/>\nOd narodu ca\u0142ego<\/p>\n<p>Solidarni<br \/>\nWobec zbrodni<br \/>\nWtedy<br \/>\nTeraz i na zawsze<\/p>\n<p>Wojenny stan<br \/>\nTo zdrada<br \/>\nWobec ludzi<\/p>\n<p>Wszystkie narody<br \/>\nSolidarne<br \/>\nWobec agresji takowej<\/p>\n<p><em>Na zdj. W Bia\u0142ymstoku cmentarz wojskowy na 11 Listopada \/<\/em><br \/>\n<em> Poleg\u0142ym w stanie wojennym cze\u015b\u0107 i chwa\u0142a \/<\/em><br \/>\n<em> Zapalmy dzi\u015b w oknie \u015bwieczk\u0119 ku ich pami\u0119ci \/<\/em><br \/>\n<em> Jak zrobili to Amerykanie w wigili\u0119 za prezydenta Reagana.<\/em><\/p>\n<p><img loading=\"lazy\" decoding=\"async\" class=\"JZUAbb\" src=\"https:\/\/lh3.googleusercontent.com\/-MxDzeBjpnac\/XBIy7vffbOI\/AAAAAAAAJHY\/9IsneniTX9cNUes7pP201OXZ7fUlyo6AACJoC\/w530-h398-n\/IMG_20181213_082636.jpg\" alt=\"Zdj\u0119cie\" width=\"530\" height=\"398\" \/><\/p>\n<p style=\"text-align: center;\"><a href=\"https:\/\/www.youtube.com\/watch?v=yFXs2XSloEA\"><em><strong>D\u017cem &#8211; Zapal \u015bwieczk\u0119<\/strong><\/em><\/a><\/p>\n","protected":false},"excerpt":{"rendered":"<p>Ofiarom \/ wojennego stanu Pomordowani Internowani Uwi\u0119zieni Pracy pozbawieni Rocznicowa pami\u0119\u0107 Stanu wojennego Ofiarom nale\u017cy si\u0119 Od narodu ca\u0142ego Solidarni Wobec zbrodni Wtedy Teraz i&hellip; <\/p>\n","protected":false},"author":1,"featured_media":0,"parent":0,"menu_order":0,"comment_status":"closed","ping_status":"closed","template":"","meta":{"footnotes":""},"class_list":["post-2142","page","type-page","status-publish","hentry"],"_links":{"self":[{"href":"https:\/\/hubertpietka.bialystok.pl\/index.php?rest_route=\/wp\/v2\/pages\/2142","targetHints":{"allow":["GET"]}}],"collection":[{"href":"https:\/\/hubertpietka.bialystok.pl\/index.php?rest_route=\/wp\/v2\/pages"}],"about":[{"href":"https:\/\/hubertpietka.bialystok.pl\/index.php?rest_route=\/wp\/v2\/types\/page"}],"author":[{"embeddable":true,"href":"https:\/\/hubertpietka.bialystok.pl\/index.php?rest_route=\/wp\/v2\/users\/1"}],"replies":[{"embeddable":true,"href":"https:\/\/hubertpietka.bialystok.pl\/index.php?rest_route=%2Fwp%2Fv2%2Fcomments&post=2142"}],"version-history":[{"count":3,"href":"https:\/\/hubertpietka.bialystok.pl\/index.php?rest_route=\/wp\/v2\/pages\/2142\/revisions"}],"predecessor-version":[{"id":2145,"href":"https:\/\/hubertpietka.bialystok.pl\/index.php?rest_route=\/wp\/v2\/pages\/2142\/revisions\/2145"}],"wp:attachment":[{"href":"https:\/\/hubertpietka.bialystok.pl\/index.php?rest_route=%2Fwp%2Fv2%2Fmedia&parent=2142"}],"curies":[{"name":"wp","href":"https:\/\/api.w.org\/{rel}","templated":true}]}}

<p><strong><em>Ofiarom / wojennego stanu</em></strong></p>
<p>Pomordowani<br />
Internowani<br />
Uwięzieni<br />
Pracy pozbawieni</p>
<p>Rocznicowa pamięć<br />
Stanu wojennego<br />
Ofiarom należy się<br />
Od narodu całego</p>
<p>Solidarni<br />
Wobec zbrodni<br />
Wtedy<br />
Teraz i na zawsze</p>
<p>Wojenny stan<br />
To zdrada<br />
Wobec ludzi</p>
<p>Wszystkie narody<br />
Solidarne<br />
Wobec agresji takowej</p>
<p><em>Na zdj. W Białymstoku cmentarz wojskowy na 11 Listopada /</em><br />
<em> Poległym w stanie wojennym cześć i chwała /</em><br />
<em> Zapalmy dziś w oknie świeczkę ku ich pamięci /</em><br />
<em> Jak zrobili to Amerykanie w wigilię za prezydenta Reagana.</em></p>
<p><img loading="lazy" decoding="async" class="JZUAbb" src="https://lh3.googleusercontent.com/-MxDzeBjpnac/XBIy7vffbOI/AAAAAAAAJHY/9IsneniTX9cNUes7pP201OXZ7fUlyo6AACJoC/w530-h398-n/IMG_20181213_082636.jpg" alt="Zdjęcie" width="530" height="398" /></p>
<p style="text-align: center;"><a href="https://www.youtube.com/watch?v=yFXs2XSloEA"><em><strong>Dżem &#8211; Zapal świeczkę</strong></em></a></p>

<p>Ofiarom / wojennego stanu Pomordowani Internowani Uwięzieni Pracy pozbawieni Rocznicowa pamięć Stanu wojennego Ofiarom należy się Od narodu całego Solidarni Wobec zbrodni Wtedy Teraz i&hellip; </p>
