{"id":2171,"date":"2018-12-26T08:18:04","date_gmt":"2018-12-26T08:18:04","guid":{"rendered":"http:\/\/hubertpietka.bialystok.pl\/?page_id=2171"},"modified":"2018-12-26T08:23:35","modified_gmt":"2018-12-26T08:23:35","slug":"2171-2","status":"publish","type":"page","link":"https:\/\/hubertpietka.bialystok.pl\/?page_id=2171","title":{"rendered":"\u015awi\u0105teczna choinka \/ symbol stale odnawiaj\u0105cego si\u0119 \u017cycia"},"content":{"rendered":"<p><em><strong>\u015awi\u0105teczna choinka \/ symbol stale odnawiaj\u0105cego si\u0119 \u017cycia<\/strong><\/em><\/p>\n<p>Wiecznie zielone drzewko<br \/>\nNawet w przyrody u\u015bpieniu<br \/>\nNa moc natury wskazuje<br \/>\nKt\u00f3ra odnawia si\u0119 nieustannie<br \/>\nPo zimowej sannie<\/p>\n<p>Natura si\u0119 odnawia<br \/>\nBo \u017cyje<br \/>\nIskra Bo\u017ca w niej bije<br \/>\nPodobnie \u017cycie ludzkie<br \/>\nNa granicy rado\u015bci i smutku<\/p>\n<p>Drzewko zielone<br \/>\nTo znak sta\u0142ego si\u0119 odnawiania<br \/>\nZ martwych powstawania<br \/>\nTo symbol ci\u0105gle rodz\u0105cego si\u0119 \u017cycia<br \/>\nNa przek\u00f3r pustce i smierci<\/p>\n<p>Zielona choinka<br \/>\nDla nas w te \u015bwi\u0119ta<br \/>\nRodzi Najwi\u0119ksze \u017bycie<br \/>\nNiebo na \u015bwiat przychodzi<br \/>\nBy ka\u017cde oblicze rozpogodzi\u0107<\/p>\n<p>A \u015bwi\u0105teczne ozdoby<br \/>\nTo \u017cycia r\u00f3\u017cne pogody<br \/>\nJego czar i moc<br \/>\nOdnawiaj\u0105ca si\u0119 w nas<br \/>\nSzczeg\u00f3lnie w ten pi\u0119kny czas<\/p>\n<p><em>Na zdj. Przy sanktuarium Bo\u017cego Mi\u0142osierdzia \/<\/em><br \/>\n<em>\u015awi\u0105teczne drzewko roz\u015bwietlone na nie-biesko \/<\/em><br \/>\n<em>Niech to b\u0119dzie dobry ten \u015bwi\u0105teczny czas \/<\/em><br \/>\n<em>Niech \u017cycie rozpogadza si\u0119 stale w nas.<\/em><\/p>\n<p><img decoding=\"async\" src=\"https:\/\/lh3.googleusercontent.com\/-EDMAl8bjijE\/XBzfzjYnEuI\/AAAAAAAAJYE\/busjM9_hklwyX60oeFG8-BNuyTxfDHpdACJoC\/w530-h707-n-rw\/IMG_20181203_190840.jpg\" alt=\"Zdj\u00c4\u0099cie\" \/><\/p>\n<p style=\"text-align: center;\"><a href=\"https:\/\/www.youtube.com\/watch?v=HDUIPBjfat8\"><em><strong>Choinka pi\u0119kna jak las<\/strong><\/em><\/a><\/p>\n","protected":false},"excerpt":{"rendered":"<p>\u015awi\u0105teczna choinka \/ symbol stale odnawiaj\u0105cego si\u0119 \u017cycia Wiecznie zielone drzewko Nawet w przyrody u\u015bpieniu Na moc natury wskazuje Kt\u00f3ra odnawia si\u0119 nieustannie Po zimowej&hellip; <\/p>\n","protected":false},"author":1,"featured_media":0,"parent":0,"menu_order":0,"comment_status":"closed","ping_status":"closed","template":"","meta":{"footnotes":""},"class_list":["post-2171","page","type-page","status-publish","hentry"],"_links":{"self":[{"href":"https:\/\/hubertpietka.bialystok.pl\/index.php?rest_route=\/wp\/v2\/pages\/2171","targetHints":{"allow":["GET"]}}],"collection":[{"href":"https:\/\/hubertpietka.bialystok.pl\/index.php?rest_route=\/wp\/v2\/pages"}],"about":[{"href":"https:\/\/hubertpietka.bialystok.pl\/index.php?rest_route=\/wp\/v2\/types\/page"}],"author":[{"embeddable":true,"href":"https:\/\/hubertpietka.bialystok.pl\/index.php?rest_route=\/wp\/v2\/users\/1"}],"replies":[{"embeddable":true,"href":"https:\/\/hubertpietka.bialystok.pl\/index.php?rest_route=%2Fwp%2Fv2%2Fcomments&post=2171"}],"version-history":[{"count":4,"href":"https:\/\/hubertpietka.bialystok.pl\/index.php?rest_route=\/wp\/v2\/pages\/2171\/revisions"}],"predecessor-version":[{"id":2175,"href":"https:\/\/hubertpietka.bialystok.pl\/index.php?rest_route=\/wp\/v2\/pages\/2171\/revisions\/2175"}],"wp:attachment":[{"href":"https:\/\/hubertpietka.bialystok.pl\/index.php?rest_route=%2Fwp%2Fv2%2Fmedia&parent=2171"}],"curies":[{"name":"wp","href":"https:\/\/api.w.org\/{rel}","templated":true}]}}