{"id":2185,"date":"2018-12-27T16:46:12","date_gmt":"2018-12-27T16:46:12","guid":{"rendered":"http:\/\/hubertpietka.bialystok.pl\/?page_id=2185"},"modified":"2018-12-27T16:55:37","modified_gmt":"2018-12-27T16:55:37","slug":"boze-narodzenie-a-dzieci-niewinnych-zabijanie","status":"publish","type":"page","link":"https:\/\/hubertpietka.bialystok.pl\/?page_id=2185","title":{"rendered":"Bo\u017ce Narodzenie \/ a dzieci niewinnych zabicie"},"content":{"rendered":"<p><em><strong>Bo\u017ce Narodzenie \/ a dzieci niewinnych zabicie<\/strong><\/em><\/p>\n<p>Narodzenie Jezusa Chrystusa<br \/>\nPrzys\u0142oni\u0142 dramat dzieci<br \/>\nZabitych z rozkazu Heroda<br \/>\nW okolicach Betlejem<\/p>\n<p>Dom chleba a \u015bmier\u0107<br \/>\nEucharystia \u017ar\u00f3d\u0142o \u017cycia<br \/>\nWobec nienarodzonych zabijania<br \/>\nKo\u015bci\u00f3\u0142 Jezusowy a \u017cycie pocz\u0119te<\/p>\n<p>Cie\u0144 \u015bmierci przy przyj\u015bciu Chrystusa<br \/>\nZ przyczyny interesu innych ludzi<br \/>\nZabijanie nigdy usprawiedliwone nie jest<br \/>\nAni przez w\u0142adze ani przez prawo czy pieni\u0105dze<\/p>\n<p>\u015awi\u0119ci M\u0142odziankowie m\u0119czennicy Jezusa narodzenia<br \/>\n\u015awi\u0119te dzieci nienarodzone przez innych zabite<br \/>\nWstawiaj\u0105 si\u0119 za nami za wszystkimi<br \/>\nKt\u00f3rzy w tym dramacie niestety uczestniczyli<\/p>\n<p>I wo\u0142aj\u0105<br \/>\nDo\u015b\u0107 \u015bmierci<br \/>\nKa\u017cdy ma do \u017cycia prawo<br \/>\nOd pocz\u0119cia do naturalnego jego ko\u0144ca<\/p>\n<p><em>We Wigili\u0119 wspomnienia \u015awi\u0119tych M\u0142odziank\u00f3w pisano<\/em><br \/>\n<em>\u017bycie nie jest przywilejem kogo\u015b jest ka\u017cdego prawem<\/em><br \/>\n<em>Dosy\u0107 ju\u017c dramatu ludzkich serc dosy\u0107 nigdy wi\u0119cej<\/em><br \/>\n<em>Niezawinionej niewinnej \u015bmierci i uwik\u0142ania w ni\u0105 innych<\/em><\/p>\n<p style=\"text-align: center;\"><a href=\"https:\/\/www.youtube.com\/watch?v=Ki4i6DB7M1I\"><em><strong>Metro &#8211; uciekali<\/strong><\/em><\/a><\/p>\n","protected":false},"excerpt":{"rendered":"<p>Bo\u017ce Narodzenie \/ a dzieci niewinnych zabicie Narodzenie Jezusa Chrystusa Przys\u0142oni\u0142 dramat dzieci Zabitych z rozkazu Heroda W okolicach Betlejem Dom chleba a \u015bmier\u0107 Eucharystia&hellip; <\/p>\n","protected":false},"author":1,"featured_media":0,"parent":0,"menu_order":0,"comment_status":"closed","ping_status":"closed","template":"","meta":{"footnotes":""},"class_list":["post-2185","page","type-page","status-publish","hentry"],"_links":{"self":[{"href":"https:\/\/hubertpietka.bialystok.pl\/index.php?rest_route=\/wp\/v2\/pages\/2185","targetHints":{"allow":["GET"]}}],"collection":[{"href":"https:\/\/hubertpietka.bialystok.pl\/index.php?rest_route=\/wp\/v2\/pages"}],"about":[{"href":"https:\/\/hubertpietka.bialystok.pl\/index.php?rest_route=\/wp\/v2\/types\/page"}],"author":[{"embeddable":true,"href":"https:\/\/hubertpietka.bialystok.pl\/index.php?rest_route=\/wp\/v2\/users\/1"}],"replies":[{"embeddable":true,"href":"https:\/\/hubertpietka.bialystok.pl\/index.php?rest_route=%2Fwp%2Fv2%2Fcomments&post=2185"}],"version-history":[{"count":4,"href":"https:\/\/hubertpietka.bialystok.pl\/index.php?rest_route=\/wp\/v2\/pages\/2185\/revisions"}],"predecessor-version":[{"id":2189,"href":"https:\/\/hubertpietka.bialystok.pl\/index.php?rest_route=\/wp\/v2\/pages\/2185\/revisions\/2189"}],"wp:attachment":[{"href":"https:\/\/hubertpietka.bialystok.pl\/index.php?rest_route=%2Fwp%2Fv2%2Fmedia&parent=2185"}],"curies":[{"name":"wp","href":"https:\/\/api.w.org\/{rel}","templated":true}]}}