{"id":2232,"date":"2019-01-14T14:56:56","date_gmt":"2019-01-14T14:56:56","guid":{"rendered":"http:\/\/hubertpietka.bialystok.pl\/?page_id=2232"},"modified":"2019-01-14T15:01:00","modified_gmt":"2019-01-14T15:01:00","slug":"nie-zabijaj-nikogo-i-nigdy","status":"publish","type":"page","link":"https:\/\/hubertpietka.bialystok.pl\/?page_id=2232","title":{"rendered":"Nie zabijaj \/ nikogo i nigdy"},"content":{"rendered":"<p><strong><em>Nie zabijaj \/ nikogo i nigdy<\/em><\/strong><\/p>\n<p>Nikt nie ma prawa \u017ceby zabija\u0107<br \/>\n\u017badna zbrodnia nie mo\u017ce by\u0107 usprawiedliwiona<br \/>\nPrzez \u017cadne prawo<br \/>\nPozornie pi\u0119kne a ob\u0142udne s\u0142owa<\/p>\n<p>Na agresj\u0119 zbrodni<br \/>\nGodzi\u0107 si\u0119 nie mo\u017cna<br \/>\nNie mo\u017cna spokojnie si\u0119 jej przygl\u0105da\u0107<br \/>\nNie b\u0119d\u0105 usprawiedliwieni<br \/>\nCi kt\u00f3rzy daj\u0105 na ni\u0105 przyzwolenie<\/p>\n<p>Nie zabijaj<br \/>\nZab\u00f3jstwo to najwi\u0119kszy grzech<br \/>\nNie przyzwalaj nigdy na taka \u015bmier\u0107<\/p>\n<p>Bo \u017cycie jest pot\u0119\u017cniejsze ni\u017c \u015bmierci o\u015bcie\u0144<br \/>\nTo Bo\u017cy dar<br \/>\nKt\u00f3rego nikt nie mo\u017ce zabiera\u0107<\/p>\n<p>Ka\u017cda zbrodnia zab\u00f3jstwa<br \/>\nDo nieba wola o pomst\u0119<br \/>\nNigdy nie dopuszczajcie si\u0119<br \/>\nPrzest\u0119pstw takich<br \/>\nI nie zezwalajcie na nie<\/p>\n<p>Na zdj. Wielka Orkiestra \u015awi\u0105tecznej Pomocy \/<br \/>\nKoncert reggae\u2019owego Mesajah wczoraj w Bia\u0142ymstoku \/<br \/>\nWszyscy kt\u00f3rzy s\u0142u\u017c\u0105 \u017cyciu i zdrowiu \/<br \/>\nS\u0142u\u017c\u0105 pokojowi.<\/p>\n<p><img loading=\"lazy\" decoding=\"async\" class=\"JZUAbb\" src=\"https:\/\/lh3.googleusercontent.com\/-V7gNnxDOkOU\/XDxZ6YeJ7AI\/AAAAAAAAJ-I\/jXxO9JLDC2sUk0ofwk8JJGbsOrb_86IWQCJoC\/w530-h398-n\/IMG_20190113_203949.jpg\" alt=\"Zdj\u0119cie\" width=\"530\" height=\"398\" \/><\/p>\n<p style=\"text-align: center;\"><a href=\"https:\/\/www.youtube.com\/watch?v=WypJWzHTDhE&amp;app=desktop\"><em><strong>Biada \/\/ niemaGOtu<\/strong><\/em><\/a><\/p>\n","protected":false},"excerpt":{"rendered":"<p>Nie zabijaj \/ nikogo i nigdy Nikt nie ma prawa \u017ceby zabija\u0107 \u017badna zbrodnia nie mo\u017ce by\u0107 usprawiedliwiona Przez \u017cadne prawo Pozornie pi\u0119kne a ob\u0142udne&hellip; <\/p>\n","protected":false},"author":1,"featured_media":0,"parent":0,"menu_order":0,"comment_status":"closed","ping_status":"closed","template":"","meta":{"footnotes":""},"class_list":["post-2232","page","type-page","status-publish","hentry"],"_links":{"self":[{"href":"https:\/\/hubertpietka.bialystok.pl\/index.php?rest_route=\/wp\/v2\/pages\/2232","targetHints":{"allow":["GET"]}}],"collection":[{"href":"https:\/\/hubertpietka.bialystok.pl\/index.php?rest_route=\/wp\/v2\/pages"}],"about":[{"href":"https:\/\/hubertpietka.bialystok.pl\/index.php?rest_route=\/wp\/v2\/types\/page"}],"author":[{"embeddable":true,"href":"https:\/\/hubertpietka.bialystok.pl\/index.php?rest_route=\/wp\/v2\/users\/1"}],"replies":[{"embeddable":true,"href":"https:\/\/hubertpietka.bialystok.pl\/index.php?rest_route=%2Fwp%2Fv2%2Fcomments&post=2232"}],"version-history":[{"count":5,"href":"https:\/\/hubertpietka.bialystok.pl\/index.php?rest_route=\/wp\/v2\/pages\/2232\/revisions"}],"predecessor-version":[{"id":2237,"href":"https:\/\/hubertpietka.bialystok.pl\/index.php?rest_route=\/wp\/v2\/pages\/2232\/revisions\/2237"}],"wp:attachment":[{"href":"https:\/\/hubertpietka.bialystok.pl\/index.php?rest_route=%2Fwp%2Fv2%2Fmedia&parent=2232"}],"curies":[{"name":"wp","href":"https:\/\/api.w.org\/{rel}","templated":true}]}}