{"id":235,"date":"2017-01-16T22:32:40","date_gmt":"2017-01-16T22:32:40","guid":{"rendered":"http:\/\/hubertpietka.bialystok.pl\/?page_id=235"},"modified":"2023-07-31T14:12:26","modified_gmt":"2023-07-31T14:12:26","slug":"spal-mnie","status":"publish","type":"page","link":"https:\/\/hubertpietka.bialystok.pl\/?page_id=235","title":{"rendered":"Spal mnie"},"content":{"rendered":"<p><strong>Spal mnie<\/strong><\/p>\n<p>Nie spalaj mnie!<br \/>\nSpal mnie \u2013 Panie!<br \/>\nJak papierosa nad ranem.<\/p>\n<p>Niech tak si\u0119 stanie!<\/p>\n<p>Ja ci, cz\u0142owiecze,<br \/>\nniczego nie dodam,<br \/>\nme my\u015bli \u2013 s\u0142oma!<\/p>\n<p>Nie spalaj mnie!<br \/>\n&#8211; spal mnie,<br \/>\ncz\u0142owiecze!<\/p>\n<p>Nim \u017cycie uciecze!<br \/>\nIskierka dymu<br \/>\nszybko si\u0119 wlecze.<\/p>\n<p>Spal mnie<br \/>\n&#8211; w mi\u0142o\u015bci,<br \/>\ndo bia\u0142ych ko\u015bci!<\/p>\n<p>A potem<br \/>\nwypij do dna!<br \/>\n&#8211; Niech taka b\u0119dzie droga ma!<\/p>\n<p>Szukam drwala,<br \/>\nkt\u00f3ry por\u0105bie mnie<br \/>\nna kawa\u0142ki!<br \/>\n&#8211; Tak dokonam \u017cycia walki\u2026<\/p>\n<p><em>Prorokuj do tych ko\u015bci,<\/em><br \/>\n<em>synu cz\u0142owieczy,<\/em><br \/>\n<em>prorokuj\u2026<\/em><\/p>\n<p style=\"text-align: center;\"><a href=\"https:\/\/youtu.be\/q2VGOTCjHHc\"><em><strong>Niech przyjdzie Duch \u015awi\u0119ty &#8211; s\u0142owa: ks. Teodor, muzyka: Jakub Tomalak, \u015bpiew: TeoMusic<\/strong><\/em><\/a><\/p>\n","protected":false},"excerpt":{"rendered":"<p>Spal mnie Nie spalaj mnie! Spal mnie \u2013 Panie! Jak papierosa nad ranem. Niech tak si\u0119 stanie! Ja ci, cz\u0142owiecze, niczego nie dodam, me my\u015bli&hellip; <\/p>\n","protected":false},"author":1,"featured_media":0,"parent":0,"menu_order":0,"comment_status":"closed","ping_status":"closed","template":"","meta":{"footnotes":""},"class_list":["post-235","page","type-page","status-publish","hentry"],"_links":{"self":[{"href":"https:\/\/hubertpietka.bialystok.pl\/index.php?rest_route=\/wp\/v2\/pages\/235","targetHints":{"allow":["GET"]}}],"collection":[{"href":"https:\/\/hubertpietka.bialystok.pl\/index.php?rest_route=\/wp\/v2\/pages"}],"about":[{"href":"https:\/\/hubertpietka.bialystok.pl\/index.php?rest_route=\/wp\/v2\/types\/page"}],"author":[{"embeddable":true,"href":"https:\/\/hubertpietka.bialystok.pl\/index.php?rest_route=\/wp\/v2\/users\/1"}],"replies":[{"embeddable":true,"href":"https:\/\/hubertpietka.bialystok.pl\/index.php?rest_route=%2Fwp%2Fv2%2Fcomments&post=235"}],"version-history":[{"count":4,"href":"https:\/\/hubertpietka.bialystok.pl\/index.php?rest_route=\/wp\/v2\/pages\/235\/revisions"}],"predecessor-version":[{"id":7370,"href":"https:\/\/hubertpietka.bialystok.pl\/index.php?rest_route=\/wp\/v2\/pages\/235\/revisions\/7370"}],"wp:attachment":[{"href":"https:\/\/hubertpietka.bialystok.pl\/index.php?rest_route=%2Fwp%2Fv2%2Fmedia&parent=235"}],"curies":[{"name":"wp","href":"https:\/\/api.w.org\/{rel}","templated":true}]}}