{"id":2350,"date":"2019-02-11T07:49:20","date_gmt":"2019-02-11T07:49:20","guid":{"rendered":"http:\/\/hubertpietka.bialystok.pl\/?page_id=2350"},"modified":"2019-02-11T08:00:52","modified_gmt":"2019-02-11T08:00:52","slug":"i-najmniejszy-moze-stawac-sie-wiekszy","status":"publish","type":"page","link":"https:\/\/hubertpietka.bialystok.pl\/?page_id=2350","title":{"rendered":"I najmniejszy \/ mo\u017ce stawa\u0107 si\u0119 wi\u0119kszy"},"content":{"rendered":"<p><strong><em>I najmniejszy \/ mo\u017ce stawa\u0107 si\u0119 wi\u0119kszy<\/em><\/strong><\/p>\n<p>Nie wynosz\u0119 si\u0119 ponad kogokolwiek<br \/>\nCi\u0119\u017cko pracuj\u0119 tylko nieustannie<br \/>\nPrzez to co mi przydzielono<br \/>\nStaram si\u0119 wype\u0142nia\u0107 wszystko<\/p>\n<p>Nie znaczy to<br \/>\n\u017be nie pope\u0142niam b\u0142\u0119d\u00f3w<br \/>\nKt\u00f3\u017c ich nie czyni<br \/>\nLecz nie przejmuj\u0119 si\u0119 zbytnio nimi<\/p>\n<p>Bo wiel-b\u0142\u0105dy to raczej nie s\u0105<br \/>\nPrzecedza\u0107 komara te\u017c nie chc\u0119<br \/>\nStaram si\u0119 trzyma\u0107 nad powierzchni\u0105<br \/>\nA wype\u0142nia\u0107 tylko to co jest s\u0142uszne<\/p>\n<p>Za \u0142ask\u0105 Bo\u017c\u0105<br \/>\nJestem tym czym jestem<br \/>\nI cho\u0107 ma\u0142y ze mnie s\u0142uga<br \/>\nZe wystarczy mi laski Bo\u017cej ufam<\/p>\n<p>Bo niebo mnie podnosi<br \/>\nNawet kiedy zb\u0142\u0105dz\u0119 troch\u0119<br \/>\nW nie si\u0119 ws\u0142uchuj\u0119 ci\u0105gle<br \/>\nNa nim opieram swe nadzieje<\/p>\n<p>Wed\u0142ug niego id\u0119<br \/>\nDalej i dalej<br \/>\nI cho\u0107 slaby jestem<br \/>\nTo chyba nie bardziej ni\u017c wszyscy<\/p>\n<p>Tylko pracuje pilnie<br \/>\nBy na wyznaczonych szlakach wytrwa\u0107<br \/>\nBy wype\u0142ni\u0107 swoj\u0105 s\u0142u\u017cb\u0119<br \/>\nDo ko\u0144ca<\/p>\n<p>To co mi si\u0119 zreszt\u0105 nie uda<br \/>\n\u017be wyprostuje niebo po prostu ufam<br \/>\nBo ja wskazuje na nie<br \/>\nPrzede wszystkim i przez wszystko co robi\u0119<\/p>\n<p>A co robi\u0119 to robi\u0119<br \/>\nM\u00f3wi\u0119 te\u017c co wiem<br \/>\nMo\u017ce nie wszystko rozumiem<br \/>\nAle nie o to chodzi przecie\u017c<\/p>\n<p>Tylko by nieba wol\u0119 wype\u0142ni\u0107<br \/>\nUfam \u017ce w tym zwyci\u0119\u017c\u0119<br \/>\nNie tylko si\u0142\u0105 swoj\u0105<br \/>\nLecz z niebem wsp\u00f3\u0142pracuj\u0105c<\/p>\n<p>I z innymi wiernie id\u0105c<br \/>\nRazem wype\u0142niaj\u0105c<br \/>\nTo co nam dano<br \/>\nWed\u0142ug Bo\u017cego planu<\/p>\n<p><em>Na zdj. Dziewczynka z konewk\u0105 na Alei Pi\u0142sudskiego \/<\/em><br \/>\n<em> W lustrzanym odbiciu konewki nie wida\u0107 i drzewka \/<\/em><br \/>\n<em> Czasem nie wszystko wiadomo od razu \/<\/em><br \/>\n<em> Potrzebna jest inna perspektywa \/<\/em><br \/>\n<em> By cz\u0142owieka zobaczy\u0107 w prawdzie \/<\/em><br \/>\n<em> I zrozumie\u0107 jego dzia\u0142ania \/<\/em><br \/>\n<em> Najlepiej to wida\u0107 w nieba pryzmacie.<\/em><\/p>\n<p><img loading=\"lazy\" decoding=\"async\" class=\"JZUAbb\" src=\"https:\/\/lh3.googleusercontent.com\/-UBpyQPIwpLE\/XGCpmJERPlI\/AAAAAAAAKhs\/5E2FDW3ujtMnB-IQhshc9qWiSLiZ0b2twCJoC\/w530-h707-n\/IMG_20190209_125350.jpg\" alt=\"Zdj\u0119cie\" width=\"530\" height=\"707\" \/><\/p>\n<p>&nbsp;<\/p>\n","protected":false},"excerpt":{"rendered":"<p>I najmniejszy \/ mo\u017ce stawa\u0107 si\u0119 wi\u0119kszy Nie wynosz\u0119 si\u0119 ponad kogokolwiek Ci\u0119\u017cko pracuj\u0119 tylko nieustannie Przez to co mi przydzielono Staram si\u0119 wype\u0142nia\u0107 wszystko&hellip; <\/p>\n","protected":false},"author":1,"featured_media":0,"parent":0,"menu_order":0,"comment_status":"closed","ping_status":"closed","template":"","meta":{"footnotes":""},"class_list":["post-2350","page","type-page","status-publish","hentry"],"_links":{"self":[{"href":"https:\/\/hubertpietka.bialystok.pl\/index.php?rest_route=\/wp\/v2\/pages\/2350","targetHints":{"allow":["GET"]}}],"collection":[{"href":"https:\/\/hubertpietka.bialystok.pl\/index.php?rest_route=\/wp\/v2\/pages"}],"about":[{"href":"https:\/\/hubertpietka.bialystok.pl\/index.php?rest_route=\/wp\/v2\/types\/page"}],"author":[{"embeddable":true,"href":"https:\/\/hubertpietka.bialystok.pl\/index.php?rest_route=\/wp\/v2\/users\/1"}],"replies":[{"embeddable":true,"href":"https:\/\/hubertpietka.bialystok.pl\/index.php?rest_route=%2Fwp%2Fv2%2Fcomments&post=2350"}],"version-history":[{"count":3,"href":"https:\/\/hubertpietka.bialystok.pl\/index.php?rest_route=\/wp\/v2\/pages\/2350\/revisions"}],"predecessor-version":[{"id":2353,"href":"https:\/\/hubertpietka.bialystok.pl\/index.php?rest_route=\/wp\/v2\/pages\/2350\/revisions\/2353"}],"wp:attachment":[{"href":"https:\/\/hubertpietka.bialystok.pl\/index.php?rest_route=%2Fwp%2Fv2%2Fmedia&parent=2350"}],"curies":[{"name":"wp","href":"https:\/\/api.w.org\/{rel}","templated":true}]}}