{"id":2429,"date":"2019-03-04T12:04:23","date_gmt":"2019-03-04T12:04:23","guid":{"rendered":"http:\/\/hubertpietka.bialystok.pl\/?page_id=2429"},"modified":"2019-03-04T12:04:23","modified_gmt":"2019-03-04T12:04:23","slug":"sport-owcy-sportu-owe-owce","status":"publish","type":"page","link":"https:\/\/hubertpietka.bialystok.pl\/?page_id=2429","title":{"rendered":"Sport-owcy \/ sportu owe owce"},"content":{"rendered":"<p><strong><em>Sport-owcy \/ sportu owe owce<br \/>\n<\/em><\/strong><br \/>\n<strong>Sport i owce<\/strong><br \/>\nNikt nie daje tyle rado\u015bci<br \/>\nSpo\u0142eczno\u015bci<\/p>\n<p><strong>Sport-owe owce<\/strong><br \/>\nOddaj\u0105 serca i hartuj\u0105 cia\u0142o<br \/>\nDla walki zgodnej z duchem czas\u00f3w<\/p>\n<p><strong>Sport(u) owe s\u0105<\/strong><br \/>\nAle nie tylko<br \/>\nImi\u0119 swego narodu rozs\u0142awiaj\u0105<br \/>\nWarto\u015bci dobra promuj\u0105<\/p>\n<p><strong>Owce (s\u0105)z-port(u) praw i praw-dy<\/strong><br \/>\nSi\u0119gaj\u0105 wzwy\u017c i coraz dalej<br \/>\nNieba dotykaj\u0105 i je przybli\u017caj\u0105<\/p>\n<p><strong><em>Ps. Dzi\u0119kujemy Wam polscy sportowcy \/<br \/>\nZa tyle rado\u015bci dobrej i prostej \/<br \/>\nZa warto\u015bci kt\u00f3re krzewicie \/<br \/>\nPrzez Wasz\u0105 sportow\u0105 walk\u0119 \/<br \/>\nDla siebie dla nas i Ojczyzny naszej.<\/em><\/strong><\/p>\n<p><em>Na zdj. Chi\u0144skie Centrum Handlowe \/<br \/>\nW Bia\u0142ymstoku na Lipowej \/<br \/>\nNa ekspozycji posta\u0107 w koszulce z or\u0142em polskim \/<br \/>\nPi\u0119kna sprawa \/<br \/>\nBo sport jest ponad wszelkimi podzia\u0142ami.<\/em><\/p>\n<p><strong>Mie\u0107 na sobie koszulk\u0119 Reprezentacji<\/strong><br \/>\n<strong>To zobowi\u0105zuje i to jest zaszczyt<\/strong><br \/>\n<strong>Dzieci\u0119ce marzenie<\/strong><br \/>\n<strong>Szcz\u0119\u015bliwi kt\u00f3rych spotka\u0142o to spe\u0142nienie<\/strong><br \/>\n<strong>\ud83d\ude42<\/strong><\/p>\n<p><img loading=\"lazy\" decoding=\"async\" class=\"JZUAbb\" src=\"https:\/\/lh3.googleusercontent.com\/-mlbBRXN8Xfw\/XH0JMyOAzQI\/AAAAAAAAMKc\/DyAIHpk1Yew5DY7qocSiUv0csUYc4ybMQCJoC\/w530-h398-n\/IMG_20190302_123417.jpg\" alt=\"Zdj\u0119cie\" width=\"530\" height=\"398\" \/><\/p>\n","protected":false},"excerpt":{"rendered":"<p>Sport-owcy \/ sportu owe owce Sport i owce Nikt nie daje tyle rado\u015bci Spo\u0142eczno\u015bci Sport-owe owce Oddaj\u0105 serca i hartuj\u0105 cia\u0142o Dla walki zgodnej z&hellip; <\/p>\n","protected":false},"author":1,"featured_media":0,"parent":0,"menu_order":0,"comment_status":"closed","ping_status":"closed","template":"","meta":{"footnotes":""},"class_list":["post-2429","page","type-page","status-publish","hentry"],"_links":{"self":[{"href":"https:\/\/hubertpietka.bialystok.pl\/index.php?rest_route=\/wp\/v2\/pages\/2429","targetHints":{"allow":["GET"]}}],"collection":[{"href":"https:\/\/hubertpietka.bialystok.pl\/index.php?rest_route=\/wp\/v2\/pages"}],"about":[{"href":"https:\/\/hubertpietka.bialystok.pl\/index.php?rest_route=\/wp\/v2\/types\/page"}],"author":[{"embeddable":true,"href":"https:\/\/hubertpietka.bialystok.pl\/index.php?rest_route=\/wp\/v2\/users\/1"}],"replies":[{"embeddable":true,"href":"https:\/\/hubertpietka.bialystok.pl\/index.php?rest_route=%2Fwp%2Fv2%2Fcomments&post=2429"}],"version-history":[{"count":1,"href":"https:\/\/hubertpietka.bialystok.pl\/index.php?rest_route=\/wp\/v2\/pages\/2429\/revisions"}],"predecessor-version":[{"id":2430,"href":"https:\/\/hubertpietka.bialystok.pl\/index.php?rest_route=\/wp\/v2\/pages\/2429\/revisions\/2430"}],"wp:attachment":[{"href":"https:\/\/hubertpietka.bialystok.pl\/index.php?rest_route=%2Fwp%2Fv2%2Fmedia&parent=2429"}],"curies":[{"name":"wp","href":"https:\/\/api.w.org\/{rel}","templated":true}]}}