{"id":2480,"date":"2019-03-21T18:33:15","date_gmt":"2019-03-21T18:33:15","guid":{"rendered":"http:\/\/hubertpietka.bialystok.pl\/?page_id=2480"},"modified":"2019-03-21T19:00:58","modified_gmt":"2019-03-21T19:00:58","slug":"wio-wiosno-radosnie-naprzeciw-wiosnie","status":"publish","type":"page","link":"https:\/\/hubertpietka.bialystok.pl\/?page_id=2480","title":{"rendered":"Wio wiosno \/ rado\u015bnie naprzeciw wio\u015bnie"},"content":{"rendered":"<p><strong><em>Wio wiosno \/ rado\u015bnie naprzeciw wio\u015bnie<br \/>\n<\/em><\/strong><br \/>\nWio-s(\u0142o\u0144ce)-na niebo<br \/>\nZiemi\u0119 po zimie rozgrzewaj<\/p>\n<p>Dumka cz\u0119\u015bciej na balkoniku b\u0119dzie<br \/>\nI pali\u0107 tam b\u0119dzie przyjemniej<\/p>\n<p>Bal koniku<br \/>\nBal wiosennej aury<br \/>\nNa balkonie tak\u017ce<br \/>\nI konie na \u0142\u0105ce<br \/>\nPomkn\u0105 zaraz pi\u0119knie<\/p>\n<p>Wiosna na wsi i w kurniku tak\u017ce<br \/>\nRozgadaj\u0105 si\u0119 ptasie swary<br \/>\nA kury si\u0119 weso\u0142o rozgdakaj\u0105<\/p>\n<p>Wio-sna(dnie) i dosadnie<br \/>\nNiech ju\u017c przyjdzie<br \/>\nW rado\u015bci a nawet w g\u0142upkowatej weso\u0142kowato\u015bci<br \/>\nJu\u017c ciep\u0142o sobie prawo do \u015bwiata ro\u015bci<br \/>\nNiech przyjdzie<br \/>\nWio wiosno przychod\u017a po prostu<\/p>\n<p><em>Na zdj. Dzi\u015b pierwszy dzie\u0144 wiosny \/<\/em><br \/>\n<em> Krokusy niebieskie i z\u0142ote \/<\/em><br \/>\n<em> W Dawidach Bankowych \/<\/em><br \/>\n<em> Powoli zaczn\u0105 dominowa\u0107 takie kolory \/<\/em><br \/>\n<em> Pi\u0119kny b\u0142\u0119kit nieba i \u017c\u00f3\u0142te s\u0142o\u0144ce.<\/em><\/p>\n<p><img loading=\"lazy\" decoding=\"async\" class=\"JZUAbb\" src=\"https:\/\/lh3.googleusercontent.com\/-Np7qFvSvvT4\/XJODTZKPu5I\/AAAAAAAANSA\/gp4ZNYH2HqwUMsmSrW7AjNe1xgXsqL4KwCJoC\/w530-h398-n\/IMG_20190319_154542.jpg\" alt=\"Zdj\u0119cie\" width=\"530\" height=\"398\" \/><\/p>\n<h1 class=\"title style-scope ytd-video-primary-info-renderer\" style=\"text-align: center;\"><a href=\"https:\/\/www.youtube.com\/watch?v=733cfng95PE\"><em>Wiosna w b\u0142\u0119kitnej sukience<\/em><\/a><\/h1>\n<h1 class=\"title style-scope ytd-video-primary-info-renderer\" style=\"text-align: center;\"><a href=\"https:\/\/www.youtube.com\/watch?v=RvOaIABDeJI\"><em>Skaldowie &#8211; Wszystko kwitnie wko\u0142o<\/em><\/a><\/h1>\n<p style=\"text-align: center;\">\ud83d\ude42<\/p>\n","protected":false},"excerpt":{"rendered":"<p>Wio wiosno \/ rado\u015bnie naprzeciw wio\u015bnie Wio-s(\u0142o\u0144ce)-na niebo Ziemi\u0119 po zimie rozgrzewaj Dumka cz\u0119\u015bciej na balkoniku b\u0119dzie I pali\u0107 tam b\u0119dzie przyjemniej Bal koniku Bal&hellip; <\/p>\n","protected":false},"author":1,"featured_media":0,"parent":0,"menu_order":0,"comment_status":"closed","ping_status":"closed","template":"","meta":{"footnotes":""},"class_list":["post-2480","page","type-page","status-publish","hentry"],"_links":{"self":[{"href":"https:\/\/hubertpietka.bialystok.pl\/index.php?rest_route=\/wp\/v2\/pages\/2480","targetHints":{"allow":["GET"]}}],"collection":[{"href":"https:\/\/hubertpietka.bialystok.pl\/index.php?rest_route=\/wp\/v2\/pages"}],"about":[{"href":"https:\/\/hubertpietka.bialystok.pl\/index.php?rest_route=\/wp\/v2\/types\/page"}],"author":[{"embeddable":true,"href":"https:\/\/hubertpietka.bialystok.pl\/index.php?rest_route=\/wp\/v2\/users\/1"}],"replies":[{"embeddable":true,"href":"https:\/\/hubertpietka.bialystok.pl\/index.php?rest_route=%2Fwp%2Fv2%2Fcomments&post=2480"}],"version-history":[{"count":7,"href":"https:\/\/hubertpietka.bialystok.pl\/index.php?rest_route=\/wp\/v2\/pages\/2480\/revisions"}],"predecessor-version":[{"id":2488,"href":"https:\/\/hubertpietka.bialystok.pl\/index.php?rest_route=\/wp\/v2\/pages\/2480\/revisions\/2488"}],"wp:attachment":[{"href":"https:\/\/hubertpietka.bialystok.pl\/index.php?rest_route=%2Fwp%2Fv2%2Fmedia&parent=2480"}],"curies":[{"name":"wp","href":"https:\/\/api.w.org\/{rel}","templated":true}]}}

Wio wiosno / radośnie naprzeciw wiośnie

<p><strong><em>Wio wiosno / radośnie naprzeciw wiośnie<br />
</em></strong><br />
Wio-s(łońce)-na niebo<br />
Ziemię po zimie rozgrzewaj</p>
<p>Dumka częściej na balkoniku będzie<br />
I palić tam będzie przyjemniej</p>
<p>Bal koniku<br />
Bal wiosennej aury<br />
Na balkonie także<br />
I konie na łące<br />
Pomkną zaraz pięknie</p>
<p>Wiosna na wsi i w kurniku także<br />
Rozgadają się ptasie swary<br />
A kury się wesoło rozgdakają</p>
<p>Wio-sna(dnie) i dosadnie<br />
Niech już przyjdzie<br />
W radości a nawet w głupkowatej wesołkowatości<br />
Już ciepło sobie prawo do świata rości<br />
Niech przyjdzie<br />
Wio wiosno przychodź po prostu</p>
<p><em>Na zdj. Dziś pierwszy dzień wiosny /</em><br />
<em> Krokusy niebieskie i złote /</em><br />
<em> W Dawidach Bankowych /</em><br />
<em> Powoli zaczną dominować takie kolory /</em><br />
<em> Piękny błękit nieba i żółte słońce.</em></p>
<p><img loading="lazy" decoding="async" class="JZUAbb" src="https://lh3.googleusercontent.com/-Np7qFvSvvT4/XJODTZKPu5I/AAAAAAAANSA/gp4ZNYH2HqwUMsmSrW7AjNe1xgXsqL4KwCJoC/w530-h398-n/IMG_20190319_154542.jpg" alt="Zdjęcie" width="530" height="398" /></p>
<h1 class="title style-scope ytd-video-primary-info-renderer" style="text-align: center;"><a href="https://www.youtube.com/watch?v=733cfng95PE"><em>Wiosna w błękitnej sukience</em></a></h1>
<h1 class="title style-scope ytd-video-primary-info-renderer" style="text-align: center;"><a href="https://www.youtube.com/watch?v=RvOaIABDeJI"><em>Skaldowie &#8211; Wszystko kwitnie wkoło</em></a></h1>
<p style="text-align: center;">🙂</p>

<p>Wio wiosno / radośnie naprzeciw wiośnie Wio-s(łońce)-na niebo Ziemię po zimie rozgrzewaj Dumka częściej na balkoniku będzie I palić tam będzie przyjemniej Bal koniku Bal&hellip; </p>
