{"id":2560,"date":"2019-03-31T16:18:41","date_gmt":"2019-03-31T16:18:41","guid":{"rendered":"http:\/\/hubertpietka.bialystok.pl\/?page_id=2560"},"modified":"2019-03-31T16:22:49","modified_gmt":"2019-03-31T16:22:49","slug":"2560-2","status":"publish","type":"page","link":"https:\/\/hubertpietka.bialystok.pl\/?page_id=2560","title":{"rendered":"30.03"},"content":{"rendered":"<p><strong><em>30.03<\/em><\/strong><\/p>\n<p>B\u00f3g na pocz\u0105tku<br \/>\nI B\u00f3g na ko\u0144cu<br \/>\nKa\u017cdej cz\u0142owieczej drogi<br \/>\n3&#8230;3<br \/>\nAlfa i Omega<\/p>\n<p>. Kropka<br \/>\nChrystus w \u015brodku<br \/>\n3.3<br \/>\nPrzed i po<br \/>\nEpifanii Jezusowej<\/p>\n<p>Dzieje \u015bwiata<br \/>\nPochodz\u0105 od Boga<br \/>\nProwadz\u0105 przez Niego<br \/>\nI w Nim si\u0119 wype\u0142ni\u0105<\/p>\n<p>Od Boga do Boga<br \/>\nPrzed i po Chrystusie<br \/>\nWszystko w tym spe\u0142nia si\u0119<\/p>\n<p>Pomi\u0119dzy jak przydech zero<br \/>\n3(0).(0)3<br \/>\nKt\u00f3re znajduje swe znaczenie tylko w Bogu<\/p>\n<p>Dzieje cz\u0142owieka<br \/>\nB\u00f3g definiuje<br \/>\nCa\u0142kowicie<\/p>\n<p>Przez Niego &#8211; 3<br \/>\nW Nim &#8211; .<br \/>\nI Do Niego &#8211; 3<br \/>\nWszystko &#8211; 0<br \/>\nCzyli nic (?)<\/p>\n<p><em> \u015awiat ten cho\u0107 pi\u0119kny<\/em><br \/>\n<em> Wobec wszechmocy Bo\u017cej to py\u0142ek tylko<\/em><br \/>\n<em> Dlatego cz\u0142owiek w n\u0119dzy swojej<\/em><br \/>\n<em> Musi szuka\u0107 ucieczki w Bo\u017cej Mi\u0142o\u015bci Mi\u0142osiernej<\/em><\/p>\n<p><strong>W b\u0142. Amadeusza pisano<\/strong><br \/>\n<strong>Kt\u00f3ry jest w\u0142adc\u00f3w patronem<\/strong><br \/>\n<strong>By by\u0142o wiadomo<\/strong><br \/>\n<strong>\u017be \u015bwiat nale\u017cy do Boga<\/strong><\/p>\n<p><img loading=\"lazy\" decoding=\"async\" class=\"JZUAbb\" src=\"https:\/\/lh3.googleusercontent.com\/-6JWHDYbOEJI\/XJ_8GeBdSdI\/AAAAAAAANl0\/sy5IrQh9CEMX3EQ87d45DXPT0LLVxgjHACJoC\/w530-h398-n\/IMG_20190330_184540.jpg\" alt=\"Zdj\u0119cie\" width=\"530\" height=\"398\" \/><\/p>\n<p style=\"text-align: center;\"><em>Na zdj. Baranek Bo\u017cy kt\u00f3ry g\u0142adzi grzechy \u015bwiata \/<\/em><br \/>\n<em> W bia\u0142ostockim ko\u015bciele \u015bw. Rocha \/<\/em><br \/>\n<em> Przed o\u0142tarzem instalacja wielkopostna \/<\/em><br \/>\n<em> Cz\u0142owiek powinien odnajdywa\u0107 swe w\u0142a\u015bciwe miejsce \/<\/em><br \/>\n<em> Te\u017c wobec pokory Boga \/<\/em><br \/>\n<em> Kt\u00f3ry si\u0119 uni\u017cy\u0142 a\u017c do krzy\u017ca \/<\/em><br \/>\n<em> I w ka\u017cdej Eucharystii do cz\u0142owieka si\u0119 zbli\u017ca.<\/em><\/p>\n<p>&nbsp;<\/p>\n","protected":false},"excerpt":{"rendered":"<p>30.03 B\u00f3g na pocz\u0105tku I B\u00f3g na ko\u0144cu Ka\u017cdej cz\u0142owieczej drogi 3&#8230;3 Alfa i Omega . Kropka Chrystus w \u015brodku 3.3 Przed i po Epifanii&hellip; <\/p>\n","protected":false},"author":1,"featured_media":0,"parent":0,"menu_order":0,"comment_status":"closed","ping_status":"closed","template":"","meta":{"footnotes":""},"class_list":["post-2560","page","type-page","status-publish","hentry"],"_links":{"self":[{"href":"https:\/\/hubertpietka.bialystok.pl\/index.php?rest_route=\/wp\/v2\/pages\/2560","targetHints":{"allow":["GET"]}}],"collection":[{"href":"https:\/\/hubertpietka.bialystok.pl\/index.php?rest_route=\/wp\/v2\/pages"}],"about":[{"href":"https:\/\/hubertpietka.bialystok.pl\/index.php?rest_route=\/wp\/v2\/types\/page"}],"author":[{"embeddable":true,"href":"https:\/\/hubertpietka.bialystok.pl\/index.php?rest_route=\/wp\/v2\/users\/1"}],"replies":[{"embeddable":true,"href":"https:\/\/hubertpietka.bialystok.pl\/index.php?rest_route=%2Fwp%2Fv2%2Fcomments&post=2560"}],"version-history":[{"count":4,"href":"https:\/\/hubertpietka.bialystok.pl\/index.php?rest_route=\/wp\/v2\/pages\/2560\/revisions"}],"predecessor-version":[{"id":2564,"href":"https:\/\/hubertpietka.bialystok.pl\/index.php?rest_route=\/wp\/v2\/pages\/2560\/revisions\/2564"}],"wp:attachment":[{"href":"https:\/\/hubertpietka.bialystok.pl\/index.php?rest_route=%2Fwp%2Fv2%2Fmedia&parent=2560"}],"curies":[{"name":"wp","href":"https:\/\/api.w.org\/{rel}","templated":true}]}}