{"id":2599,"date":"2019-04-15T19:40:08","date_gmt":"2019-04-15T19:40:08","guid":{"rendered":"http:\/\/hubertpietka.bialystok.pl\/?page_id=2599"},"modified":"2019-04-15T19:47:13","modified_gmt":"2019-04-15T19:47:13","slug":"2599-2","status":"publish","type":"page","link":"https:\/\/hubertpietka.bialystok.pl\/?page_id=2599","title":{"rendered":"***"},"content":{"rendered":"<p><em><strong>***<\/strong><\/em><br \/>\nWszystko czego potrzebujemy<br \/>\nTo jedno s\u0142owo<br \/>\nMi\u0142o\u015b\u0107<\/p>\n<p>Nic wi\u0119cej nie ma<br \/>\nNic wi\u0119cej nie trzeba<\/p>\n<h1 class=\"title style-scope ytd-video-primary-info-renderer\" style=\"text-align: center;\"><a href=\"https:\/\/www.youtube.com\/watch?v=wFL6X_etcfw\"><em>Siewcy Lednicy &#8211; Id\u017a i kochaj!<\/em><\/a><\/h1>\n<p style=\"text-align: center;\">\ud83d\ude42<\/p>\n","protected":false},"excerpt":{"rendered":"<p>*** Wszystko czego potrzebujemy To jedno s\u0142owo Mi\u0142o\u015b\u0107 Nic wi\u0119cej nie ma Nic wi\u0119cej nie trzeba Siewcy Lednicy &#8211; Id\u017a i kochaj! \ud83d\ude42<\/p>\n","protected":false},"author":1,"featured_media":0,"parent":0,"menu_order":0,"comment_status":"closed","ping_status":"closed","template":"","meta":{"footnotes":""},"class_list":["post-2599","page","type-page","status-publish","hentry"],"_links":{"self":[{"href":"https:\/\/hubertpietka.bialystok.pl\/index.php?rest_route=\/wp\/v2\/pages\/2599","targetHints":{"allow":["GET"]}}],"collection":[{"href":"https:\/\/hubertpietka.bialystok.pl\/index.php?rest_route=\/wp\/v2\/pages"}],"about":[{"href":"https:\/\/hubertpietka.bialystok.pl\/index.php?rest_route=\/wp\/v2\/types\/page"}],"author":[{"embeddable":true,"href":"https:\/\/hubertpietka.bialystok.pl\/index.php?rest_route=\/wp\/v2\/users\/1"}],"replies":[{"embeddable":true,"href":"https:\/\/hubertpietka.bialystok.pl\/index.php?rest_route=%2Fwp%2Fv2%2Fcomments&post=2599"}],"version-history":[{"count":5,"href":"https:\/\/hubertpietka.bialystok.pl\/index.php?rest_route=\/wp\/v2\/pages\/2599\/revisions"}],"predecessor-version":[{"id":2604,"href":"https:\/\/hubertpietka.bialystok.pl\/index.php?rest_route=\/wp\/v2\/pages\/2599\/revisions\/2604"}],"wp:attachment":[{"href":"https:\/\/hubertpietka.bialystok.pl\/index.php?rest_route=%2Fwp%2Fv2%2Fmedia&parent=2599"}],"curies":[{"name":"wp","href":"https:\/\/api.w.org\/{rel}","templated":true}]}}