{"id":265,"date":"2017-01-18T21:33:02","date_gmt":"2017-01-18T21:33:02","guid":{"rendered":"http:\/\/hubertpietka.bialystok.pl\/?page_id=265"},"modified":"2017-01-18T21:33:02","modified_gmt":"2017-01-18T21:33:02","slug":"byle-jaki-czlowiek","status":"publish","type":"page","link":"https:\/\/hubertpietka.bialystok.pl\/?page_id=265","title":{"rendered":"Byle jaki cz\u0142owiek"},"content":{"rendered":"<p><strong>Byle jaki cz\u0142owiek<\/strong><\/p>\n<p>&nbsp;<\/p>\n<p>kiedy\u015b chcia\u0142em by\u0107<\/p>\n<p>wspania\u0142y<\/p>\n<p>najlepszy we wszystkim<\/p>\n<p>perfekcyjny<\/p>\n<p>czasem nawet udawa\u0142o si\u0119<\/p>\n<p>i co z tego<\/p>\n<p>&nbsp;<\/p>\n<p>co jest tre\u015bci\u0105 \u017cycia<\/p>\n<p>t\u0105 tkank\u0105<\/p>\n<p>najprawdziwsz\u0105<\/p>\n<p>przenikaj\u0105c\u0105 na wskro\u015b<\/p>\n<p>co jest celem<\/p>\n<p>jedynym zupe\u0142nym<\/p>\n<p>&nbsp;<\/p>\n<p>byle-jaki-cz\u0142owiek<\/p>\n<p>czy nie id\u0119 gdzie\u015b obok<\/p>\n<p>tego co najoczywistsze<\/p>\n<p>dlatego tak trudne<\/p>\n<p>czy nie pomijam<\/p>\n<p>prawdy istoty<\/p>\n<p>&nbsp;<\/p>\n<p>byle jaki cz\u0142owiek<\/p>\n<p>nie chc\u0119 ju\u017c by\u0107 taki-byle-jaki<\/p>\n<p>lecz dosi\u0119gn\u0105\u0107 i zrealizowa\u0107 siebie<\/p>\n<p>tak jak powinienem<\/p>\n<p>wtedy nie b\u0119d\u0119 byle jaki cz\u0142owiek<\/p>\n<p>lecz do b\u00f3lu realny<\/p>\n","protected":false},"excerpt":{"rendered":"<p>Byle jaki cz\u0142owiek &nbsp; kiedy\u015b chcia\u0142em by\u0107 wspania\u0142y najlepszy we wszystkim perfekcyjny czasem nawet udawa\u0142o si\u0119 i co z tego &nbsp; co jest tre\u015bci\u0105 \u017cycia&hellip; <\/p>\n","protected":false},"author":1,"featured_media":0,"parent":0,"menu_order":0,"comment_status":"closed","ping_status":"closed","template":"","meta":{"footnotes":""},"class_list":["post-265","page","type-page","status-publish","hentry"],"_links":{"self":[{"href":"https:\/\/hubertpietka.bialystok.pl\/index.php?rest_route=\/wp\/v2\/pages\/265","targetHints":{"allow":["GET"]}}],"collection":[{"href":"https:\/\/hubertpietka.bialystok.pl\/index.php?rest_route=\/wp\/v2\/pages"}],"about":[{"href":"https:\/\/hubertpietka.bialystok.pl\/index.php?rest_route=\/wp\/v2\/types\/page"}],"author":[{"embeddable":true,"href":"https:\/\/hubertpietka.bialystok.pl\/index.php?rest_route=\/wp\/v2\/users\/1"}],"replies":[{"embeddable":true,"href":"https:\/\/hubertpietka.bialystok.pl\/index.php?rest_route=%2Fwp%2Fv2%2Fcomments&post=265"}],"version-history":[{"count":1,"href":"https:\/\/hubertpietka.bialystok.pl\/index.php?rest_route=\/wp\/v2\/pages\/265\/revisions"}],"predecessor-version":[{"id":266,"href":"https:\/\/hubertpietka.bialystok.pl\/index.php?rest_route=\/wp\/v2\/pages\/265\/revisions\/266"}],"wp:attachment":[{"href":"https:\/\/hubertpietka.bialystok.pl\/index.php?rest_route=%2Fwp%2Fv2%2Fmedia&parent=265"}],"curies":[{"name":"wp","href":"https:\/\/api.w.org\/{rel}","templated":true}]}}