{"id":2662,"date":"2019-06-13T13:47:11","date_gmt":"2019-06-13T13:47:11","guid":{"rendered":"http:\/\/hubertpietka.bialystok.pl\/?page_id=2662"},"modified":"2019-06-13T14:27:26","modified_gmt":"2019-06-13T14:27:26","slug":"fachowiec-a-fach-owiec","status":"publish","type":"page","link":"https:\/\/hubertpietka.bialystok.pl\/?page_id=2662","title":{"rendered":"Fachowiec \/ a fach owiec"},"content":{"rendered":"<p><strong><em>Fachowiec \/ a fach owiec<\/em><\/strong><\/p>\n<p>Jaki jest fach owiec<br \/>\nTrzymanie si\u0119 blisko<br \/>\nGdzie jest Pasterz<br \/>\nCzyli Fachowiec<\/p>\n<p>Fach owiec<br \/>\nTo nie jest bynajmniej<br \/>\nFoch owiec<\/p>\n<p>Si\u0119 od Pasterza oddalanie<br \/>\nCho\u0107 Fachowiec<br \/>\nSzuka swych owiec nieustannie<\/p>\n<p>Fach owiec<br \/>\nTo czynno\u015bci te\u017c r\u00f3\u017cne<br \/>\nKt\u00f3re owce podejmuj\u0105<br \/>\nLecz zawsze pod opiek\u0105 Pa\u0144sk\u0105<\/p>\n<p><em>Na zdj. \u015awi\u0119ta Rodzina z Nazaretu \/<\/em><br \/>\n<em> W\u015br\u00f3d niej \u015bw. J\u00f3zef Rzemie\u015blnik \/<\/em><br \/>\n<em> To fachowiec tak\u017ce &#8211; jak sama nazwa wskazuje \/<\/em><br \/>\n<em> Jak i inni \u015bwieci &#8211; od rzeczy r\u00f3\u017cnych.<\/em><\/p>\n<p><img decoding=\"async\" src=\"https:\/\/pbs.twimg.com\/media\/D88qyo_XsAAiMox.jpg\" alt=\"\" data-aria-label-part=\"\" \/><\/p>\n<p style=\"text-align: center;\"><a href=\"https:\/\/www.youtube.com\/watch?v=c4io76P24I4\"><em><strong>Oto s\u0105 baranki m\u0142ode<\/strong><\/em><\/a><\/p>\n","protected":false},"excerpt":{"rendered":"<p>Fachowiec \/ a fach owiec Jaki jest fach owiec Trzymanie si\u0119 blisko Gdzie jest Pasterz Czyli Fachowiec Fach owiec To nie jest bynajmniej Foch owiec&hellip; <\/p>\n","protected":false},"author":1,"featured_media":0,"parent":0,"menu_order":0,"comment_status":"closed","ping_status":"closed","template":"","meta":{"footnotes":""},"class_list":["post-2662","page","type-page","status-publish","hentry"],"_links":{"self":[{"href":"https:\/\/hubertpietka.bialystok.pl\/index.php?rest_route=\/wp\/v2\/pages\/2662","targetHints":{"allow":["GET"]}}],"collection":[{"href":"https:\/\/hubertpietka.bialystok.pl\/index.php?rest_route=\/wp\/v2\/pages"}],"about":[{"href":"https:\/\/hubertpietka.bialystok.pl\/index.php?rest_route=\/wp\/v2\/types\/page"}],"author":[{"embeddable":true,"href":"https:\/\/hubertpietka.bialystok.pl\/index.php?rest_route=\/wp\/v2\/users\/1"}],"replies":[{"embeddable":true,"href":"https:\/\/hubertpietka.bialystok.pl\/index.php?rest_route=%2Fwp%2Fv2%2Fcomments&post=2662"}],"version-history":[{"count":6,"href":"https:\/\/hubertpietka.bialystok.pl\/index.php?rest_route=\/wp\/v2\/pages\/2662\/revisions"}],"predecessor-version":[{"id":2671,"href":"https:\/\/hubertpietka.bialystok.pl\/index.php?rest_route=\/wp\/v2\/pages\/2662\/revisions\/2671"}],"wp:attachment":[{"href":"https:\/\/hubertpietka.bialystok.pl\/index.php?rest_route=%2Fwp%2Fv2%2Fmedia&parent=2662"}],"curies":[{"name":"wp","href":"https:\/\/api.w.org\/{rel}","templated":true}]}}