{"id":2673,"date":"2019-06-28T09:38:50","date_gmt":"2019-06-28T09:38:50","guid":{"rendered":"http:\/\/hubertpietka.bialystok.pl\/?page_id=2673"},"modified":"2019-06-28T09:47:28","modified_gmt":"2019-06-28T09:47:28","slug":"mowienie-mowie-nie","status":"publish","type":"page","link":"https:\/\/hubertpietka.bialystok.pl\/?page_id=2673","title":{"rendered":"M\u00f3wienie \/ m\u00f3wi\u0119 nie"},"content":{"rendered":"<p><strong><em>M\u00f3wienie \/ m\u00f3wi\u0119 nie<\/em><\/strong><\/p>\n<p>M\u00f3wi\u0119 nie<br \/>\nTemu co z\u0142e<br \/>\nCo k\u0142amliwe ob\u0142udne podle<br \/>\nM\u00f3wi\u0119 nie<\/p>\n<p>M\u00f3wi\u0119 nie<br \/>\nKiedy m\u00f3wienie<br \/>\nPrawd\u0119 dobra omija<br \/>\nA s\u0142u\u017cy z\u0142ym celom<\/p>\n<p>M\u00f3wienie<br \/>\nJasne proste czyste<br \/>\nPodnosi wy\u017cej<\/p>\n<p>M\u00f3wi\u0119 nie<br \/>\nMowie pod\u0142ej z\u0142ej<br \/>\nFa\u0142szywej<\/p>\n<p>Wadze chybionej<br \/>\nKt\u00f3ra swoj\u0105 miar\u0105<br \/>\nMierzy s\u0142owa<\/p>\n<p>A nie wed\u0142ug<br \/>\nPrawide\u0142 warto\u015bci<br \/>\nNieprzemijaj\u0105cych<\/p>\n<p><em>Na zdj. Zach\u00f3d s\u0142o\u0144ca nad \u017bytni\u0105 \/<\/em><br \/>\n<em> Przyroda maluje najpi\u0119kniej \/<\/em><br \/>\n<em> Prawda jest rzecz\u0105 najlepsz\u0105 \/<\/em><br \/>\n<em> Prost\u0105, klarown\u0105 i dobr\u0105.<\/em><\/p>\n<p><img decoding=\"async\" src=\"https:\/\/pbs.twimg.com\/media\/D-I6DjiXUAITZu7.jpg\" alt=\"\" data-aria-label-part=\"\" \/><\/p>\n<h1 class=\"title style-scope ytd-video-primary-info-renderer\" style=\"text-align: center;\"><a href=\"https:\/\/www.youtube.com\/watch?v=KDg9XpwZZaA\"><em>Maleo Reggae Rockers &#8211; Nie M\u00f3w Nie<\/em><\/a><em> \ud83d\ude42<\/em><\/h1>\n","protected":false},"excerpt":{"rendered":"<p>M\u00f3wienie \/ m\u00f3wi\u0119 nie M\u00f3wi\u0119 nie Temu co z\u0142e Co k\u0142amliwe ob\u0142udne podle M\u00f3wi\u0119 nie M\u00f3wi\u0119 nie Kiedy m\u00f3wienie Prawd\u0119 dobra omija A s\u0142u\u017cy z\u0142ym&hellip; <\/p>\n","protected":false},"author":1,"featured_media":0,"parent":0,"menu_order":0,"comment_status":"closed","ping_status":"closed","template":"","meta":{"footnotes":""},"class_list":["post-2673","page","type-page","status-publish","hentry"],"_links":{"self":[{"href":"https:\/\/hubertpietka.bialystok.pl\/index.php?rest_route=\/wp\/v2\/pages\/2673","targetHints":{"allow":["GET"]}}],"collection":[{"href":"https:\/\/hubertpietka.bialystok.pl\/index.php?rest_route=\/wp\/v2\/pages"}],"about":[{"href":"https:\/\/hubertpietka.bialystok.pl\/index.php?rest_route=\/wp\/v2\/types\/page"}],"author":[{"embeddable":true,"href":"https:\/\/hubertpietka.bialystok.pl\/index.php?rest_route=\/wp\/v2\/users\/1"}],"replies":[{"embeddable":true,"href":"https:\/\/hubertpietka.bialystok.pl\/index.php?rest_route=%2Fwp%2Fv2%2Fcomments&post=2673"}],"version-history":[{"count":5,"href":"https:\/\/hubertpietka.bialystok.pl\/index.php?rest_route=\/wp\/v2\/pages\/2673\/revisions"}],"predecessor-version":[{"id":2679,"href":"https:\/\/hubertpietka.bialystok.pl\/index.php?rest_route=\/wp\/v2\/pages\/2673\/revisions\/2679"}],"wp:attachment":[{"href":"https:\/\/hubertpietka.bialystok.pl\/index.php?rest_route=%2Fwp%2Fv2%2Fmedia&parent=2673"}],"curies":[{"name":"wp","href":"https:\/\/api.w.org\/{rel}","templated":true}]}}