{"id":2680,"date":"2019-06-28T09:58:02","date_gmt":"2019-06-28T09:58:02","guid":{"rendered":"http:\/\/hubertpietka.bialystok.pl\/?page_id=2680"},"modified":"2019-06-28T10:10:37","modified_gmt":"2019-06-28T10:10:37","slug":"ofiarowanie","status":"publish","type":"page","link":"https:\/\/hubertpietka.bialystok.pl\/?page_id=2680","title":{"rendered":"Ofiarowanie"},"content":{"rendered":"<p><strong><em>Ofiarowanie<\/em><\/strong><\/p>\n<p>Ofiarowuj\u0119 Ci, Maryjo:<br \/>\nTwoje Niepokalane Pocz\u0119cie i \u017cycie bezgrzeszne<br \/>\nTwoje przebywanie z Jezusem Dzieci\u0119ciem<br \/>\nTwoje rozwa\u017cania Jezusa nauczania<br \/>\nTwoje z Nim wsp\u00f3\u0142cierpienie i wsp\u00f3\u0142odkupienie<br \/>\nTwoje wniebowzi\u0119cie i z Jezusem wsp\u00f3\u0142kr\u00f3lowanie.<br \/>\nOfiarowuj\u0119 Tobie, Maryjo nasza Pani<br \/>\n&#8211; za wszystko i wszystkich.<br \/>\nAmen!<\/p>\n<p><strong>W \u015awi\u0119to Matki Bo\u017cej Nieustaj\u0105cej Pomocy pisano,<\/strong><br \/>\n<strong> By cze\u015b\u0107 Maryi oddawa\u0107 nieustannie.<\/strong><br \/>\n<img decoding=\"async\" src=\"https:\/\/pbs.twimg.com\/media\/D-I2gujWkAAh2Ev.jpg\" alt=\"\" data-aria-label-part=\"\" \/><\/p>\n<p><em>Na zdj. Matka Bo\u017ca Pomocy Nieustaj\u0105cej &#8211; w bia\u0142ostockim ko\u015bciele: Zmartwychwstanie Pa\u0144skie.<\/em><\/p>\n<h1 class=\"title style-scope ytd-video-primary-info-renderer\" style=\"text-align: center;\"><a href=\"https:\/\/www.youtube.com\/watch?v=_OKhWx24xP0\"><em>Razem za Jezusem &#8211; Dzi\u0119ki Ci Maryjo (Thanking blessed Mary)<\/em><\/a><\/h1>\n","protected":false},"excerpt":{"rendered":"<p>Ofiarowanie Ofiarowuj\u0119 Ci, Maryjo: Twoje Niepokalane Pocz\u0119cie i \u017cycie bezgrzeszne Twoje przebywanie z Jezusem Dzieci\u0119ciem Twoje rozwa\u017cania Jezusa nauczania Twoje z Nim wsp\u00f3\u0142cierpienie i wsp\u00f3\u0142odkupienie&hellip; <\/p>\n","protected":false},"author":1,"featured_media":0,"parent":0,"menu_order":0,"comment_status":"closed","ping_status":"closed","template":"","meta":{"footnotes":""},"class_list":["post-2680","page","type-page","status-publish","hentry"],"_links":{"self":[{"href":"https:\/\/hubertpietka.bialystok.pl\/index.php?rest_route=\/wp\/v2\/pages\/2680","targetHints":{"allow":["GET"]}}],"collection":[{"href":"https:\/\/hubertpietka.bialystok.pl\/index.php?rest_route=\/wp\/v2\/pages"}],"about":[{"href":"https:\/\/hubertpietka.bialystok.pl\/index.php?rest_route=\/wp\/v2\/types\/page"}],"author":[{"embeddable":true,"href":"https:\/\/hubertpietka.bialystok.pl\/index.php?rest_route=\/wp\/v2\/users\/1"}],"replies":[{"embeddable":true,"href":"https:\/\/hubertpietka.bialystok.pl\/index.php?rest_route=%2Fwp%2Fv2%2Fcomments&post=2680"}],"version-history":[{"count":3,"href":"https:\/\/hubertpietka.bialystok.pl\/index.php?rest_route=\/wp\/v2\/pages\/2680\/revisions"}],"predecessor-version":[{"id":2683,"href":"https:\/\/hubertpietka.bialystok.pl\/index.php?rest_route=\/wp\/v2\/pages\/2680\/revisions\/2683"}],"wp:attachment":[{"href":"https:\/\/hubertpietka.bialystok.pl\/index.php?rest_route=%2Fwp%2Fv2%2Fmedia&parent=2680"}],"curies":[{"name":"wp","href":"https:\/\/api.w.org\/{rel}","templated":true}]}}